Southwest Florida Weather History, Yearly, Monthly, Daily, Records
 Click here to register!Home | Advertise | Forum | Live Webcams | Contact Us | Tell a Friend | Your Account  

Lee County Forecast & Temp
Tonight

Tonight: Partly cloudy, with a low around 65. Light and variable wind becoming east 5 to 7 mph after midnight.
Partly Cloudy
Washington's
Birthday
Washington's Birthday: Mostly sunny, with a high near 84. East wind 8 to 13 mph.
Mostly Sunny
Lo 65 °FHi 84 °F
Extended Forecast
Florida Weather Forecast

Southwest Florida Webcams

Main Navigation
Weather
· Home
· Current Conditions
· Storm Warnings
· Station Graphs
· Storm Fronts
· Station History
· Drought Index
· Storm Reports
· Rainfall Estimates
· Fire Graphs

Doppler Radar
· Lee County
· Charlotte County
· Collier County
· Hendry County
· Desoto County
· Glades County
· Sarasota County
· Manatee County
· Hillsborough County
· Pinellas County
· Pasco County
· Southwest Florida
· Florida
· State Radars
· National

Satellite
· South Florida
· North Florida
· Regional
· National

Forecast
· Extended
· Marine
· Discussion
· Florida Forecast
· Hazardous Outlook
· Wave Heights
· Fire

Lightning
· Live
· Tracker
· Loop
· Network
· WASP
· WASP Loop

Tropical Weather
· Hurricane Tracker
· Tropical Satellite
· Sea Temperature
· Discussion
· Buoy Data
· Tracking Tools
· Monthly Summary

Moon and Tides
· Tides
· Moon Phase

Live Products

Fishing Reports

Local News

Other Info

  
 

Southwest Florida Monthly and Yearly Weather Reports

2018: Jan | Feb | Mar | Apr | May | Jun | Jul | Aug | Sep | Oct | Nov | Dec 
2017: Jan | Feb | Mar | Apr | May | Jun | Jul | Aug | Sep | Oct | Nov | Dec 
2016: Jan | Feb | Mar | Apr | May | Jun | Jul | Aug | Sep | Oct | Nov | Dec 
2015: Jan | Feb | Mar | Apr | May | Jun | Jul | Aug | Sep | Oct | Nov | Dec 
2014: Jan | Feb | Mar | Apr | May | Jun | Jul | Aug | Sep | Oct | Nov | Dec 
2013: Jan | Feb | Mar | Apr | May | Jun | Jul | Aug | Sep | Oct | Nov | Dec 
2012: Jan | Feb | Mar | Apr | May | Jun | Jul | Aug | Sep | Oct | Nov | Dec 
2011: Jan | Feb | Mar | Apr | May | Jun | Jul | Aug | Sep | Oct | Nov | Dec 
2010: Jan | Feb | Mar | Apr | May | Jun | Jul | Aug | Sep | Oct | Nov | Dec 
2009: Jan | Feb | Mar | Apr | May | Jun | Jul | Aug | Sep | Oct | Nov | Dec 
2008: Jan | Feb | Mar | Apr | May | Jun | Jul | Aug | Sep | Oct | Nov | Dec 
2007: Jan | Feb | Mar | Apr | May | Jun | Jul | Aug | Sep | Oct | Nov | Dec 
2006: Jan | Feb | Mar | Apr | May | Jun | Jul | Aug | Sep | Oct | Nov | Dec 
2005: Jan | Feb | Mar | Apr | May | Jun | Jul | Aug | Sep | Oct | Nov | Dec 

Report for 2005 05
MONTHLY CLIMATOLOGICAL SUMMARY FOR 5/2005 HEAT COOL MEAN DEG DEG WIND SPEED DOM MEAN MEAN DAY TEMP HIGH TIME LOW TIME DAYS DAYS RAIN AVG HI TIME DIR BAROM HUM --------------------------------------------------------------------------------------- 1 74.8 79.2 4:08pm 67.4 8:29am 0 10 0.52 5 27 8:15am SE 29.97 84 2 77.7 87.6 12:30pm 71.3 6:53am 0 13 0.00 3 17 12:55pm WNW 29.96 76 3 78.4 94.0 3:21pm 71.1 5:04am 0 13 0.00 3 20 8:03pm ESE 30.00 74 4 73.9 82.0 12:34pm 68.4 3:49pm 0 9 0.23 3 28 3:37pm ESE 30.05 86 5 74.6 82.2 5:02pm 69.4 2:20am 0 9 0.01 4 23 2:27pm ESE 30.04 81 6 73.0 79.4 4:42pm 67.8 11:59pm 0 8 0.00 5 20 9:51am N 30.02 74 7 72.2 86.5 5:08pm 59.9 6:28am 1 8 0.00 4 16 6:17pm NNE 30.08 66 8 75.3 87.0 5:18pm 66.0 6:46am 0 10 0.00 3 15 10:37am ESE 30.06 59 9 76.2 89.9 2:11pm 67.1 6:37am 0 11 0.00 4 16 1:39am SE 30.04 60 10 76.5 88.0 12:46pm 69.1 7:09am 0 11 0.00 4 18 5:15pm SE 30.02 65 11 76.3 89.3 1:54pm 68.9 10:25pm 0 11 0.00 3 17 6:59pm W 30.01 68 12 77.1 86.5 1:11pm 68.6 7:01am 0 11 0.00 4 17 9:58am E 30.06 61 13 76.0 86.7 3:27pm 65.2 6:26am 0 11 0.00 4 17 1:41pm E 30.05 62 14 76.4 90.3 2:19pm 67.8 6:52am 0 11 0.91 4 17 2:40pm E 29.98 66 15 77.6 91.4 2:37pm 69.8 6:42am 0 13 0.01 4 18 4:14pm WNW 29.91 67 16 78.1 89.7 1:57pm 70.9 6:32am 0 13 0.00 4 17 4:03pm W 29.89 70 17 79.7 90.3 1:55pm 71.5 6:52am 0 15 0.00 4 19 5:21pm ESE 29.90 68 18 79.7 88.6 2:23pm 70.8 6:32am 0 15 0.00 4 16 1:11pm E 29.91 68 19 78.6 88.6 3:58pm 69.6 5:46am 0 13 0.00 4 18 5:28pm E 29.92 66 20 78.7 91.6 1:29pm 70.8 6:50am 0 14 0.00 4 17 6:00pm E 29.88 71 21 78.5 87.0 12:53pm 72.5 6:21am 0 13 0.00 5 19 5:02pm WNW 29.84 73 22 79.4 90.3 2:20pm 73.0 8:43am 0 14 0.52 4 18 3:38pm NW 29.86 77 23 78.8 90.5 11:59am 72.8 6:34am 0 13 0.00 4 20 2:59pm WNW 29.85 76 24 78.4 83.8 1:46pm 73.2 6:03am 0 13 0.00 8 24 1:26pm WNW 29.80 78 25 80.4 88.2 3:27pm 74.6 11:24pm 0 28 0.00 10 25 5:15pm W 29.78 79 26 79.3 91.4 12:32pm 71.1 4:47am 0 14 0.00 3 17 3:56pm W 29.88 75 27 80.4 91.4 3:10pm 72.3 5:21am 0 15 0.00 3 17 3:26pm W 29.97 73 28 81.7 92.7 3:06pm 74.0 5:56am 0 17 0.00 3 15 2:35pm W 29.99 71 29 82.8 94.9 1:51pm 73.9 6:18am 0 18 0.00 3 14 2:49pm NW 29.97 66 30 83.9 95.4 2:57pm 74.9 6:50am 0 19 0.00 2 15 4:43pm S 29.92 70 31 80.0 89.9 6:19pm 71.3 8:26am 0 15 1.33 4 33 7:59am ESE 29.90 75 --------------------------------------------------------------------------------------- TOT 77.9 95.4 5/30/05 59.9 5/7/05 1 408 3.53 4 33 5/31/05 WNW 29.95 71 HEAT BASE: 65.0 COOL BASE: 65.0
 
  
Hurricane Tracker

Hurricane Tracker
Hurricane Tracker
2017 Storm Tracker Forum


Atlantic Storms
No Storms


Sponsored Links

Recent Forum Posts

New Post
Fishing Report Feb 17 2018
Posted by
captruss on Feb 17, 2018 at 09:41:35 AM


New Post
Water Temperature is Everything
Posted by
captruss on Feb 09, 2018 at 06:39:09 AM


***FORUM RULES***

Member Login
Username

Password


Join For Free!!
Click here to Register!

Total Hits
We received
81481049
page views since June 2005

Sponsored Links

Social Networks

Southwest Florida Weather | Central Florida Weather | Florida Weather

Cape Coral | Fort Myers | Bonita Springs | Naples | Punta Gorda | Port Charlotte | Estero | Sanibel | Lehigh Acres | Captiva | Pine Island | Bokeelia | St. James City | Alva | Arcadia | Labelle | Clewiston | Venice

Lee County | Charlotte County | Collier County | Hendry County | Desoto County
Glades County | Monroe County | Sarasota County | Manatee County
Hillsborough County | Pinellas County | Pasco County

Recommend us




Copyright Capeweather.com 2005-2017

DO NOT make decisions that affect life or property based on this data!
PHP-Nuke Copyright © 2004 by Francisco Burzi. This is free software, and you may redistribute it under the GPL. PHP-Nuke comes with absolutely no warranty, for details, see the license.
Page Generation: 0.28 Seconds