Southwest Florida Weather History, Yearly, Monthly, Daily, Records
 Click here to register!Home | Advertise | Forum | Live Webcams | Contact Us | Tell a Friend | Your Account  

Lee County Forecast & Temp
Tonight

Tonight: Partly cloudy, with a low around 65. Light and variable wind becoming east 5 to 7 mph after midnight.
Partly Cloudy
Washington's
Birthday
Washington's Birthday: Mostly sunny, with a high near 84. East wind 8 to 13 mph.
Mostly Sunny
Lo 65 °FHi 84 °F
Extended Forecast
Florida Weather Forecast

Southwest Florida Webcams

Main Navigation
Weather
· Home
· Current Conditions
· Storm Warnings
· Station Graphs
· Storm Fronts
· Station History
· Drought Index
· Storm Reports
· Rainfall Estimates
· Fire Graphs

Doppler Radar
· Lee County
· Charlotte County
· Collier County
· Hendry County
· Desoto County
· Glades County
· Sarasota County
· Manatee County
· Hillsborough County
· Pinellas County
· Pasco County
· Southwest Florida
· Florida
· State Radars
· National

Satellite
· South Florida
· North Florida
· Regional
· National

Forecast
· Extended
· Marine
· Discussion
· Florida Forecast
· Hazardous Outlook
· Wave Heights
· Fire

Lightning
· Live
· Tracker
· Loop
· Network
· WASP
· WASP Loop

Tropical Weather
· Hurricane Tracker
· Tropical Satellite
· Sea Temperature
· Discussion
· Buoy Data
· Tracking Tools
· Monthly Summary

Moon and Tides
· Tides
· Moon Phase

Live Products

Fishing Reports

Local News

Other Info

  
 

Southwest Florida Monthly and Yearly Weather Reports

2018: Jan | Feb | Mar | Apr | May | Jun | Jul | Aug | Sep | Oct | Nov | Dec 
2017: Jan | Feb | Mar | Apr | May | Jun | Jul | Aug | Sep | Oct | Nov | Dec 
2016: Jan | Feb | Mar | Apr | May | Jun | Jul | Aug | Sep | Oct | Nov | Dec 
2015: Jan | Feb | Mar | Apr | May | Jun | Jul | Aug | Sep | Oct | Nov | Dec 
2014: Jan | Feb | Mar | Apr | May | Jun | Jul | Aug | Sep | Oct | Nov | Dec 
2013: Jan | Feb | Mar | Apr | May | Jun | Jul | Aug | Sep | Oct | Nov | Dec 
2012: Jan | Feb | Mar | Apr | May | Jun | Jul | Aug | Sep | Oct | Nov | Dec 
2011: Jan | Feb | Mar | Apr | May | Jun | Jul | Aug | Sep | Oct | Nov | Dec 
2010: Jan | Feb | Mar | Apr | May | Jun | Jul | Aug | Sep | Oct | Nov | Dec 
2009: Jan | Feb | Mar | Apr | May | Jun | Jul | Aug | Sep | Oct | Nov | Dec 
2008: Jan | Feb | Mar | Apr | May | Jun | Jul | Aug | Sep | Oct | Nov | Dec 
2007: Jan | Feb | Mar | Apr | May | Jun | Jul | Aug | Sep | Oct | Nov | Dec 
2006: Jan | Feb | Mar | Apr | May | Jun | Jul | Aug | Sep | Oct | Nov | Dec 
2005: Jan | Feb | Mar | Apr | May | Jun | Jul | Aug | Sep | Oct | Nov | Dec 

Report for 2006 01
MONTHLY CLIMATOLOGICAL SUMMARY FOR 1/2006 HEAT COOL MEAN DEG DEG WIND SPEED DOM MEAN MEAN DAY TEMP HIGH TIME LOW TIME DAYS DAYS RAIN AVG HI TIME DIR BAROM HUM --------------------------------------------------------------------------------------- 1 70.8 80.5 1:46pm 64.3 12:00am 0 6 0.02 2 14 3:39pm SE 30.07 88 2 71.6 79.4 12:28pm 66.9 6:56am 0 7 0.01 4 26 2:40pm SE 30.08 85 3 71.0 81.6 12:49pm 62.1 11:59pm 0 6 0.04 4 22 1:05pm NW 30.04 87 4 64.1 75.6 11:57am 57.5 7:19am 3 2 0.01 3 14 3:39pm NW 30.04 76 5 63.5 73.9 1:20pm 53.3 6:54am 4 2 0.00 2 17 1:43pm WSW 29.93 82 6 59.2 67.8 12:55am 48.5 11:59pm 6 0 0.02 11 32 3:31pm NW 29.95 64 7 49.5 58.1 2:25pm 41.3 7:18am 15 0 0.00 4 22 3:48pm N 30.20 68 8 53.6 68.9 3:27pm 43.1 4:34am 12 0 0.00 1 9 10:24am NNE 30.28 63 9 62.9 77.7 1:23pm 48.6 6:54am 5 3 0.00 1 14 12:29pm ENE 30.30 64 10 67.1 80.1 2:53pm 56.9 6:56am 2 4 0.00 1 12 12:43pm NNE 30.24 78 11 69.1 82.8 12:59pm 59.9 4:05am 1 5 0.00 1 12 10:54am SW 30.13 77 12 70.0 82.8 3:21pm 59.6 6:00am 1 6 0.00 1 13 1:48pm E 30.06 77 13 70.7 80.1 12:55pm 65.0 6:40am 0 6 0.00 2 19 12:29pm S 29.99 86 14 61.6 70.8 12:00am 58.1 11:40pm 4 0 0.05 18 42 10:29am NW 29.96 62 15 55.2 65.3 2:58pm 46.5 7:22am 10 0 0.00 5 24 12:00am N 30.07 55 16 58.6 72.1 12:55pm 47.0 5:20am 7 1 0.00 2 16 12:01pm SE 30.06 70 17 67.7 76.8 1:35pm 58.1 5:53am 2 5 0.01 7 27 11:35am SE 29.99 79 18 60.9 69.8 12:00am 47.1 11:58pm 4 0 0.16 8 33 2:18am N 30.24 64 19 60.3 76.0 3:32pm 44.1 3:27am 8 3 0.00 4 17 7:56am NNE 30.29 68 20 71.5 82.6 3:43pm 64.8 2:32am 0 7 0.00 2 15 12:44pm E 30.20 78 21 73.8 84.5 2:40pm 65.8 4:27am 0 9 0.00 2 12 9:52am E 30.20 75 22 73.9 83.8 3:34pm 67.6 7:03am 0 9 0.00 3 17 11:32am E 30.19 79 23 73.7 84.1 12:53pm 68.1 11:56pm 0 18 0.00 3 20 9:38am E 30.11 79 24 71.4 83.4 1:54pm 64.3 6:05am 0 6 0.00 3 16 3:06pm NW 30.07 84 25 65.1 72.5 3:39pm 55.3 11:56pm 2 2 0.00 6 22 9:10am N 30.15 62 26 60.3 73.0 3:27pm 47.6 7:41am 6 2 0.00 4 17 1:40am NNE 30.27 56 27 61.6 72.0 2:08pm 51.1 6:37am 5 1 0.00 3 22 3:07pm ENE 30.39 66 28 65.3 76.8 2:15pm 54.1 6:11am 3 3 0.00 2 18 12:58pm E 30.31 67 29 67.9 77.4 1:12pm 60.4 3:33am 1 4 0.00 3 19 4:02pm SSE 30.13 76 30 69.8 79.9 2:10pm 64.8 7:35am 0 5 0.00 3 19 10:53am SSE 29.98 80 31 66.1 73.3 1:27pm 55.0 11:58pm 2 3 0.00 5 21 6:44am N 29.99 64 --------------------------------------------------------------------------------------- TOT 65.4 84.5 1/21/06 41.3 1/7/06 102 125 0.32 4 42 1/14/06 N 30.13 73 HEAT BASE: 65.0 COOL BASE: 65.0
 
  
Hurricane Tracker

Hurricane Tracker
Hurricane Tracker
2017 Storm Tracker Forum


Atlantic Storms
No Storms


Sponsored Links

Recent Forum Posts

New Post
Fishing Report Feb 17 2018
Posted by
captruss on Feb 17, 2018 at 09:41:35 AM


New Post
Water Temperature is Everything
Posted by
captruss on Feb 09, 2018 at 06:39:09 AM


***FORUM RULES***

Member Login
Username

Password


Join For Free!!
Click here to Register!

Total Hits
We received
81481331
page views since June 2005

Sponsored Links

Social Networks

Southwest Florida Weather | Central Florida Weather | Florida Weather

Cape Coral | Fort Myers | Bonita Springs | Naples | Punta Gorda | Port Charlotte | Estero | Sanibel | Lehigh Acres | Captiva | Pine Island | Bokeelia | St. James City | Alva | Arcadia | Labelle | Clewiston | Venice

Lee County | Charlotte County | Collier County | Hendry County | Desoto County
Glades County | Monroe County | Sarasota County | Manatee County
Hillsborough County | Pinellas County | Pasco County

Recommend us




Copyright Capeweather.com 2005-2017

DO NOT make decisions that affect life or property based on this data!
PHP-Nuke Copyright © 2004 by Francisco Burzi. This is free software, and you may redistribute it under the GPL. PHP-Nuke comes with absolutely no warranty, for details, see the license.
Page Generation: 0.22 Seconds