Southwest Florida Weather History, Yearly, Monthly, Daily, Records
 Click here to register!Home | Advertise | Forum | Live Webcams | Contact Us | Tell a Friend | Your Account  

Lee County Forecast & Temp
Tonight

Tonight: A 20 percent chance of showers before 10pm.  Mostly clear, with a low around 66. East wind 5 to 7 mph.
Slight Chance
Showers then
Mostly Clear
Friday

Friday: A 30 percent chance of showers, mainly after 4pm.  Mostly sunny, with a high near 84. East wind 5 to 9 mph.
Mostly Sunny
then Chance
Showers
Lo 66 °FHi 84 °F
Extended Forecast
Florida Weather Forecast

Southwest Florida Webcams

Main Navigation
Weather
· Home
· Current Conditions
· Storm Warnings
· Station Graphs
· Storm Fronts
· Station History
· Drought Index
· Storm Reports
· Rainfall Estimates
· Fire Graphs

Doppler Radar
· Lee County
· Charlotte County
· Collier County
· Hendry County
· Desoto County
· Glades County
· Sarasota County
· Manatee County
· Hillsborough County
· Pinellas County
· Pasco County
· Southwest Florida
· Florida
· State Radars
· National

Satellite
· South Florida
· North Florida
· Regional
· National

Forecast
· Extended
· Marine
· Discussion
· Florida Forecast
· Hazardous Outlook
· Wave Heights
· Fire

Lightning
· Live
· Tracker
· Loop
· Network
· WASP
· WASP Loop

Tropical Weather
· Hurricane Tracker
· Tropical Satellite
· Sea Temperature
· Discussion
· Buoy Data
· Tracking Tools
· Monthly Summary

Moon and Tides
· Tides
· Moon Phase

Live Products

Fishing Reports

Local News

Other Info

  
 

Southwest Florida Monthly and Yearly Weather Reports

2018: Jan | Feb | Mar | Apr | May | Jun | Jul | Aug | Sep | Oct | Nov | Dec 
2017: Jan | Feb | Mar | Apr | May | Jun | Jul | Aug | Sep | Oct | Nov | Dec 
2016: Jan | Feb | Mar | Apr | May | Jun | Jul | Aug | Sep | Oct | Nov | Dec 
2015: Jan | Feb | Mar | Apr | May | Jun | Jul | Aug | Sep | Oct | Nov | Dec 
2014: Jan | Feb | Mar | Apr | May | Jun | Jul | Aug | Sep | Oct | Nov | Dec 
2013: Jan | Feb | Mar | Apr | May | Jun | Jul | Aug | Sep | Oct | Nov | Dec 
2012: Jan | Feb | Mar | Apr | May | Jun | Jul | Aug | Sep | Oct | Nov | Dec 
2011: Jan | Feb | Mar | Apr | May | Jun | Jul | Aug | Sep | Oct | Nov | Dec 
2010: Jan | Feb | Mar | Apr | May | Jun | Jul | Aug | Sep | Oct | Nov | Dec 
2009: Jan | Feb | Mar | Apr | May | Jun | Jul | Aug | Sep | Oct | Nov | Dec 
2008: Jan | Feb | Mar | Apr | May | Jun | Jul | Aug | Sep | Oct | Nov | Dec 
2007: Jan | Feb | Mar | Apr | May | Jun | Jul | Aug | Sep | Oct | Nov | Dec 
2006: Jan | Feb | Mar | Apr | May | Jun | Jul | Aug | Sep | Oct | Nov | Dec 
2005: Jan | Feb | Mar | Apr | May | Jun | Jul | Aug | Sep | Oct | Nov | Dec 

Report for 2006 09
MONTHLY CLIMATOLOGICAL SUMMARY FOR 9/2006 HEAT COOL MEAN DEG DEG WIND SPEED DOM MEAN MEAN DAY TEMP HIGH TIME LOW TIME DAYS DAYS RAIN AVG HI TIME DIR BAROM HUM --------------------------------------------------------------------------------------- 1 83.3 88.6 12:49pm 79.6 11:38pm 0 18 0.02 4 31 1:46pm WSW 29.90 76 2 82.3 88.2 1:04pm 78.1 5:30am 0 17 0.01 3 23 2:24pm SW 29.93 77 3 78.9 87.6 1:47pm 74.4 5:51pm 0 14 1.10 2 21 5:13pm SSE 29.97 85 4 78.2 87.4 4:31pm 74.0 6:17am 0 12 0.00 2 21 4:50pm ESE 29.99 84 5 79.7 86.7 2:26pm 73.5 4:55am 0 15 0.00 2 14 12:26pm ESE 29.97 82 6 80.5 88.2 2:48pm 75.4 4:53am 0 16 0.31 3 21 4:40am SSE 29.94 82 7 82.3 89.0 1:14pm 75.8 5:14am 0 17 0.00 2 15 1:42pm W 29.94 79 8 82.9 91.4 2:54pm 75.6 6:59am 0 18 0.00 3 19 4:16pm ESE 29.95 74 9 81.7 93.8 2:45pm 75.1 7:16am 0 17 0.49 2 23 7:12pm ENE 29.94 77 10 81.3 91.4 3:17pm 76.1 1:47am 0 16 0.03 3 21 7:16pm ENE 29.93 81 11 80.0 92.1 2:31pm 73.5 9:10pm 0 15 1.99 3 19 5:30pm ENE 29.96 83 12 80.5 92.1 3:39pm 73.7 5:54am 0 15 0.01 2 21 5:56pm ENE 29.97 80 13 79.9 87.0 4:28pm 75.6 11:46pm 0 15 0.45 3 18 7:18pm ESE 29.90 81 14 81.0 87.4 5:01pm 75.3 2:25am 0 16 0.27 3 18 11:07am NW 29.89 85 15 82.9 89.9 4:26pm 77.0 4:50am 0 18 0.00 2 15 3:33pm NE 29.95 78 16 81.2 90.7 12:18pm 76.1 5:24pm 0 16 0.16 2 25 4:58pm ENE 29.98 81 17 81.0 91.8 3:31pm 74.0 7:56pm 0 16 0.74 3 16 6:37pm E 29.96 80 18 80.3 87.8 2:02pm 75.4 2:52am 0 15 0.01 3 24 3:26pm ESE 29.96 81 19 81.3 88.6 3:28pm 75.6 11:49pm 0 16 0.65 5 21 6:26pm WSW 29.97 81 20 80.6 86.3 10:59am 74.9 12:49am 0 16 0.11 5 21 10:59am WNW 29.92 82 21 80.6 89.3 3:16pm 71.1 7:27am 0 16 0.00 2 13 5:25pm NE 29.95 70 22 81.8 91.4 1:02pm 76.3 6:01am 0 17 0.37 3 13 5:12pm ESE 30.00 79 23 81.7 92.1 4:28pm 74.6 7:05am 0 17 0.00 3 12 10:44am E 30.01 69 24 82.4 89.7 2:30pm 74.9 7:18am 0 17 0.00 2 13 3:05pm E 29.97 75 25 81.4 88.6 1:21pm 74.2 7:13am 0 16 0.00 2 14 3:00pm WNW 29.96 75 26 81.7 88.2 1:09pm 75.3 6:00am 0 17 0.00 2 17 3:24pm W 29.96 78 27 80.2 84.7 4:38pm 75.4 11:34pm 0 15 0.16 2 14 4:07pm W 29.93 82 28 77.7 85.3 1:27pm 71.3 5:58am 0 13 0.00 4 19 2:07pm NW 29.93 70 29 77.8 91.1 4:00pm 65.3 7:30am 0 13 0.00 3 14 4:15pm NNE 29.96 67 30 79.2 90.5 3:01pm 69.6 6:56am 0 14 0.00 3 19 3:38pm NNW 29.99 70 --------------------------------------------------------------------------------------- TOT 80.8 93.8 9/9/06 65.3 9/29/06 0 473 6.88 3 31 9/1/06 ESE 29.95 78 HEAT BASE: 65.0 COOL BASE: 65.0
 
  
Hurricane Tracker

Hurricane Tracker
Hurricane Tracker
2017 Storm Tracker Forum


Atlantic Storms
No Storms


Sponsored Links

Recent Forum Posts

New Post
Fishing Guides Thoughts
Posted by
chris on Feb 22, 2018 at 09:05:29 AM


New Post
2018 Atlantic Basin Hurricane Names
Posted by
chris on Feb 18, 2018 at 07:34:49 PM


***FORUM RULES***

Member Login
Username

Password


Join For Free!!
Click here to Register!

Total Hits
We received
81590390
page views since June 2005

Sponsored Links

Social Networks

Southwest Florida Weather | Central Florida Weather | Florida Weather

Cape Coral | Fort Myers | Bonita Springs | Naples | Punta Gorda | Port Charlotte | Estero | Sanibel | Lehigh Acres | Captiva | Pine Island | Bokeelia | St. James City | Alva | Arcadia | Labelle | Clewiston | Venice

Lee County | Charlotte County | Collier County | Hendry County | Desoto County
Glades County | Monroe County | Sarasota County | Manatee County
Hillsborough County | Pinellas County | Pasco County

Recommend us




Copyright Capeweather.com 2005-2017

DO NOT make decisions that affect life or property based on this data!
PHP-Nuke Copyright © 2004 by Francisco Burzi. This is free software, and you may redistribute it under the GPL. PHP-Nuke comes with absolutely no warranty, for details, see the license.
Page Generation: 0.26 Seconds