Southwest Florida Weather History, Yearly, Monthly, Daily, Records
 Click here to register!Home | Advertise | Forum | Live Webcams | Contact Us | Tell a Friend | Your Account  

Lee County Forecast & Temp
Today

Today: A 20 percent chance of showers after 1pm.  Mostly sunny, with a high near 85. East wind around 10 mph.
Slight Chance
Showers
Tonight

Tonight: Mostly clear, with a low around 68. East wind around 8 mph.
Mostly Clear

Hi 85 °FLo 68 °F
Extended Forecast
Florida Weather Forecast

Southwest Florida Webcams

Main Navigation
Weather
· Home
· Current Conditions
· Storm Warnings
· Station Graphs
· Storm Fronts
· Station History
· Drought Index
· Storm Reports
· Rainfall Estimates
· Fire Graphs

Doppler Radar
· Lee County
· Charlotte County
· Collier County
· Hendry County
· Desoto County
· Glades County
· Sarasota County
· Manatee County
· Hillsborough County
· Pinellas County
· Pasco County
· Southwest Florida
· Florida
· State Radars
· National

Satellite
· South Florida
· North Florida
· Regional
· National

Forecast
· Extended
· Marine
· Discussion
· Florida Forecast
· Hazardous Outlook
· Wave Heights
· Fire

Lightning
· Live
· Tracker
· Loop
· Network
· WASP
· WASP Loop

Tropical Weather
· Hurricane Tracker
· Tropical Satellite
· Sea Temperature
· Discussion
· Buoy Data
· Tracking Tools
· Monthly Summary

Moon and Tides
· Tides
· Moon Phase

Live Products

Fishing Reports

Local News

Other Info

  
 

Southwest Florida Monthly and Yearly Weather Reports

2018: Jan | Feb | Mar | Apr | May | Jun | Jul | Aug | Sep | Oct | Nov | Dec 
2017: Jan | Feb | Mar | Apr | May | Jun | Jul | Aug | Sep | Oct | Nov | Dec 
2016: Jan | Feb | Mar | Apr | May | Jun | Jul | Aug | Sep | Oct | Nov | Dec 
2015: Jan | Feb | Mar | Apr | May | Jun | Jul | Aug | Sep | Oct | Nov | Dec 
2014: Jan | Feb | Mar | Apr | May | Jun | Jul | Aug | Sep | Oct | Nov | Dec 
2013: Jan | Feb | Mar | Apr | May | Jun | Jul | Aug | Sep | Oct | Nov | Dec 
2012: Jan | Feb | Mar | Apr | May | Jun | Jul | Aug | Sep | Oct | Nov | Dec 
2011: Jan | Feb | Mar | Apr | May | Jun | Jul | Aug | Sep | Oct | Nov | Dec 
2010: Jan | Feb | Mar | Apr | May | Jun | Jul | Aug | Sep | Oct | Nov | Dec 
2009: Jan | Feb | Mar | Apr | May | Jun | Jul | Aug | Sep | Oct | Nov | Dec 
2008: Jan | Feb | Mar | Apr | May | Jun | Jul | Aug | Sep | Oct | Nov | Dec 
2007: Jan | Feb | Mar | Apr | May | Jun | Jul | Aug | Sep | Oct | Nov | Dec 
2006: Jan | Feb | Mar | Apr | May | Jun | Jul | Aug | Sep | Oct | Nov | Dec 
2005: Jan | Feb | Mar | Apr | May | Jun | Jul | Aug | Sep | Oct | Nov | Dec 

Report for 2006 11
MONTHLY CLIMATOLOGICAL SUMMARY FOR 11/2006 HEAT COOL MEAN DEG DEG WIND SPEED DOM MEAN MEAN DAY TEMP HIGH TIME LOW TIME DAYS DAYS RAIN AVG HI TIME DIR BAROM HUM --------------------------------------------------------------------------------------- 1 77.4 86.1 2:06pm 70.6 6:28am 0 12 0.00 3 12 3:44pm ENE 29.94 82 2 75.1 82.6 12:49pm 69.8 11:57pm 0 10 0.00 3 14 5:53am NE 29.97 79 3 74.2 85.5 2:25pm 66.4 6:11am 0 9 0.00 8 26 7:08pm NE 30.05 72 4 72.6 82.2 1:42pm 65.3 6:42am 0 8 0.00 9 27 12:28pm ENE 30.13 70 5 72.8 81.2 2:43pm 65.3 2:48am 0 8 0.00 6 23 2:52pm ENE 30.13 71 6 73.0 83.4 2:48pm 63.5 6:51am 0 8 0.00 5 22 10:18am E 30.05 74 7 72.6 78.3 3:30pm 68.9 6:50am 0 8 0.60 4 22 6:43pm SW 29.86 87 8 71.4 78.1 12:01pm 62.4 11:15pm 0 7 0.01 4 23 3:21pm NW 29.78 81 9 68.6 79.0 11:29am 61.6 4:39am 1 5 0.00 3 15 11:11am NW 29.88 78 10 67.0 77.9 2:55pm 56.9 6:37am 2 4 0.01 2 10 3:06pm WNW 30.00 75 11 69.3 80.7 12:40pm 62.3 6:30am 1 5 0.00 2 12 2:34pm WNW 30.02 80 12 71.6 82.6 11:39am 64.7 5:28am 0 7 0.00 3 16 1:46pm NW 30.01 84 13 66.8 76.7 1:14pm 59.5 11:53pm 1 3 0.00 3 14 4:17am NE 29.97 72 14 66.5 79.8 3:06pm 55.0 6:52am 3 4 0.00 2 12 12:24pm NE 29.90 68 15 72.9 83.0 1:30pm 59.8 2:03am 1 9 0.00 3 18 12:31pm SSE 29.79 83 16 73.7 76.8 4:09am 68.9 11:35pm 0 9 0.65 6 23 9:11am NW 29.82 80 17 68.4 75.6 1:42pm 59.5 11:59pm 0 4 0.00 3 17 8:48am ENE 29.96 70 18 61.0 70.6 1:45pm 52.9 11:34pm 5 1 0.00 5 18 11:54am NE 29.98 72 19 59.7 71.8 1:53pm 48.8 6:32am 7 1 0.01 4 19 10:40am NNE 30.00 66 20 56.6 62.6 2:18pm 50.2 11:56pm 8 0 0.04 6 20 4:36pm NNE 30.04 68 21 53.3 62.0 1:33pm 44.5 6:46am 11 0 0.01 7 25 1:02pm NNE 30.06 63 22 56.4 65.5 2:49pm 45.7 5:31am 9 0 0.00 4 20 12:51pm N 30.05 65 23 59.3 73.2 12:50pm 47.6 6:53am 7 1 0.01 4 19 11:29am N 30.08 75 24 63.7 78.5 2:41pm 48.9 6:48am 5 4 0.00 4 17 9:54pm NE 30.07 72 25 68.0 78.6 1:09pm 59.6 6:45am 1 4 0.01 5 17 10:59am NE 30.09 74 26 69.3 77.7 11:43am 62.6 7:07am 0 4 0.00 4 21 12:23pm NE 30.12 79 27 70.6 82.0 1:28pm 61.3 6:20am 1 6 0.00 4 17 1:34pm ENE 30.11 77 28 72.8 84.3 3:30pm 63.2 5:57am 0 8 0.00 3 17 2:51pm ENE 30.08 75 29 73.9 84.7 2:05pm 66.9 6:00am 0 9 0.02 3 15 12:41pm E 30.09 79 30 75.5 86.5 12:44pm 69.9 5:39am 0 10 0.07 3 18 9:37am ESE 30.08 83 --------------------------------------------------------------------------------------- TOT 68.5 86.5 11/30/06 44.5 11/21/06 63 168 1.44 4 27 11/4/06 NE 30.00 75 HEAT BASE: 65.0 COOL BASE: 65.0
 
  
Hurricane Tracker

Hurricane Tracker
Hurricane Tracker
2017 Storm Tracker Forum


Atlantic Storms
No Storms


Sponsored Links

Recent Forum Posts

New Post
Fishing Guides Thoughts
Posted by
chris on Feb 22, 2018 at 09:05:29 AM


New Post
2018 Atlantic Basin Hurricane Names
Posted by
chris on Feb 18, 2018 at 07:34:49 PM


***FORUM RULES***

Member Login
Username

Password


Join For Free!!
Click here to Register!

Total Hits
We received
81607129
page views since June 2005

Sponsored Links

Social Networks

Southwest Florida Weather | Central Florida Weather | Florida Weather

Cape Coral | Fort Myers | Bonita Springs | Naples | Punta Gorda | Port Charlotte | Estero | Sanibel | Lehigh Acres | Captiva | Pine Island | Bokeelia | St. James City | Alva | Arcadia | Labelle | Clewiston | Venice

Lee County | Charlotte County | Collier County | Hendry County | Desoto County
Glades County | Monroe County | Sarasota County | Manatee County
Hillsborough County | Pinellas County | Pasco County

Recommend us




Copyright Capeweather.com 2005-2017

DO NOT make decisions that affect life or property based on this data!
PHP-Nuke Copyright © 2004 by Francisco Burzi. This is free software, and you may redistribute it under the GPL. PHP-Nuke comes with absolutely no warranty, for details, see the license.
Page Generation: 0.25 Seconds