Southwest Florida Weather History, Yearly, Monthly, Daily, Records
 Click here to register!Home | Advertise | Forum | Live Webcams | Contact Us | Tell a Friend | Your Account  

Lee County Forecast & Temp
Tonight

Tonight: Partly cloudy, with a low around 65. Light and variable wind becoming east 5 to 7 mph after midnight.
Partly Cloudy
Washington's
Birthday
Washington's Birthday: Mostly sunny, with a high near 84. East wind 8 to 13 mph.
Mostly Sunny
Lo 65 °FHi 84 °F
Extended Forecast
Florida Weather Forecast

Southwest Florida Webcams

Main Navigation
Weather
· Home
· Current Conditions
· Storm Warnings
· Station Graphs
· Storm Fronts
· Station History
· Drought Index
· Storm Reports
· Rainfall Estimates
· Fire Graphs

Doppler Radar
· Lee County
· Charlotte County
· Collier County
· Hendry County
· Desoto County
· Glades County
· Sarasota County
· Manatee County
· Hillsborough County
· Pinellas County
· Pasco County
· Southwest Florida
· Florida
· State Radars
· National

Satellite
· South Florida
· North Florida
· Regional
· National

Forecast
· Extended
· Marine
· Discussion
· Florida Forecast
· Hazardous Outlook
· Wave Heights
· Fire

Lightning
· Live
· Tracker
· Loop
· Network
· WASP
· WASP Loop

Tropical Weather
· Hurricane Tracker
· Tropical Satellite
· Sea Temperature
· Discussion
· Buoy Data
· Tracking Tools
· Monthly Summary

Moon and Tides
· Tides
· Moon Phase

Live Products

Fishing Reports

Local News

Other Info

  
 

Southwest Florida Monthly and Yearly Weather Reports

2018: Jan | Feb | Mar | Apr | May | Jun | Jul | Aug | Sep | Oct | Nov | Dec 
2017: Jan | Feb | Mar | Apr | May | Jun | Jul | Aug | Sep | Oct | Nov | Dec 
2016: Jan | Feb | Mar | Apr | May | Jun | Jul | Aug | Sep | Oct | Nov | Dec 
2015: Jan | Feb | Mar | Apr | May | Jun | Jul | Aug | Sep | Oct | Nov | Dec 
2014: Jan | Feb | Mar | Apr | May | Jun | Jul | Aug | Sep | Oct | Nov | Dec 
2013: Jan | Feb | Mar | Apr | May | Jun | Jul | Aug | Sep | Oct | Nov | Dec 
2012: Jan | Feb | Mar | Apr | May | Jun | Jul | Aug | Sep | Oct | Nov | Dec 
2011: Jan | Feb | Mar | Apr | May | Jun | Jul | Aug | Sep | Oct | Nov | Dec 
2010: Jan | Feb | Mar | Apr | May | Jun | Jul | Aug | Sep | Oct | Nov | Dec 
2009: Jan | Feb | Mar | Apr | May | Jun | Jul | Aug | Sep | Oct | Nov | Dec 
2008: Jan | Feb | Mar | Apr | May | Jun | Jul | Aug | Sep | Oct | Nov | Dec 
2007: Jan | Feb | Mar | Apr | May | Jun | Jul | Aug | Sep | Oct | Nov | Dec 
2006: Jan | Feb | Mar | Apr | May | Jun | Jul | Aug | Sep | Oct | Nov | Dec 
2005: Jan | Feb | Mar | Apr | May | Jun | Jul | Aug | Sep | Oct | Nov | Dec 

Report for 2007 05
MONTHLY CLIMATOLOGICAL SUMMARY FOR 5/2007 HEAT COOL MEAN DEG DEG WIND SPEED DOM MEAN MEAN DAY TEMP HIGH TIME LOW TIME DAYS DAYS RAIN AVG HI TIME DIR BAROM HUM --------------------------------------------------------------------------------------- 1 76.8 88.8 3:26pm 65.5 6:44am 0 12 0.00 3 17 4:54pm ESE 30.00 60 2 76.8 86.7 12:33pm 67.6 6:14am 0 12 0.00 3 18 2:40pm ESE 29.97 64 3 77.5 87.4 2:10pm 68.1 6:12am 0 13 0.00 3 18 3:39pm W 29.96 74 4 77.7 87.6 3:38pm 69.9 7:32am 0 13 0.00 3 19 4:33pm WNW 29.96 77 5 78.6 88.4 5:41pm 70.9 4:13am 0 14 0.17 3 24 9:43pm ESE 29.94 71 6 77.0 84.7 3:34pm 69.9 6:15am 0 12 0.00 5 24 6:39pm W 29.94 75 7 73.9 83.6 3:29pm 64.3 11:56pm 0 9 0.00 11 29 5:29am NE 29.95 55 8 67.3 77.9 3:30pm 54.5 6:14am 2 5 0.00 8 26 4:04pm NW 29.90 69 9 72.7 82.0 2:46pm 64.0 4:39am 0 8 0.00 7 24 11:28am WNW 29.86 71 10 74.5 81.2 1:56pm 68.8 6:55am 0 9 0.00 8 24 12:17pm WNW 29.84 75 11 75.3 82.0 1:57pm 69.8 6:30am 0 10 0.00 6 20 6:17pm WNW 29.85 79 12 77.0 83.6 3:01pm 70.1 7:27am 0 12 0.00 5 18 2:22pm WNW 29.89 74 13 77.5 83.6 2:02pm 71.6 6:21am 0 12 0.00 4 17 4:05pm WNW 29.92 78 14 75.0 91.2 1:18pm 66.4 5:55pm 0 10 0.33 4 31 2:59pm ENE 29.99 78 15 76.2 86.1 1:07pm 70.9 2:29am 0 11 0.04 6 20 1:03pm ENE 30.04 78 16 75.5 87.4 12:50pm 68.9 6:34am 0 10 0.93 3 21 4:11pm ENE 29.97 81 17 74.2 81.1 10:32am 71.3 6:24am 0 4 0.00 2 13 8:57am N 29.90 83 18 77.0 83.2 2:45pm 71.3 6:24am 0 12 0.00 6 20 7:28pm N 29.91 74 19 77.5 89.0 3:29pm 68.9 5:53am 0 12 0.00 7 29 6:47pm ENE 29.96 68 20 75.6 87.8 6:03pm 66.1 6:35am 0 10 0.00 6 20 8:28pm ENE 30.01 68 21 78.3 89.9 3:44pm 66.4 6:34am 0 13 0.00 5 24 10:54pm ENE 30.00 60 22 78.5 90.3 2:56pm 67.3 5:52am 0 13 0.00 6 24 6:46pm ENE 30.00 64 23 77.7 87.4 3:00pm 69.8 6:29am 0 12 0.00 8 28 7:22pm E 30.04 61 24 76.9 87.8 2:54pm 66.4 6:50am 0 10 0.00 7 24 1:42pm ENE 30.09 63 25 76.5 89.5 4:20pm 65.3 7:02am 0 11 0.00 6 21 11:01am ENE 30.07 66 26 77.3 89.7 3:17pm 65.2 6:49am 0 12 0.00 6 22 1:07pm E 30.05 62 27 77.8 88.6 3:13pm 65.8 6:38am 0 13 0.00 5 19 2:41pm E 30.04 64 28 79.2 92.9 4:04pm 66.9 6:26am 0 14 0.00 4 18 9:14pm E 30.03 63 29 78.3 91.0 2:14pm 67.8 6:17am 0 13 0.00 4 17 6:49pm E 30.02 66 30 79.0 91.0 3:15pm 71.6 4:41am 0 14 0.02 5 17 12:58pm E 30.01 67 31 77.7 84.7 2:32pm 73.2 4:05am 0 13 0.00 6 18 11:59am E 29.98 64 --------------------------------------------------------------------------------------- TOT 76.5 92.9 5/28/07 54.5 5/8/07 2 349 1.49 5 31 5/14/07 E 29.97 69 HEAT BASE: 65.0 COOL BASE: 65.0
 
  
Hurricane Tracker

Hurricane Tracker
Hurricane Tracker
2017 Storm Tracker Forum


Atlantic Storms
No Storms


Sponsored Links

Recent Forum Posts

New Post
Fishing Report Feb 17 2018
Posted by
captruss on Feb 17, 2018 at 09:41:35 AM


New Post
Water Temperature is Everything
Posted by
captruss on Feb 09, 2018 at 06:39:09 AM


***FORUM RULES***

Member Login
Username

Password


Join For Free!!
Click here to Register!

Total Hits
We received
81481571
page views since June 2005

Sponsored Links

Social Networks

Southwest Florida Weather | Central Florida Weather | Florida Weather

Cape Coral | Fort Myers | Bonita Springs | Naples | Punta Gorda | Port Charlotte | Estero | Sanibel | Lehigh Acres | Captiva | Pine Island | Bokeelia | St. James City | Alva | Arcadia | Labelle | Clewiston | Venice

Lee County | Charlotte County | Collier County | Hendry County | Desoto County
Glades County | Monroe County | Sarasota County | Manatee County
Hillsborough County | Pinellas County | Pasco County

Recommend us




Copyright Capeweather.com 2005-2017

DO NOT make decisions that affect life or property based on this data!
PHP-Nuke Copyright © 2004 by Francisco Burzi. This is free software, and you may redistribute it under the GPL. PHP-Nuke comes with absolutely no warranty, for details, see the license.
Page Generation: 0.53 Seconds