Southwest Florida Weather History, Yearly, Monthly, Daily, Records
 Click here to register!Home | Advertise | Forum | Live Webcams | Contact Us | Tell a Friend | Your Account  

Lee County Forecast
Tonight

Tonight: Clear, with a low around 48. North wind around 5 mph becoming calm  in the evening.
Clear

Tuesday

Tuesday: Mostly sunny, with a high near 75. Breezy, with a light and variable wind becoming west 10 to 15 mph in the morning. Winds could gust as high as 21 mph.
Mostly Sunny
then Mostly
Sunny and
Breezy
Lo 48 °FHi 75 °F
Extended Forecast
Florida Weather Forecast

Southwest Florida Webcams

Main Navigation
Weather
· Home
· Current Conditions
· Storm Warnings
· Station Graphs
· Storm Fronts
· Station History
· Drought Index
· Storm Reports
· Rainfall Estimates
· Fire Graphs

Doppler Radar
· Lee County
· Charlotte County
· Collier County
· Hendry County
· Desoto County
· Glades County
· Sarasota County
· Manatee County
· Hillsborough County
· Pinellas County
· Pasco County
· Southwest Florida
· Florida
· State Radars
· National

Satellite
· South Florida
· North Florida
· Regional
· National

Forecast
· Extended
· Marine
· Discussion
· Florida Forecast
· Hazardous Outlook
· Wave Heights
· Fire

Lightning
· Live
· Tracker
· Loop
· Network
· WASP
· WASP Loop

Tropical Weather
· Hurricane Tracker
· Tropical Satellite
· Sea Temperature
· Discussion
· Buoy Data
· Tracking Tools
· Monthly Summary

Moon and Tides
· Tides
· Moon Phase

Live Products

Fishing Reports

Local News

Other Info

Support Us

Support Capeweather.com
donations

If you find this website useful, consider making
a donation.

Click here to learn more


  
 

Southwest Florida Monthly and Yearly Weather Reports

2017: Jan | Feb | Mar | Apr | May | Jun | Jul | Aug | Sep | Oct | Nov | Dec 
2016: Jan | Feb | Mar | Apr | May | Jun | Jul | Aug | Sep | Oct | Nov | Dec 
2015: Jan | Feb | Mar | Apr | May | Jun | Jul | Aug | Sep | Oct | Nov | Dec 
2014: Jan | Feb | Mar | Apr | May | Jun | Jul | Aug | Sep | Oct | Nov | Dec 
2013: Jan | Feb | Mar | Apr | May | Jun | Jul | Aug | Sep | Oct | Nov | Dec 
2012: Jan | Feb | Mar | Apr | May | Jun | Jul | Aug | Sep | Oct | Nov | Dec 
2011: Jan | Feb | Mar | Apr | May | Jun | Jul | Aug | Sep | Oct | Nov | Dec 
2010: Jan | Feb | Mar | Apr | May | Jun | Jul | Aug | Sep | Oct | Nov | Dec 
2009: Jan | Feb | Mar | Apr | May | Jun | Jul | Aug | Sep | Oct | Nov | Dec 
2008: Jan | Feb | Mar | Apr | May | Jun | Jul | Aug | Sep | Oct | Nov | Dec 
2007: Jan | Feb | Mar | Apr | May | Jun | Jul | Aug | Sep | Oct | Nov | Dec 
2006: Jan | Feb | Mar | Apr | May | Jun | Jul | Aug | Sep | Oct | Nov | Dec 
2005: Jan | Feb | Mar | Apr | May | Jun | Jul | Aug | Sep | Oct | Nov | Dec 

Report for 2007 07
MONTHLY CLIMATOLOGICAL SUMMARY FOR 7/2007 HEAT COOL MEAN DEG DEG WIND SPEED DOM MEAN MEAN DAY TEMP HIGH TIME LOW TIME DAYS DAYS RAIN AVG HI TIME DIR BAROM HUM --------------------------------------------------------------------------------------- 1 84.0 89.9 1:12pm 77.6 11:57pm 0 19 0.00 4 18 2:13pm WNW 29.99 73 2 80.9 88.8 2:49pm 75.6 10:55am 0 16 0.78 2 17 4:46pm W 30.01 81 3 80.9 89.9 2:27pm 75.1 3:27am 0 16 0.00 2 16 1:59pm W 30.00 79 4 81.4 87.2 5:12pm 76.3 1:41am 0 16 0.01 3 17 5:12pm W 29.97 79 5 83.5 87.2 3:07pm 80.3 11:01am 0 18 0.00 5 20 10:42am WSW 29.98 75 6 83.4 88.8 3:04pm 77.4 6:16am 0 35 0.00 3 16 3:14pm WSW 30.00 76 7 83.6 90.3 10:45am 76.7 6:25am 0 19 0.00 2 17 4:06pm W 29.98 75 8 83.3 89.5 1:26pm 77.2 6:15am 0 18 0.00 2 14 11:07am SW 29.97 77 9 83.0 93.6 4:20pm 76.8 5:07pm 0 18 0.48 2 25 4:53pm SW 30.01 77 10 84.8 92.3 12:04pm 77.4 5:40am 0 27 0.00 3 16 2:40pm ENE 30.06 75 11 85.0 91.2 3:44pm 77.6 4:37am 0 40 0.00 3 16 3:31pm ENE 30.06 72 12 85.0 91.0 2:51pm 78.5 6:49am 0 40 0.00 3 16 2:09pm ENE 30.03 73 13 85.9 92.3 2:42pm 80.1 10:26am 0 42 0.00 3 18 10:16am ENE 30.02 69 14 84.7 91.6 2:13pm 78.6 6:47am 0 39 0.00 2 18 6:05pm ENE 29.99 72 15 84.5 91.8 5:04pm 76.5 5:57am 0 39 0.00 3 22 8:35pm ENE 29.98 69 16 82.2 92.3 5:51pm 76.7 6:07am 0 17 0.11 2 16 7:52pm ESE 30.01 77 17 83.0 94.3 2:27pm 76.7 4:19am 0 18 0.00 2 16 4:51pm E 30.05 74 18 83.2 93.2 3:04pm 74.2 7:45pm 0 18 0.07 2 17 6:40pm SW 30.07 73 19 85.7 93.6 2:19pm 76.3 6:51am 0 30 0.01 3 17 5:31pm ENE 30.05 70 20 82.5 92.5 5:37pm 74.6 7:46pm 0 18 0.66 2 30 7:23pm W 29.97 76 21 80.2 90.7 9:56am 76.0 11:06pm 0 15 0.02 3 20 5:30pm N 29.96 78 22 81.5 89.9 5:02pm 74.6 1:37am 0 16 0.00 2 13 12:48pm SW 29.95 73 23 79.1 89.5 5:54pm 73.0 10:42am 0 14 0.72 1 15 4:32am SW 29.97 79 24 81.1 88.8 11:34am 74.9 6:29am 0 16 0.01 2 16 3:22pm ESE 29.98 79 25 82.2 91.6 2:37pm 74.9 6:04am 0 17 0.01 2 19 7:53pm ESE 30.02 75 26 83.4 93.8 2:16pm 75.1 6:07am 0 18 0.00 3 23 8:28pm WNW 30.04 73 27 82.1 92.5 5:38pm 75.6 6:50am 0 17 0.00 2 21 6:37pm E 29.99 75 28 83.2 91.6 12:36pm 75.4 5:43am 0 18 0.00 3 17 3:14pm W 29.90 73 29 81.7 89.3 6:19pm 76.0 6:39am 0 17 0.00 2 17 11:20am W 29.89 77 30 82.6 88.6 12:38pm 78.1 2:54am 0 17 0.21 4 20 10:01pm W 29.92 76 31 80.0 85.9 5:19pm 76.7 5:31am 0 15 0.44 5 27 6:33pm W 29.90 85 --------------------------------------------------------------------------------------- TOT 83.1 94.3 7/17/07 73.0 7/23/07 0 683 3.54 3 30 7/20/07 W 30.00 75 HEAT BASE: 65.0 COOL BASE: 65.0
 
  
Hurricane Tracker

Hurricane Tracker
Hurricane Tracker
2017 Storm Tracker Forum


Atlantic Storms
No Storms


Sponsored Links

Recent Forum Posts

New Post
SW FL-Bonita Beach: Sharks, Grouper, Snapper; Sheeps, Drum
Posted by
fishbuster on Nov 30, 2017 at 02:32:09 PM


New Post
SW FL-Bonita Beach:Nice trout Inshore;Keeper Mutton Offshore
Posted by
fishbuster on Nov 09, 2017 at 02:17:33 PM


New Post
Philippe- Final Advisory
Posted by
ccstorms on Oct 29, 2017 at 05:36:13 PM


New Post
Invest 92L- Deactivated
Posted by
ccstorms on Oct 17, 2017 at 06:12:31 AM


New Post
Ophelia- Final Advisory
Posted by
ccstorms on Oct 16, 2017 at 06:32:58 AM


New Post
Nate- Final Advisory
Posted by
ccstorms on Oct 08, 2017 at 02:04:43 PM


***FORUM RULES***

Member Login
Username

Password


Join For Free!!
Click here to Register!

Total Hits
We received
79755655
page views since June 2005

Sponsored Links

Social Networks

Southwest Florida Weather | Central Florida Weather | Florida Weather

Cape Coral | Fort Myers | Bonita Springs | Naples | Punta Gorda | Port Charlotte | Estero | Sanibel | Lehigh Acres | Captiva | Pine Island | Bokeelia | St. James City | Alva | Arcadia | Labelle | Clewiston | Venice

Lee County | Charlotte County | Collier County | Hendry County | Desoto County
Glades County | Monroe County | Sarasota County | Manatee County
Hillsborough County | Pinellas County | Pasco County

Recommend us




Copyright Capeweather.com 2005-2017

DO NOT make decisions that affect life or property based on this data!
PHP-Nuke Copyright © 2004 by Francisco Burzi. This is free software, and you may redistribute it under the GPL. PHP-Nuke comes with absolutely no warranty, for details, see the license.
Page Generation: 0.26 Seconds