Southwest Florida Weather History, Yearly, Monthly, Daily, Records
 Click here to register!Home | Advertise | Forum | Live Webcams | Contact Us | Tell a Friend | Your Account  

Lee County Forecast
Today

Today: Sunny, with a high near 65. North northeast wind 6 to 9 mph.
Sunny
Tonight

Tonight: Mostly clear, with a low around 49. Northwest wind around 5 mph becoming calm  in the evening.
Mostly Clear
Hi 65 °FLo 49 °F
Extended Forecast
Florida Weather Forecast

Southwest Florida Webcams

Main Navigation
Weather
· Home
· Current Conditions
· Storm Warnings
· Station Graphs
· Storm Fronts
· Station History
· Drought Index
· Storm Reports
· Rainfall Estimates
· Fire Graphs

Doppler Radar
· Lee County
· Charlotte County
· Collier County
· Hendry County
· Desoto County
· Glades County
· Sarasota County
· Manatee County
· Hillsborough County
· Pinellas County
· Pasco County
· Southwest Florida
· Florida
· State Radars
· National

Satellite
· South Florida
· North Florida
· Regional
· National

Forecast
· Extended
· Marine
· Discussion
· Florida Forecast
· Hazardous Outlook
· Wave Heights
· Fire

Lightning
· Live
· Tracker
· Loop
· Network
· WASP
· WASP Loop

Tropical Weather
· Hurricane Tracker
· Tropical Satellite
· Sea Temperature
· Discussion
· Buoy Data
· Tracking Tools
· Monthly Summary

Moon and Tides
· Tides
· Moon Phase

Live Products

Fishing Reports

Local News

Other Info

Support Us

Support Capeweather.com
donations

If you find this website useful, consider making
a donation.

Click here to learn more


  
 

Southwest Florida Monthly and Yearly Weather Reports

2017: Jan | Feb | Mar | Apr | May | Jun | Jul | Aug | Sep | Oct | Nov | Dec 
2016: Jan | Feb | Mar | Apr | May | Jun | Jul | Aug | Sep | Oct | Nov | Dec 
2015: Jan | Feb | Mar | Apr | May | Jun | Jul | Aug | Sep | Oct | Nov | Dec 
2014: Jan | Feb | Mar | Apr | May | Jun | Jul | Aug | Sep | Oct | Nov | Dec 
2013: Jan | Feb | Mar | Apr | May | Jun | Jul | Aug | Sep | Oct | Nov | Dec 
2012: Jan | Feb | Mar | Apr | May | Jun | Jul | Aug | Sep | Oct | Nov | Dec 
2011: Jan | Feb | Mar | Apr | May | Jun | Jul | Aug | Sep | Oct | Nov | Dec 
2010: Jan | Feb | Mar | Apr | May | Jun | Jul | Aug | Sep | Oct | Nov | Dec 
2009: Jan | Feb | Mar | Apr | May | Jun | Jul | Aug | Sep | Oct | Nov | Dec 
2008: Jan | Feb | Mar | Apr | May | Jun | Jul | Aug | Sep | Oct | Nov | Dec 
2007: Jan | Feb | Mar | Apr | May | Jun | Jul | Aug | Sep | Oct | Nov | Dec 
2006: Jan | Feb | Mar | Apr | May | Jun | Jul | Aug | Sep | Oct | Nov | Dec 
2005: Jan | Feb | Mar | Apr | May | Jun | Jul | Aug | Sep | Oct | Nov | Dec 

Report for 2007 08
MONTHLY CLIMATOLOGICAL SUMMARY FOR 8/2007 HEAT COOL MEAN DEG DEG WIND SPEED DOM MEAN MEAN DAY TEMP HIGH TIME LOW TIME DAYS DAYS RAIN AVG HI TIME DIR BAROM HUM --------------------------------------------------------------------------------------- 1 79.2 84.5 4:01pm 74.9 5:48am 0 14 0.51 2 16 4:37pm W 29.87 87 2 83.9 89.3 2:32pm 79.2 1:05am 0 19 0.00 4 18 11:24am SW 29.94 71 3 83.6 91.4 12:35pm 75.1 6:51am 0 19 0.00 3 16 4:58pm WNW 30.01 72 4 84.6 92.7 12:40pm 76.5 6:06am 0 20 0.00 3 18 4:45pm WNW 30.03 73 5 85.6 94.5 3:41pm 76.8 7:02am 0 21 0.00 4 17 4:22pm NW 30.01 69 6 85.5 91.8 11:39am 78.6 6:51am 0 21 0.00 6 21 2:59pm WNW 29.97 72 7 83.9 91.4 1:37pm 78.8 6:41am 0 19 0.21 3 19 3:56pm WNW 29.94 76 8 84.7 90.7 3:45pm 79.0 5:54am 0 20 0.03 3 19 10:52pm WNW 29.93 77 9 83.1 92.3 3:44pm 76.7 4:45pm 0 18 0.40 2 21 4:23pm NW 29.93 81 10 84.2 92.5 1:06pm 77.9 10:29pm 0 19 0.94 2 18 3:39pm W 29.91 77 11 82.5 92.3 2:47pm 77.9 6:35am 0 18 0.00 2 15 3:06pm SW 29.92 81 12 82.5 93.8 2:47pm 76.1 6:37am 0 18 0.22 2 16 4:37pm ESE 29.96 79 13 84.4 93.4 1:51pm 77.4 6:58am 0 19 0.00 2 17 4:00pm S 29.92 74 14 82.6 89.3 3:51pm 77.4 5:29am 0 18 0.32 3 18 3:24pm W 29.90 79 15 82.2 89.0 4:49pm 77.4 6:32am 0 17 0.01 2 16 11:25pm SW 29.93 79 16 83.9 93.6 3:45pm 76.8 7:01am 0 18 0.01 2 17 4:08pm ESE 29.99 73 17 83.9 93.8 4:39pm 74.9 7:16am 0 19 0.00 1 16 2:23pm ESE 30.01 66 18 81.7 92.7 2:09pm 75.3 4:26pm 0 17 0.54 2 18 3:17pm E 30.02 72 19 84.5 95.4 3:51pm 75.8 5:52am 0 19 0.00 5 19 11:06am E 30.01 72 20 86.1 95.4 3:02pm 78.8 6:24am 0 21 0.00 5 20 12:09pm E 30.00 69 21 86.2 96.1 3:46pm 78.8 5:23am 0 21 0.00 5 18 5:11pm E 30.01 69 22 84.9 94.9 2:06pm 76.7 6:54am 0 20 0.00 3 18 12:01pm E 30.00 71 23 82.2 91.0 2:45pm 74.4 5:28pm 0 17 1.64 2 22 4:50pm NE 29.98 79 24 82.0 90.3 2:52pm 77.4 6:15am 0 17 0.00 1 14 3:46pm NE 29.96 80 25 81.0 91.2 1:09pm 75.1 5:53am 0 16 0.07 2 17 5:55pm ESE 29.94 78 26 80.3 91.2 2:14pm 74.9 7:07am 0 15 0.11 2 22 5:28pm ESE 29.94 82 27 82.5 91.6 2:35pm 75.1 3:44am 0 17 0.38 2 14 10:48pm SW 29.98 79 28 84.3 94.9 4:49pm 74.7 6:47am 0 19 0.01 2 16 2:34pm E 30.00 73 29 85.5 95.6 5:11pm 77.0 7:15am 0 20 0.00 2 18 6:00pm E 29.99 72 30 84.7 94.5 4:37pm 74.7 11:13pm 0 20 0.70 3 20 2:07pm NE 29.93 69 31 82.8 89.7 3:28pm 75.8 12:00am 0 18 0.00 2 16 3:08pm W 29.89 77 --------------------------------------------------------------------------------------- TOT 83.5 96.1 8/21/07 74.4 8/23/07 0 573 6.10 3 22 8/23/07 E 29.96 75 HEAT BASE: 65.0 COOL BASE: 65.0
 
  
Hurricane Tracker

Hurricane Tracker
Hurricane Tracker
2017 Storm Tracker Forum


Atlantic Storms
No Storms


Sponsored Links

Recent Forum Posts

New Post
SW FL-Bonita Beach: Sharks, Grouper, Snapper; Sheeps, Drum
Posted by
fishbuster on Nov 30, 2017 at 02:32:09 PM


New Post
SW FL-Bonita Beach:Nice trout Inshore;Keeper Mutton Offshore
Posted by
fishbuster on Nov 09, 2017 at 02:17:33 PM


New Post
Philippe- Final Advisory
Posted by
ccstorms on Oct 29, 2017 at 05:36:13 PM


New Post
Invest 92L- Deactivated
Posted by
ccstorms on Oct 17, 2017 at 06:12:31 AM


New Post
Ophelia- Final Advisory
Posted by
ccstorms on Oct 16, 2017 at 06:32:58 AM


New Post
Nate- Final Advisory
Posted by
ccstorms on Oct 08, 2017 at 02:04:43 PM


***FORUM RULES***

Member Login
Username

Password


Join For Free!!
Click here to Register!

Total Hits
We received
79792396
page views since June 2005

Sponsored Links

Social Networks

Southwest Florida Weather | Central Florida Weather | Florida Weather

Cape Coral | Fort Myers | Bonita Springs | Naples | Punta Gorda | Port Charlotte | Estero | Sanibel | Lehigh Acres | Captiva | Pine Island | Bokeelia | St. James City | Alva | Arcadia | Labelle | Clewiston | Venice

Lee County | Charlotte County | Collier County | Hendry County | Desoto County
Glades County | Monroe County | Sarasota County | Manatee County
Hillsborough County | Pinellas County | Pasco County

Recommend us




Copyright Capeweather.com 2005-2017

DO NOT make decisions that affect life or property based on this data!
PHP-Nuke Copyright © 2004 by Francisco Burzi. This is free software, and you may redistribute it under the GPL. PHP-Nuke comes with absolutely no warranty, for details, see the license.
Page Generation: 0.20 Seconds