Southwest Florida Weather History, Yearly, Monthly, Daily, Records
 Click here to register!Home | Advertise | Forum | Live Webcams | Contact Us | Tell a Friend | Your Account  

Lee County Forecast & Temp
Today

Today: A 20 percent chance of showers after 1pm.  Mostly sunny, with a high near 85. East wind around 10 mph.
Slight Chance
Showers
Tonight

Tonight: Mostly clear, with a low around 68. East wind around 8 mph.
Mostly Clear

Hi 85 °FLo 68 °F
Extended Forecast
Florida Weather Forecast

Southwest Florida Webcams

Main Navigation
Weather
· Home
· Current Conditions
· Storm Warnings
· Station Graphs
· Storm Fronts
· Station History
· Drought Index
· Storm Reports
· Rainfall Estimates
· Fire Graphs

Doppler Radar
· Lee County
· Charlotte County
· Collier County
· Hendry County
· Desoto County
· Glades County
· Sarasota County
· Manatee County
· Hillsborough County
· Pinellas County
· Pasco County
· Southwest Florida
· Florida
· State Radars
· National

Satellite
· South Florida
· North Florida
· Regional
· National

Forecast
· Extended
· Marine
· Discussion
· Florida Forecast
· Hazardous Outlook
· Wave Heights
· Fire

Lightning
· Live
· Tracker
· Loop
· Network
· WASP
· WASP Loop

Tropical Weather
· Hurricane Tracker
· Tropical Satellite
· Sea Temperature
· Discussion
· Buoy Data
· Tracking Tools
· Monthly Summary

Moon and Tides
· Tides
· Moon Phase

Live Products

Fishing Reports

Local News

Other Info

  
 

Southwest Florida Monthly and Yearly Weather Reports

2018: Jan | Feb | Mar | Apr | May | Jun | Jul | Aug | Sep | Oct | Nov | Dec 
2017: Jan | Feb | Mar | Apr | May | Jun | Jul | Aug | Sep | Oct | Nov | Dec 
2016: Jan | Feb | Mar | Apr | May | Jun | Jul | Aug | Sep | Oct | Nov | Dec 
2015: Jan | Feb | Mar | Apr | May | Jun | Jul | Aug | Sep | Oct | Nov | Dec 
2014: Jan | Feb | Mar | Apr | May | Jun | Jul | Aug | Sep | Oct | Nov | Dec 
2013: Jan | Feb | Mar | Apr | May | Jun | Jul | Aug | Sep | Oct | Nov | Dec 
2012: Jan | Feb | Mar | Apr | May | Jun | Jul | Aug | Sep | Oct | Nov | Dec 
2011: Jan | Feb | Mar | Apr | May | Jun | Jul | Aug | Sep | Oct | Nov | Dec 
2010: Jan | Feb | Mar | Apr | May | Jun | Jul | Aug | Sep | Oct | Nov | Dec 
2009: Jan | Feb | Mar | Apr | May | Jun | Jul | Aug | Sep | Oct | Nov | Dec 
2008: Jan | Feb | Mar | Apr | May | Jun | Jul | Aug | Sep | Oct | Nov | Dec 
2007: Jan | Feb | Mar | Apr | May | Jun | Jul | Aug | Sep | Oct | Nov | Dec 
2006: Jan | Feb | Mar | Apr | May | Jun | Jul | Aug | Sep | Oct | Nov | Dec 
2005: Jan | Feb | Mar | Apr | May | Jun | Jul | Aug | Sep | Oct | Nov | Dec 

Report for 2007 11
MONTHLY CLIMATOLOGICAL SUMMARY FOR 11/2007 HEAT COOL MEAN DEG DEG WIND SPEED DOM MEAN MEAN DAY TEMP HIGH TIME LOW TIME DAYS DAYS RAIN AVG HI TIME DIR BAROM HUM --------------------------------------------------------------------------------------- 1 78.8 88.2 4:16pm 73.7 2:42am 0 14 0.00 10 32 8:03pm NNE 29.74 78 2 76.8 86.5 4:24pm 69.8 11:55pm 0 12 0.00 7 21 9:27am N 29.83 73 3 70.1 82.4 3:26pm 60.4 11:14pm 1 6 0.00 5 18 11:42am NNE 30.00 64 4 67.7 82.6 2:38pm 55.9 6:41am 3 5 0.00 3 16 12:11pm NE 30.05 67 5 66.5 83.8 3:17pm 54.8 5:35am 4 5 0.00 3 18 9:53am NE 30.04 58 6 68.1 82.2 12:14pm 58.1 2:28am 2 5 0.00 4 18 4:05pm NE 30.03 67 7 65.7 79.0 12:26pm 57.3 11:56pm 3 3 0.00 4 18 1:56pm N 30.03 72 8 65.2 77.2 1:03pm 51.0 6:32am 3 3 0.00 5 20 12:44pm NNE 30.01 66 9 64.4 78.6 12:34pm 54.7 6:43am 4 3 0.00 4 17 1:59pm NE 30.03 71 10 64.2 79.2 2:27pm 52.2 6:13am 5 4 0.00 3 16 11:40am NNE 30.05 65 11 67.6 83.0 2:35pm 54.4 4:35am 3 6 0.00 3 16 6:48pm NE 30.10 68 12 70.5 83.0 1:10pm 59.0 6:25am 1 7 0.00 4 18 4:29pm ENE 30.16 69 13 70.6 81.4 11:21am 61.3 6:22am 1 6 0.00 4 17 12:03pm ENE 30.08 75 14 71.8 84.5 2:39pm 61.8 6:33am 1 7 0.00 3 19 11:10am NE 29.97 74 15 70.1 81.1 11:18am 61.6 6:41am 1 6 0.02 5 24 8:42pm WNW 29.95 78 16 57.8 70.3 2:54pm 47.7 7:13am 8 1 0.00 6 22 1:01am NNE 30.06 47 17 62.3 77.9 3:22pm 49.2 4:34am 6 3 0.00 3 15 8:57am NE 30.08 69 18 68.8 82.2 12:47pm 57.0 5:12am 2 6 0.00 2 14 12:29pm ENE 30.10 71 19 70.7 83.8 2:07pm 60.2 4:53am 1 7 0.00 4 18 12:54pm ENE 30.12 72 20 70.8 83.4 2:00pm 59.3 5:44am 1 7 0.00 4 17 11:38am E 30.11 67 21 71.2 83.4 2:44pm 62.9 6:27am 0 6 0.00 2 15 11:15am E 30.11 72 22 71.8 81.8 2:01pm 63.2 12:52am 0 7 0.00 2 17 11:50am S 30.07 78 23 70.4 80.5 2:12pm 65.2 11:56pm 0 5 0.01 3 18 11:42pm NNE 30.04 85 24 70.0 82.0 2:15pm 60.5 4:52am 1 6 0.00 4 17 12:23am E 30.07 78 25 72.8 83.8 12:15pm 64.3 4:03am 0 8 0.00 2 17 10:35am E 30.07 82 26 74.3 83.8 1:54pm 67.8 5:00am 0 9 0.00 2 15 9:47am ESE 30.09 82 27 75.3 84.0 2:16pm 69.8 4:28am 0 10 0.00 2 12 11:51am NNW 30.11 82 28 75.0 84.9 4:00pm 68.8 2:20am 0 10 0.01 2 12 8:37am ENE 30.11 80 29 74.6 83.6 2:03pm 67.6 6:19am 0 10 0.00 2 12 3:22pm WNW 30.10 83 30 73.4 80.9 10:44am 68.6 6:14am 0 8 0.02 3 17 9:00pm NNW 30.12 86 --------------------------------------------------------------------------------------- TOT 69.9 88.2 11/1/07 47.7 11/16/07 49 196 0.06 4 32 11/1/07 NE 30.05 73 HEAT BASE: 65.0 COOL BASE: 65.0
 
  
Hurricane Tracker

Hurricane Tracker
Hurricane Tracker
2017 Storm Tracker Forum


Atlantic Storms
No Storms


Sponsored Links

Recent Forum Posts

New Post
Fishing Guides Thoughts
Posted by
chris on Feb 22, 2018 at 09:05:29 AM


New Post
2018 Atlantic Basin Hurricane Names
Posted by
chris on Feb 18, 2018 at 07:34:49 PM


***FORUM RULES***

Member Login
Username

Password


Join For Free!!
Click here to Register!

Total Hits
We received
81607240
page views since June 2005

Sponsored Links

Social Networks

Southwest Florida Weather | Central Florida Weather | Florida Weather

Cape Coral | Fort Myers | Bonita Springs | Naples | Punta Gorda | Port Charlotte | Estero | Sanibel | Lehigh Acres | Captiva | Pine Island | Bokeelia | St. James City | Alva | Arcadia | Labelle | Clewiston | Venice

Lee County | Charlotte County | Collier County | Hendry County | Desoto County
Glades County | Monroe County | Sarasota County | Manatee County
Hillsborough County | Pinellas County | Pasco County

Recommend us




Copyright Capeweather.com 2005-2017

DO NOT make decisions that affect life or property based on this data!
PHP-Nuke Copyright © 2004 by Francisco Burzi. This is free software, and you may redistribute it under the GPL. PHP-Nuke comes with absolutely no warranty, for details, see the license.
Page Generation: 0.39 Seconds