Southwest Florida Weather History, Yearly, Monthly, Daily, Records
 Click here to register!Home | Advertise | Forum | Live Webcams | Contact Us | Tell a Friend | Your Account  

Lee County Forecast & Temp
Tonight

Tonight: Patchy fog after 4am.  Otherwise, partly cloudy, with a low around 67. Light east southeast wind.
Mostly Cloudy
then Patchy
Fog
Monday

Monday: Patchy fog before 7am.  Otherwise, sunny, with a high near 84. Light and variable wind becoming west southwest 5 to 9 mph in the morning.
Patchy Fog
then Sunny

Lo 67 °FHi 84 °F
Extended Forecast
Florida Weather Forecast

Southwest Florida Webcams

Main Navigation
Weather
· Home
· Current Conditions
· Storm Warnings
· Station Graphs
· Storm Fronts
· Station History
· Drought Index
· Storm Reports
· Rainfall Estimates
· Fire Graphs

Doppler Radar
· Lee County
· Charlotte County
· Collier County
· Hendry County
· Desoto County
· Glades County
· Sarasota County
· Manatee County
· Hillsborough County
· Pinellas County
· Pasco County
· Southwest Florida
· Florida
· State Radars
· National

Satellite
· South Florida
· North Florida
· Regional
· National

Forecast
· Extended
· Marine
· Discussion
· Florida Forecast
· Hazardous Outlook
· Wave Heights
· Fire

Lightning
· Live
· Tracker
· Loop
· Network
· WASP
· WASP Loop

Tropical Weather
· Hurricane Tracker
· Tropical Satellite
· Sea Temperature
· Discussion
· Buoy Data
· Tracking Tools
· Monthly Summary

Moon and Tides
· Tides
· Moon Phase

Live Products

Fishing Reports

Local News

Other Info

  
 

Southwest Florida Monthly and Yearly Weather Reports

2018: Jan | Feb | Mar | Apr | May | Jun | Jul | Aug | Sep | Oct | Nov | Dec 
2017: Jan | Feb | Mar | Apr | May | Jun | Jul | Aug | Sep | Oct | Nov | Dec 
2016: Jan | Feb | Mar | Apr | May | Jun | Jul | Aug | Sep | Oct | Nov | Dec 
2015: Jan | Feb | Mar | Apr | May | Jun | Jul | Aug | Sep | Oct | Nov | Dec 
2014: Jan | Feb | Mar | Apr | May | Jun | Jul | Aug | Sep | Oct | Nov | Dec 
2013: Jan | Feb | Mar | Apr | May | Jun | Jul | Aug | Sep | Oct | Nov | Dec 
2012: Jan | Feb | Mar | Apr | May | Jun | Jul | Aug | Sep | Oct | Nov | Dec 
2011: Jan | Feb | Mar | Apr | May | Jun | Jul | Aug | Sep | Oct | Nov | Dec 
2010: Jan | Feb | Mar | Apr | May | Jun | Jul | Aug | Sep | Oct | Nov | Dec 
2009: Jan | Feb | Mar | Apr | May | Jun | Jul | Aug | Sep | Oct | Nov | Dec 
2008: Jan | Feb | Mar | Apr | May | Jun | Jul | Aug | Sep | Oct | Nov | Dec 
2007: Jan | Feb | Mar | Apr | May | Jun | Jul | Aug | Sep | Oct | Nov | Dec 
2006: Jan | Feb | Mar | Apr | May | Jun | Jul | Aug | Sep | Oct | Nov | Dec 
2005: Jan | Feb | Mar | Apr | May | Jun | Jul | Aug | Sep | Oct | Nov | Dec 

Report for 2007 12
MONTHLY CLIMATOLOGICAL SUMMARY FOR 12/2007 HEAT COOL MEAN DEG DEG WIND SPEED DOM MEAN MEAN DAY TEMP HIGH TIME LOW TIME DAYS DAYS RAIN AVG HI TIME DIR BAROM HUM --------------------------------------------------------------------------------------- 1 74.3 83.2 1:58pm 66.6 7:21am 0 9 0.00 3 16 10:56am ENE 30.17 79 2 73.2 82.8 1:37pm 66.3 7:06am 0 8 0.00 2 14 2:52pm ENE 30.18 81 3 72.3 82.8 11:49am 64.8 7:11am 0 7 0.01 3 16 1:29pm WNW 30.09 81 4 64.8 74.7 12:41pm 54.5 11:50pm 3 2 0.01 4 19 2:14am NNE 29.95 72 5 63.7 74.2 1:49pm 51.6 2:56am 5 3 0.00 3 16 2:27pm W 29.89 78 6 68.6 81.4 1:08pm 61.2 6:34am 1 5 0.00 1 12 1:00pm E 30.05 78 7 71.5 83.4 2:32pm 60.5 12:43am 1 8 0.00 2 11 1:40pm E 30.18 81 8 75.4 84.7 2:37pm 67.6 7:11am 0 10 0.00 3 18 6:59pm E 30.21 78 9 74.3 84.7 1:27pm 66.8 7:08am 0 9 0.00 3 15 12:03pm E 30.21 75 10 73.0 83.0 12:48pm 64.7 5:14am 0 8 0.00 3 15 2:47pm ENE 30.20 78 11 73.6 84.5 1:28pm 65.5 6:24am 0 9 0.00 4 18 3:03pm E 30.18 76 12 73.7 85.1 1:57pm 64.5 7:13am 0 9 0.00 3 15 2:05pm ENE 30.13 74 13 75.2 84.9 1:50pm 65.2 7:01am 0 9 0.00 3 13 12:01pm ENE 30.07 76 14 74.5 83.0 1:16pm 70.3 7:41am 0 9 0.43 2 12 3:40pm ENE 30.03 87 15 76.3 82.6 12:42pm 72.0 5:20am 0 11 0.01 5 23 2:03pm SSE 29.93 86 16 70.3 76.5 12:32am 55.1 11:58pm 1 6 0.02 10 31 12:56pm NW 29.91 76 17 53.0 64.0 2:33pm 42.9 7:19am 12 0 0.00 6 20 2:21am NNE 30.18 59 18 58.7 75.3 3:14pm 45.5 5:04am 8 2 0.00 4 16 8:44am NE 30.22 69 19 65.0 77.9 2:02pm 55.0 7:18am 3 3 0.00 2 11 11:02am ENE 30.15 71 20 66.4 78.8 12:48pm 55.7 3:08am 3 4 0.00 1 13 11:56am SW 30.02 77 21 68.6 77.9 12:38pm 59.3 11:56pm 1 4 0.23 3 19 12:56pm NW 29.90 81 22 63.9 76.8 2:32pm 53.3 7:09am 4 3 0.01 3 13 4:27am NNE 30.01 81 23 65.7 77.4 1:56pm 58.1 5:27am 2 3 0.00 2 12 2:19pm NE 30.07 86 24 68.6 81.2 1:58pm 60.5 5:04am 1 5 0.00 2 12 9:00pm NNE 30.06 83 25 68.4 80.3 1:16pm 62.0 4:17am 1 4 0.00 2 20 4:12pm WNW 29.99 86 26 67.5 79.6 1:53pm 61.2 6:30am 1 3 0.01 2 13 3:32pm NNE 29.96 85 27 69.2 79.9 2:24pm 62.4 1:27am 1 5 0.00 1 11 10:57am NNE 30.03 84 28 72.1 83.2 12:40pm 63.7 5:28am 0 7 0.00 1 13 11:32am SW 30.09 85 29 73.1 81.8 12:59pm 66.4 6:47am 0 8 0.01 2 15 11:03am SW 30.08 86 30 74.2 81.6 1:39pm 68.3 2:29am 0 9 0.00 2 19 10:50am SSE 30.02 84 31 75.0 81.2 11:27am 71.8 11:25pm 0 10 0.00 1 15 1:03pm SW 30.03 86 --------------------------------------------------------------------------------------- TOT 69.8 85.1 12/12/07 42.9 12/17/07 47 195 0.74 3 31 12/16/07 ENE 30.07 79 HEAT BASE: 65.0 COOL BASE: 65.0
 
  
Hurricane Tracker

Hurricane Tracker
Hurricane Tracker
2017 Storm Tracker Forum


Atlantic Storms
No Storms


Sponsored Links

Recent Forum Posts

New Post
Fabulous Florida Fishing with Tide Walker Charters
Posted by
captruss on Feb 24, 2018 at 07:15:52 AM


New Post
SW FL-Bonita Beach: Still windy, still fishing
Posted by
fishbuster on Feb 23, 2018 at 05:40:40 PM


***FORUM RULES***

Member Login
Username

Password


Join For Free!!
Click here to Register!

Total Hits
We received
81670534
page views since June 2005

Sponsored Links

Social Networks

Southwest Florida Weather | Central Florida Weather | Florida Weather

Cape Coral | Fort Myers | Bonita Springs | Naples | Punta Gorda | Port Charlotte | Estero | Sanibel | Lehigh Acres | Captiva | Pine Island | Bokeelia | St. James City | Alva | Arcadia | Labelle | Clewiston | Venice

Lee County | Charlotte County | Collier County | Hendry County | Desoto County
Glades County | Monroe County | Sarasota County | Manatee County
Hillsborough County | Pinellas County | Pasco County

Recommend us




Copyright Capeweather.com 2005-2017

DO NOT make decisions that affect life or property based on this data!
PHP-Nuke Copyright © 2004 by Francisco Burzi. This is free software, and you may redistribute it under the GPL. PHP-Nuke comes with absolutely no warranty, for details, see the license.
Page Generation: 0.28 Seconds