Southwest Florida Weather History, Yearly, Monthly, Daily, Records
 Click here to register!Home | Advertise | Forum | Live Webcams | Contact Us | Tell a Friend | Your Account  

Lee County Forecast & Temp
Today

Today: A 20 percent chance of showers after 1pm.  Mostly sunny, with a high near 85. East wind around 10 mph.
Slight Chance
Showers
Tonight

Tonight: Mostly clear, with a low around 68. East wind around 8 mph.
Mostly Clear

Hi 85 °FLo 68 °F
Extended Forecast
Florida Weather Forecast

Southwest Florida Webcams

Main Navigation
Weather
· Home
· Current Conditions
· Storm Warnings
· Station Graphs
· Storm Fronts
· Station History
· Drought Index
· Storm Reports
· Rainfall Estimates
· Fire Graphs

Doppler Radar
· Lee County
· Charlotte County
· Collier County
· Hendry County
· Desoto County
· Glades County
· Sarasota County
· Manatee County
· Hillsborough County
· Pinellas County
· Pasco County
· Southwest Florida
· Florida
· State Radars
· National

Satellite
· South Florida
· North Florida
· Regional
· National

Forecast
· Extended
· Marine
· Discussion
· Florida Forecast
· Hazardous Outlook
· Wave Heights
· Fire

Lightning
· Live
· Tracker
· Loop
· Network
· WASP
· WASP Loop

Tropical Weather
· Hurricane Tracker
· Tropical Satellite
· Sea Temperature
· Discussion
· Buoy Data
· Tracking Tools
· Monthly Summary

Moon and Tides
· Tides
· Moon Phase

Live Products

Fishing Reports

Local News

Other Info

  
 

Southwest Florida Monthly and Yearly Weather Reports

2018: Jan | Feb | Mar | Apr | May | Jun | Jul | Aug | Sep | Oct | Nov | Dec 
2017: Jan | Feb | Mar | Apr | May | Jun | Jul | Aug | Sep | Oct | Nov | Dec 
2016: Jan | Feb | Mar | Apr | May | Jun | Jul | Aug | Sep | Oct | Nov | Dec 
2015: Jan | Feb | Mar | Apr | May | Jun | Jul | Aug | Sep | Oct | Nov | Dec 
2014: Jan | Feb | Mar | Apr | May | Jun | Jul | Aug | Sep | Oct | Nov | Dec 
2013: Jan | Feb | Mar | Apr | May | Jun | Jul | Aug | Sep | Oct | Nov | Dec 
2012: Jan | Feb | Mar | Apr | May | Jun | Jul | Aug | Sep | Oct | Nov | Dec 
2011: Jan | Feb | Mar | Apr | May | Jun | Jul | Aug | Sep | Oct | Nov | Dec 
2010: Jan | Feb | Mar | Apr | May | Jun | Jul | Aug | Sep | Oct | Nov | Dec 
2009: Jan | Feb | Mar | Apr | May | Jun | Jul | Aug | Sep | Oct | Nov | Dec 
2008: Jan | Feb | Mar | Apr | May | Jun | Jul | Aug | Sep | Oct | Nov | Dec 
2007: Jan | Feb | Mar | Apr | May | Jun | Jul | Aug | Sep | Oct | Nov | Dec 
2006: Jan | Feb | Mar | Apr | May | Jun | Jul | Aug | Sep | Oct | Nov | Dec 
2005: Jan | Feb | Mar | Apr | May | Jun | Jul | Aug | Sep | Oct | Nov | Dec 

Report for 2008 05
MONTHLY CLIMATOLOGICAL SUMMARY FOR 5/2008 HEAT COOL MEAN DEG DEG WIND SPEED DOM MEAN MEAN DAY TEMP HIGH TIME LOW TIME DAYS DAYS RAIN AVG HI TIME DIR BAROM HUM --------------------------------------------------------------------------------------- 1 74.2 87.4 3:25pm 62.9 6:48am 0 10 0.00 4 18 9:44pm E 30.03 57 2 75.6 87.4 3:54pm 65.5 6:33am 0 11 0.00 4 18 10:41am E 30.00 60 3 75.7 85.3 12:11pm 66.3 6:52am 0 11 0.00 4 19 3:38pm SW 29.98 70 4 76.7 84.9 1:54pm 68.8 6:54am 0 12 0.00 4 17 4:33pm NW 29.98 70 5 75.8 84.3 12:35pm 68.3 6:57am 0 11 0.00 4 20 5:30pm WNW 29.98 74 6 74.3 83.8 12:17pm 63.9 6:57am 0 9 0.00 4 21 4:12pm NW 29.95 72 7 76.1 88.2 12:25pm 63.5 5:44am 0 11 0.00 3 17 4:04pm SW 29.93 66 8 78.1 85.7 2:38pm 70.1 6:17am 0 12 0.00 3 18 10:35am SW 29.92 79 9 80.4 85.9 12:57pm 77.0 12:23am 0 15 0.00 5 18 2:14pm WSW 29.91 81 10 79.4 86.3 3:28pm 73.0 6:31am 0 14 0.00 4 17 3:18pm W 29.91 80 11 80.7 86.7 2:39pm 73.9 3:07am 0 16 0.00 7 21 11:38pm WSW 29.86 80 12 79.5 84.7 1:54pm 70.1 11:59pm 0 15 0.00 10 24 1:28am WNW 29.86 67 13 74.5 86.7 1:34pm 61.0 5:01am 1 10 0.00 4 20 5:18pm NE 29.97 61 14 77.3 89.5 4:39pm 68.4 6:19am 0 12 0.00 5 18 10:56pm E 30.02 59 15 75.8 84.3 4:08pm 66.1 6:26am 0 11 0.00 3 18 10:08am ESE 30.01 67 16 78.6 85.7 1:41pm 71.5 6:53am 0 14 0.00 4 18 1:04am SSE 29.96 71 17 79.5 85.1 1:55pm 75.1 4:58am 0 14 0.00 6 19 3:10pm W 29.91 78 18 80.2 85.1 12:56pm 76.3 4:20am 0 15 0.00 6 20 3:10pm WSW 29.87 78 19 80.7 86.5 1:34pm 77.7 11:18pm 0 16 0.01 7 21 2:06pm SW 29.89 81 20 80.9 85.7 4:36pm 76.7 10:11pm 0 16 0.08 8 25 9:24pm SW 29.87 80 21 81.3 85.9 1:49pm 78.5 12:00am 0 16 0.00 9 22 10:16am WSW 29.82 77 22 82.1 88.6 1:07pm 76.7 11:50pm 0 17 0.00 4 16 2:21pm WSW 29.85 76 23 81.6 89.9 1:50pm 73.2 6:11am 0 17 0.00 2 15 12:51pm SW 29.91 77 24 82.2 90.1 1:45pm 74.9 5:12am 0 17 0.00 5 21 1:23pm WNW 29.90 75 25 82.2 93.6 2:47pm 73.0 6:37am 0 17 0.00 5 21 4:31pm E 29.91 65 26 78.3 89.5 3:48pm 68.1 7:02am 0 13 0.00 5 20 6:40pm E 29.96 56 27 78.3 90.3 4:31pm 65.5 6:00am 0 13 0.00 4 19 2:57pm E 29.95 61 28 80.8 91.8 4:50pm 69.6 6:45am 0 16 0.01 3 19 7:01pm E 29.98 65 29 83.6 95.6 3:29pm 75.3 6:40am 0 19 0.00 4 16 11:23pm E 30.00 61 30 81.4 93.8 2:47pm 73.0 7:01am 0 16 0.00 4 19 11:53am E 30.01 71 31 82.2 93.4 1:39pm 75.1 5:47am 0 17 0.04 3 17 3:32pm E 30.00 74 --------------------------------------------------------------------------------------- TOT 79.0 95.6 5/29/08 61.0 5/13/08 1 433 0.14 5 25 5/20/08 WSW 29.94 71 HEAT BASE: 65.0 COOL BASE: 65.0
 
  
Hurricane Tracker

Hurricane Tracker
Hurricane Tracker
2017 Storm Tracker Forum


Atlantic Storms
No Storms


Sponsored Links

Recent Forum Posts

New Post
Fishing Guides Thoughts
Posted by
chris on Feb 22, 2018 at 09:05:29 AM


New Post
2018 Atlantic Basin Hurricane Names
Posted by
chris on Feb 18, 2018 at 07:34:49 PM


***FORUM RULES***

Member Login
Username

Password


Join For Free!!
Click here to Register!

Total Hits
We received
81607146
page views since June 2005

Sponsored Links

Social Networks

Southwest Florida Weather | Central Florida Weather | Florida Weather

Cape Coral | Fort Myers | Bonita Springs | Naples | Punta Gorda | Port Charlotte | Estero | Sanibel | Lehigh Acres | Captiva | Pine Island | Bokeelia | St. James City | Alva | Arcadia | Labelle | Clewiston | Venice

Lee County | Charlotte County | Collier County | Hendry County | Desoto County
Glades County | Monroe County | Sarasota County | Manatee County
Hillsborough County | Pinellas County | Pasco County

Recommend us




Copyright Capeweather.com 2005-2017

DO NOT make decisions that affect life or property based on this data!
PHP-Nuke Copyright © 2004 by Francisco Burzi. This is free software, and you may redistribute it under the GPL. PHP-Nuke comes with absolutely no warranty, for details, see the license.
Page Generation: 0.25 Seconds