Southwest Florida Weather History, Yearly, Monthly, Daily, Records
 Click here to register!Home | Advertise | Forum | Live Webcams | Contact Us | Tell a Friend | Your Account  

Lee County Forecast & Temp
Overnight

Overnight: Partly cloudy, with a low around 69. East wind around 9 mph.
Partly Cloudy
Tuesday

Tuesday: Mostly sunny, with a high near 88. East wind 8 to 14 mph, with gusts as high as 20 mph.
Mostly Sunny
Lo 69 °FHi 88 °F
Extended Forecast
Florida Weather Forecast

Southwest Florida Webcams

Main Navigation
Weather
· Home
· Current Conditions
· Storm Warnings
· Station Graphs
· Storm Fronts
· Station History
· Drought Index
· Storm Reports
· Rainfall Estimates
· Fire Graphs

Doppler Radar
· Lee County
· Charlotte County
· Collier County
· Hendry County
· Desoto County
· Glades County
· Sarasota County
· Manatee County
· Hillsborough County
· Pinellas County
· Pasco County
· Southwest Florida
· Florida
· State Radars
· National

Satellite
· South Florida
· North Florida
· Regional
· National

Forecast
· Extended
· Marine
· Discussion
· Florida Forecast
· Hazardous Outlook
· Wave Heights
· Fire

Lightning
· Live
· Tracker
· Loop
· Network
· WASP
· WASP Loop

Tropical Weather
· Hurricane Tracker
· Tropical Satellite
· Sea Temperature
· Discussion
· Buoy Data
· Tracking Tools
· Monthly Summary

Moon and Tides
· Tides
· Moon Phase

Live Products

Fishing Reports

Local News

Other Info

  
 

Southwest Florida Monthly and Yearly Weather Reports

2018: Jan | Feb | Mar | Apr | May | Jun | Jul | Aug | Sep | Oct | Nov | Dec 
2017: Jan | Feb | Mar | Apr | May | Jun | Jul | Aug | Sep | Oct | Nov | Dec 
2016: Jan | Feb | Mar | Apr | May | Jun | Jul | Aug | Sep | Oct | Nov | Dec 
2015: Jan | Feb | Mar | Apr | May | Jun | Jul | Aug | Sep | Oct | Nov | Dec 
2014: Jan | Feb | Mar | Apr | May | Jun | Jul | Aug | Sep | Oct | Nov | Dec 
2013: Jan | Feb | Mar | Apr | May | Jun | Jul | Aug | Sep | Oct | Nov | Dec 
2012: Jan | Feb | Mar | Apr | May | Jun | Jul | Aug | Sep | Oct | Nov | Dec 
2011: Jan | Feb | Mar | Apr | May | Jun | Jul | Aug | Sep | Oct | Nov | Dec 
2010: Jan | Feb | Mar | Apr | May | Jun | Jul | Aug | Sep | Oct | Nov | Dec 
2009: Jan | Feb | Mar | Apr | May | Jun | Jul | Aug | Sep | Oct | Nov | Dec 
2008: Jan | Feb | Mar | Apr | May | Jun | Jul | Aug | Sep | Oct | Nov | Dec 
2007: Jan | Feb | Mar | Apr | May | Jun | Jul | Aug | Sep | Oct | Nov | Dec 
2006: Jan | Feb | Mar | Apr | May | Jun | Jul | Aug | Sep | Oct | Nov | Dec 
2005: Jan | Feb | Mar | Apr | May | Jun | Jul | Aug | Sep | Oct | Nov | Dec 

Report for 2008 09
MONTHLY CLIMATOLOGICAL SUMMARY FOR 9/2008 HEAT COOL MEAN DEG DEG WIND SPEED DOM MEAN MEAN DAY TEMP HIGH TIME LOW TIME DAYS DAYS RAIN AVG HI TIME DIR BAROM HUM --------------------------------------------------------------------------------------- 1 84.7 93.6 3:42pm 78.6 6:11am 0 20 0.00 6 18 4:43pm E 29.84 76 2 84.2 93.2 2:14pm 77.6 6:29am 0 19 0.00 6 20 4:05pm ENE 29.83 75 3 84.3 93.8 4:05pm 76.7 6:42am 0 19 0.00 5 17 10:20am ENE 29.81 73 4 82.5 92.3 2:10pm 76.5 5:48am 0 17 0.00 6 21 4:50pm ENE 29.77 72 5 80.8 86.7 2:35pm 74.7 11:43pm 0 16 0.00 7 26 2:29pm WNW 29.74 72 6 80.5 89.0 2:15pm 72.5 5:48am 0 15 0.00 2 14 3:18pm WNW 29.92 74 7 84.0 95.6 3:09pm 75.6 6:13am 0 19 0.00 4 15 11:09am ENE 29.95 69 8 82.8 92.3 3:11pm 77.9 5:06am 0 17 0.08 7 26 2:06pm ENE 29.89 78 9 79.8 86.7 10:39am 73.2 6:36pm 0 15 0.44 8 27 10:24am ENE 29.82 85 10 80.3 85.1 3:02pm 73.7 8:01am 0 15 0.83 8 33 7:19am ESE 29.82 86 11 84.0 91.8 3:38pm 80.3 7:02am 0 19 0.00 7 26 2:24pm ESE 29.93 77 12 83.2 91.6 2:11pm 77.2 7:17am 0 18 0.00 3 15 10:14am ESE 29.97 78 13 83.4 93.2 3:58pm 76.3 6:55am 0 18 0.00 3 14 10:49am E 29.94 75 14 82.1 93.8 3:44pm 74.4 10:53pm 0 17 0.45 5 20 7:29pm E 29.93 78 15 81.1 88.6 4:12pm 73.9 7:13am 0 16 0.01 3 16 5:32pm ENE 29.94 80 16 82.4 91.4 2:17pm 76.1 4:56am 0 17 0.01 3 16 4:24pm E 29.96 78 17 82.1 92.1 4:56pm 72.0 11:58pm 0 17 0.45 3 24 7:29pm E 29.94 77 18 80.3 92.5 4:37pm 72.0 12:00am 0 15 0.09 4 34 7:47pm ENE 29.94 80 19 81.1 91.2 2:58pm 73.9 4:45am 0 16 0.01 2 20 5:06pm NNE 29.95 75 20 80.7 91.0 3:14pm 72.8 4:36am 0 16 0.00 4 15 7:09pm NE 29.94 76 21 80.3 92.9 3:03pm 74.2 7:17pm 0 15 0.63 3 22 5:42pm E 29.97 80 22 79.9 91.4 2:03pm 72.7 9:06pm 0 15 0.52 4 23 8:08pm E 30.00 83 23 80.1 91.0 4:23pm 74.2 12:00am 0 15 0.01 6 20 6:27pm NE 29.95 81 24 78.7 89.5 2:47pm 73.7 7:07am 0 14 0.24 10 28 11:00am NE 29.89 78 25 77.3 89.3 3:17pm 70.3 7:17am 0 12 0.00 7 23 12:00am NE 29.85 72 26 77.4 87.4 4:04pm 67.9 6:56am 0 12 0.00 3 12 12:41am WNW 29.86 71 27 77.8 86.7 2:07pm 71.1 7:14am 0 13 0.01 3 11 1:30pm NE 29.90 75 28 76.3 78.3 3:55pm 74.4 11:54pm 0 11 0.20 2 11 7:37pm E 29.93 92 29 77.5 86.1 3:23pm 72.3 10:00pm 0 12 0.87 3 18 9:23pm ENE 29.91 85 30 72.9 76.1 6:42pm 70.6 5:08am 0 8 0.29 2 14 2:57pm ESE 29.88 92 --------------------------------------------------------------------------------------- TOT 80.8 95.6 9/7/08 67.9 9/26/08 0 470 5.14 5 34 9/18/08 ENE 29.90 78 HEAT BASE: 65.0 COOL BASE: 65.0
 
  
Hurricane Tracker

Hurricane Tracker
Hurricane Tracker
2017 Storm Tracker Forum


Atlantic Storms
No Storms


Sponsored Links

Recent Forum Posts

New Post
Fishing Guides Thoughts
Posted by
captruss on Feb 19, 2018 at 01:51:59 PM


New Post
2018 Atlantic Basin Hurricane Names
Posted by
chris on Feb 18, 2018 at 07:34:49 PM


***FORUM RULES***

Member Login
Username

Password


Join For Free!!
Click here to Register!

Total Hits
We received
81516500
page views since June 2005

Sponsored Links

Social Networks

Southwest Florida Weather | Central Florida Weather | Florida Weather

Cape Coral | Fort Myers | Bonita Springs | Naples | Punta Gorda | Port Charlotte | Estero | Sanibel | Lehigh Acres | Captiva | Pine Island | Bokeelia | St. James City | Alva | Arcadia | Labelle | Clewiston | Venice

Lee County | Charlotte County | Collier County | Hendry County | Desoto County
Glades County | Monroe County | Sarasota County | Manatee County
Hillsborough County | Pinellas County | Pasco County

Recommend us




Copyright Capeweather.com 2005-2017

DO NOT make decisions that affect life or property based on this data!
PHP-Nuke Copyright © 2004 by Francisco Burzi. This is free software, and you may redistribute it under the GPL. PHP-Nuke comes with absolutely no warranty, for details, see the license.
Page Generation: 0.21 Seconds