Southwest Florida Weather History, Yearly, Monthly, Daily, Records
 Click here to register!Home | Advertise | Forum | Live Webcams | Contact Us | Tell a Friend | Your Account  

Lee County Forecast
This
Afternoon
This Afternoon: Sunny, with a high near 65. West northwest wind around 7 mph.
Sunny
Tonight

Tonight: Mostly clear, with a low around 49. West northwest wind around 5 mph becoming calm  in the evening.
Mostly Clear
Hi 65 °FLo 49 °F
Extended Forecast
Florida Weather Forecast

Southwest Florida Webcams

Main Navigation
Weather
· Home
· Current Conditions
· Storm Warnings
· Station Graphs
· Storm Fronts
· Station History
· Drought Index
· Storm Reports
· Rainfall Estimates
· Fire Graphs

Doppler Radar
· Lee County
· Charlotte County
· Collier County
· Hendry County
· Desoto County
· Glades County
· Sarasota County
· Manatee County
· Hillsborough County
· Pinellas County
· Pasco County
· Southwest Florida
· Florida
· State Radars
· National

Satellite
· South Florida
· North Florida
· Regional
· National

Forecast
· Extended
· Marine
· Discussion
· Florida Forecast
· Hazardous Outlook
· Wave Heights
· Fire

Lightning
· Live
· Tracker
· Loop
· Network
· WASP
· WASP Loop

Tropical Weather
· Hurricane Tracker
· Tropical Satellite
· Sea Temperature
· Discussion
· Buoy Data
· Tracking Tools
· Monthly Summary

Moon and Tides
· Tides
· Moon Phase

Live Products

Fishing Reports

Local News

Other Info

Support Us

Support Capeweather.com
donations

If you find this website useful, consider making
a donation.

Click here to learn more


  
 

Southwest Florida Monthly and Yearly Weather Reports

2017: Jan | Feb | Mar | Apr | May | Jun | Jul | Aug | Sep | Oct | Nov | Dec 
2016: Jan | Feb | Mar | Apr | May | Jun | Jul | Aug | Sep | Oct | Nov | Dec 
2015: Jan | Feb | Mar | Apr | May | Jun | Jul | Aug | Sep | Oct | Nov | Dec 
2014: Jan | Feb | Mar | Apr | May | Jun | Jul | Aug | Sep | Oct | Nov | Dec 
2013: Jan | Feb | Mar | Apr | May | Jun | Jul | Aug | Sep | Oct | Nov | Dec 
2012: Jan | Feb | Mar | Apr | May | Jun | Jul | Aug | Sep | Oct | Nov | Dec 
2011: Jan | Feb | Mar | Apr | May | Jun | Jul | Aug | Sep | Oct | Nov | Dec 
2010: Jan | Feb | Mar | Apr | May | Jun | Jul | Aug | Sep | Oct | Nov | Dec 
2009: Jan | Feb | Mar | Apr | May | Jun | Jul | Aug | Sep | Oct | Nov | Dec 
2008: Jan | Feb | Mar | Apr | May | Jun | Jul | Aug | Sep | Oct | Nov | Dec 
2007: Jan | Feb | Mar | Apr | May | Jun | Jul | Aug | Sep | Oct | Nov | Dec 
2006: Jan | Feb | Mar | Apr | May | Jun | Jul | Aug | Sep | Oct | Nov | Dec 
2005: Jan | Feb | Mar | Apr | May | Jun | Jul | Aug | Sep | Oct | Nov | Dec 

Report for 2008 10
MONTHLY CLIMATOLOGICAL SUMMARY FOR 10/2008 HEAT COOL MEAN DEG DEG WIND SPEED DOM MEAN MEAN DAY TEMP HIGH TIME LOW TIME DAYS DAYS RAIN AVG HI TIME DIR BAROM HUM --------------------------------------------------------------------------------------- 1 76.4 84.5 12:17pm 69.1 7:22am 0 11 0.00 3 18 4:15pm WNW 29.83 82 2 76.6 84.7 12:05pm 69.9 6:48am 0 12 0.00 3 14 4:33pm W 29.84 73 3 76.5 87.2 2:42pm 65.8 7:30am 0 12 0.00 2 11 5:31pm N 29.93 66 4 76.0 82.8 1:22pm 72.0 7:35am 0 11 0.12 6 21 5:44pm E 30.00 83 5 78.9 89.3 1:42pm 73.0 6:54am 0 14 0.01 5 19 5:02pm ENE 30.00 80 6 79.1 89.7 3:14pm 75.4 4:00pm 0 14 0.45 4 22 4:58pm ENE 29.98 85 7 79.9 90.7 3:37pm 74.2 7:08am 0 15 0.01 5 23 4:20pm ENE 29.98 81 8 79.8 88.2 12:10pm 73.0 6:51am 0 15 0.02 3 14 3:08pm E 29.93 83 9 80.0 86.7 12:11pm 75.8 2:52am 0 15 0.25 2 14 12:40pm WSW 29.88 85 10 81.0 88.6 1:35pm 75.4 7:39am 0 16 0.00 2 15 6:34pm NW 29.90 83 11 81.6 91.6 4:46pm 73.9 5:15am 0 16 0.00 4 15 1:18pm NNE 29.91 77 12 81.2 91.4 2:39pm 75.6 6:03am 0 16 0.19 4 25 5:49pm E 29.95 80 13 78.9 89.0 1:53pm 74.4 6:56am 0 14 0.12 8 30 2:57pm ENE 29.99 83 14 79.4 88.0 2:41pm 74.7 5:50am 0 14 0.00 8 25 1:21pm ENE 29.99 76 15 78.3 87.8 3:22pm 70.9 7:41am 0 13 0.00 7 23 12:26pm ENE 30.01 70 16 77.1 87.8 3:22pm 67.8 7:37am 0 12 0.00 5 21 11:25am ENE 30.02 69 17 76.3 88.2 2:37pm 67.8 4:05am 0 11 0.00 3 13 10:58am ENE 30.01 75 18 76.0 83.4 3:40pm 70.1 2:56am 0 11 0.00 3 19 3:53pm NE 29.94 78 19 74.6 85.3 5:03pm 65.5 7:48am 0 10 0.00 8 21 10:02am ENE 29.99 67 20 72.4 82.2 4:45pm 64.5 5:46am 0 7 0.00 7 22 1:12pm ENE 30.09 76 21 73.8 86.3 3:18pm 63.1 7:35am 0 9 0.00 4 19 12:16pm ENE 30.07 69 22 73.3 83.2 3:04pm 66.6 4:32am 0 8 0.17 6 18 12:15pm ENE 30.02 79 23 75.2 81.2 2:03pm 71.6 11:49pm 0 10 0.15 7 24 2:14pm E 30.03 83 24 75.2 80.7 2:53pm 71.6 12:00am 0 10 0.39 4 18 2:15am SSE 29.95 91 25 77.2 84.0 12:22pm 73.0 11:57pm 0 12 0.04 3 15 4:45pm NW 29.91 88 26 72.7 83.4 3:42pm 62.6 11:53pm 0 8 0.01 5 19 9:24am NE 29.97 66 27 68.6 80.7 3:00pm 58.6 5:14am 2 6 0.00 5 18 1:38pm NNE 30.05 69 28 59.2 67.9 12:00am 50.8 7:51am 6 0 0.00 9 26 10:24am NNE 30.20 46 29 57.2 70.9 4:40pm 44.6 7:39am 9 1 0.00 5 17 9:49am NNE 30.24 58 30 61.7 78.6 3:44pm 49.9 7:09am 6 3 0.00 5 22 9:37am NE 30.29 56 31 67.8 81.6 2:37pm 57.6 5:26am 2 5 0.00 6 23 11:10am NE 30.28 68 --------------------------------------------------------------------------------------- TOT 74.9 91.6 10/11/08 44.6 10/29/08 26 331 1.93 5 30 10/13/08 ENE 30.01 75 HEAT BASE: 65.0 COOL BASE: 65.0
 
  
Hurricane Tracker

Hurricane Tracker
Hurricane Tracker
2017 Storm Tracker Forum


Atlantic Storms
No Storms


Sponsored Links

Recent Forum Posts

New Post
SW FL-Bonita Beach: Sharks, Grouper, Snapper; Sheeps, Drum
Posted by
fishbuster on Nov 30, 2017 at 02:32:09 PM


New Post
SW FL-Bonita Beach:Nice trout Inshore;Keeper Mutton Offshore
Posted by
fishbuster on Nov 09, 2017 at 02:17:33 PM


New Post
Philippe- Final Advisory
Posted by
ccstorms on Oct 29, 2017 at 05:36:13 PM


New Post
Invest 92L- Deactivated
Posted by
ccstorms on Oct 17, 2017 at 06:12:31 AM


New Post
Ophelia- Final Advisory
Posted by
ccstorms on Oct 16, 2017 at 06:32:58 AM


New Post
Nate- Final Advisory
Posted by
ccstorms on Oct 08, 2017 at 02:04:43 PM


***FORUM RULES***

Member Login
Username

Password


Join For Free!!
Click here to Register!

Total Hits
We received
79797705
page views since June 2005

Sponsored Links

Social Networks

Southwest Florida Weather | Central Florida Weather | Florida Weather

Cape Coral | Fort Myers | Bonita Springs | Naples | Punta Gorda | Port Charlotte | Estero | Sanibel | Lehigh Acres | Captiva | Pine Island | Bokeelia | St. James City | Alva | Arcadia | Labelle | Clewiston | Venice

Lee County | Charlotte County | Collier County | Hendry County | Desoto County
Glades County | Monroe County | Sarasota County | Manatee County
Hillsborough County | Pinellas County | Pasco County

Recommend us




Copyright Capeweather.com 2005-2017

DO NOT make decisions that affect life or property based on this data!
PHP-Nuke Copyright © 2004 by Francisco Burzi. This is free software, and you may redistribute it under the GPL. PHP-Nuke comes with absolutely no warranty, for details, see the license.
Page Generation: 0.27 Seconds