Southwest Florida Weather History, Yearly, Monthly, Daily, Records
 Click here to register!Home | Advertise | Forum | Live Webcams | Contact Us | Tell a Friend | Your Account  

Lee County Forecast
Overnight

Overnight: Mostly clear, with a low around 49. North wind around 10 mph.
Mostly Clear
Wednesday

Wednesday: Sunny, with a high near 66. North northeast wind 8 to 10 mph becoming northwest in the afternoon.
Sunny
Lo 49 °FHi 66 °F
Extended Forecast
Florida Weather Forecast

Southwest Florida Webcams

Main Navigation
Weather
· Home
· Current Conditions
· Storm Warnings
· Station Graphs
· Storm Fronts
· Station History
· Drought Index
· Storm Reports
· Rainfall Estimates
· Fire Graphs

Doppler Radar
· Lee County
· Charlotte County
· Collier County
· Hendry County
· Desoto County
· Glades County
· Sarasota County
· Manatee County
· Hillsborough County
· Pinellas County
· Pasco County
· Southwest Florida
· Florida
· State Radars
· National

Satellite
· South Florida
· North Florida
· Regional
· National

Forecast
· Extended
· Marine
· Discussion
· Florida Forecast
· Hazardous Outlook
· Wave Heights
· Fire

Lightning
· Live
· Tracker
· Loop
· Network
· WASP
· WASP Loop

Tropical Weather
· Hurricane Tracker
· Tropical Satellite
· Sea Temperature
· Discussion
· Buoy Data
· Tracking Tools
· Monthly Summary

Moon and Tides
· Tides
· Moon Phase

Live Products

Fishing Reports

Local News

Other Info

Support Us

Support Capeweather.com
donations

If you find this website useful, consider making
a donation.

Click here to learn more


  
 

Southwest Florida Monthly and Yearly Weather Reports

2017: Jan | Feb | Mar | Apr | May | Jun | Jul | Aug | Sep | Oct | Nov | Dec 
2016: Jan | Feb | Mar | Apr | May | Jun | Jul | Aug | Sep | Oct | Nov | Dec 
2015: Jan | Feb | Mar | Apr | May | Jun | Jul | Aug | Sep | Oct | Nov | Dec 
2014: Jan | Feb | Mar | Apr | May | Jun | Jul | Aug | Sep | Oct | Nov | Dec 
2013: Jan | Feb | Mar | Apr | May | Jun | Jul | Aug | Sep | Oct | Nov | Dec 
2012: Jan | Feb | Mar | Apr | May | Jun | Jul | Aug | Sep | Oct | Nov | Dec 
2011: Jan | Feb | Mar | Apr | May | Jun | Jul | Aug | Sep | Oct | Nov | Dec 
2010: Jan | Feb | Mar | Apr | May | Jun | Jul | Aug | Sep | Oct | Nov | Dec 
2009: Jan | Feb | Mar | Apr | May | Jun | Jul | Aug | Sep | Oct | Nov | Dec 
2008: Jan | Feb | Mar | Apr | May | Jun | Jul | Aug | Sep | Oct | Nov | Dec 
2007: Jan | Feb | Mar | Apr | May | Jun | Jul | Aug | Sep | Oct | Nov | Dec 
2006: Jan | Feb | Mar | Apr | May | Jun | Jul | Aug | Sep | Oct | Nov | Dec 
2005: Jan | Feb | Mar | Apr | May | Jun | Jul | Aug | Sep | Oct | Nov | Dec 

Report for 2008 11
MONTHLY CLIMATOLOGICAL SUMMARY FOR 11/2008 HEAT COOL MEAN DEG DEG WIND SPEED DOM MEAN MEAN DAY TEMP HIGH TIME LOW TIME DAYS DAYS RAIN AVG HI TIME DIR BAROM HUM --------------------------------------------------------------------------------------- 1 69.0 81.4 2:25pm 59.0 7:50am 1 5 0.00 6 20 2:26pm ENE 30.16 74 2 71.0 81.8 3:07pm 63.7 5:43am 0 6 0.00 6 20 3:25pm ENE 30.05 76 3 72.4 84.9 1:11pm 63.9 4:18am 0 8 0.00 5 17 4:09pm NE 30.00 77 4 68.3 76.8 1:43pm 62.9 6:52am 0 4 0.00 6 17 1:05pm NE 29.98 81 5 65.9 75.8 3:25pm 57.6 7:09am 2 3 0.00 4 19 1:21pm NNE 29.99 75 6 65.5 76.7 12:24pm 56.0 6:21am 3 3 0.00 2 15 9:55am NW 29.99 80 7 69.1 83.0 1:48pm 58.4 6:40am 2 6 0.00 2 12 8:44am NE 29.94 77 8 69.8 81.6 1:10pm 61.6 3:41am 1 5 0.00 4 18 4:05pm NW 29.90 75 9 68.1 83.4 2:06pm 56.9 7:00am 2 5 0.00 5 22 9:41am NNE 29.94 57 10 67.0 82.8 2:20pm 54.4 6:34am 3 5 0.00 5 15 11:44am NE 29.99 60 11 70.7 84.1 1:24pm 57.6 6:24am 2 7 0.00 7 20 1:58pm NE 30.00 73 12 75.7 88.4 2:16pm 67.3 3:27am 0 11 0.02 3 16 10:42am NE 29.93 82 13 77.0 85.3 1:32pm 71.5 11:52pm 0 12 0.00 3 17 11:00am SSE 29.92 84 14 76.7 84.7 10:52am 70.8 3:55am 0 12 0.00 3 18 3:06pm S 29.90 85 15 75.4 82.2 12:56pm 68.9 11:57pm 0 10 0.01 5 22 10:01pm SSE 29.87 86 16 60.5 68.9 12:00am 49.6 11:56pm 5 1 0.00 9 26 1:21am NNE 30.09 57 17 57.2 70.8 12:16pm 46.5 7:02am 9 1 0.00 5 17 10:06am NNE 30.17 63 18 59.1 75.3 2:22pm 47.1 5:40am 8 2 0.00 6 22 4:11pm NNE 30.16 61 19 54.9 71.1 3:01pm 41.9 7:07am 11 1 0.00 6 18 2:41am NE 30.19 55 20 56.8 71.1 2:08pm 44.1 6:54am 9 1 0.00 4 15 3:23pm NE 30.13 68 21 62.3 79.6 1:07pm 50.8 2:40am 6 3 0.00 5 24 9:37pm NNW 30.17 74 22 59.5 73.3 3:03pm 47.4 6:25am 7 2 0.00 8 22 1:55am ENE 30.32 60 23 62.2 75.8 12:28pm 50.7 5:33am 5 3 0.00 6 20 10:56am NE 30.28 66 24 64.1 77.6 3:03pm 53.5 5:45am 4 3 0.00 4 14 8:18am ENE 30.18 69 25 64.3 75.6 1:23pm 55.3 7:13am 4 3 0.00 4 16 11:56am WNW 30.08 77 26 58.7 77.9 2:21pm 48.8 7:05am 8 2 0.00 3 18 9:19am N 30.11 68 27 57.0 74.2 3:16pm 43.2 6:58am 10 2 0.00 2 11 12:00pm N 30.12 70 28 61.1 76.7 2:56pm 46.8 7:11am 7 3 0.01 1 10 3:51pm E 30.02 74 29 67.6 77.0 2:50pm 59.9 7:20am 1 4 0.01 4 18 12:35pm SSE 29.89 76 30 70.1 77.0 12:49pm 66.6 9:06pm 0 5 0.31 6 30 3:57pm SSE 29.71 84 --------------------------------------------------------------------------------------- TOT 65.9 88.4 11/12/08 41.9 11/19/08 110 137 0.36 5 30 11/30/08 NE 30.04 72 HEAT BASE: 65.0 COOL BASE: 65.0
 
  
Hurricane Tracker

Hurricane Tracker
Hurricane Tracker
2017 Storm Tracker Forum


Atlantic Storms
No Storms


Sponsored Links

Recent Forum Posts

New Post
SW FL-Bonita Beach: Sharks, Grouper, Snapper; Sheeps, Drum
Posted by
fishbuster on Nov 30, 2017 at 02:32:09 PM


New Post
SW FL-Bonita Beach:Nice trout Inshore;Keeper Mutton Offshore
Posted by
fishbuster on Nov 09, 2017 at 02:17:33 PM


New Post
Philippe- Final Advisory
Posted by
ccstorms on Oct 29, 2017 at 05:36:13 PM


New Post
Invest 92L- Deactivated
Posted by
ccstorms on Oct 17, 2017 at 06:12:31 AM


New Post
Ophelia- Final Advisory
Posted by
ccstorms on Oct 16, 2017 at 06:32:58 AM


New Post
Nate- Final Advisory
Posted by
ccstorms on Oct 08, 2017 at 02:04:43 PM


***FORUM RULES***

Member Login
Username

Password


Join For Free!!
Click here to Register!

Total Hits
We received
79786056
page views since June 2005

Sponsored Links

Social Networks

Southwest Florida Weather | Central Florida Weather | Florida Weather

Cape Coral | Fort Myers | Bonita Springs | Naples | Punta Gorda | Port Charlotte | Estero | Sanibel | Lehigh Acres | Captiva | Pine Island | Bokeelia | St. James City | Alva | Arcadia | Labelle | Clewiston | Venice

Lee County | Charlotte County | Collier County | Hendry County | Desoto County
Glades County | Monroe County | Sarasota County | Manatee County
Hillsborough County | Pinellas County | Pasco County

Recommend us




Copyright Capeweather.com 2005-2017

DO NOT make decisions that affect life or property based on this data!
PHP-Nuke Copyright © 2004 by Francisco Burzi. This is free software, and you may redistribute it under the GPL. PHP-Nuke comes with absolutely no warranty, for details, see the license.
Page Generation: 0.21 Seconds