Southwest Florida Weather History, Yearly, Monthly, Daily, Records
 Click here to register!Home | Advertise | Forum | Live Webcams | Contact Us | Tell a Friend | Your Account  

Lee County Forecast & Temp
Overnight

Overnight: Mostly clear, with a low around 68. East northeast wind around 6 mph.
Mostly Clear

Friday

Friday: A 20 percent chance of showers after 1pm.  Mostly sunny, with a high near 85. East wind 6 to 10 mph.
Mostly Sunny
then Slight
Chance
Showers
Lo 68 °FHi 85 °F
Extended Forecast
Florida Weather Forecast

Southwest Florida Webcams

Main Navigation
Weather
· Home
· Current Conditions
· Storm Warnings
· Station Graphs
· Storm Fronts
· Station History
· Drought Index
· Storm Reports
· Rainfall Estimates
· Fire Graphs

Doppler Radar
· Lee County
· Charlotte County
· Collier County
· Hendry County
· Desoto County
· Glades County
· Sarasota County
· Manatee County
· Hillsborough County
· Pinellas County
· Pasco County
· Southwest Florida
· Florida
· State Radars
· National

Satellite
· South Florida
· North Florida
· Regional
· National

Forecast
· Extended
· Marine
· Discussion
· Florida Forecast
· Hazardous Outlook
· Wave Heights
· Fire

Lightning
· Live
· Tracker
· Loop
· Network
· WASP
· WASP Loop

Tropical Weather
· Hurricane Tracker
· Tropical Satellite
· Sea Temperature
· Discussion
· Buoy Data
· Tracking Tools
· Monthly Summary

Moon and Tides
· Tides
· Moon Phase

Live Products

Fishing Reports

Local News

Other Info

  
 

Southwest Florida Monthly and Yearly Weather Reports

2018: Jan | Feb | Mar | Apr | May | Jun | Jul | Aug | Sep | Oct | Nov | Dec 
2017: Jan | Feb | Mar | Apr | May | Jun | Jul | Aug | Sep | Oct | Nov | Dec 
2016: Jan | Feb | Mar | Apr | May | Jun | Jul | Aug | Sep | Oct | Nov | Dec 
2015: Jan | Feb | Mar | Apr | May | Jun | Jul | Aug | Sep | Oct | Nov | Dec 
2014: Jan | Feb | Mar | Apr | May | Jun | Jul | Aug | Sep | Oct | Nov | Dec 
2013: Jan | Feb | Mar | Apr | May | Jun | Jul | Aug | Sep | Oct | Nov | Dec 
2012: Jan | Feb | Mar | Apr | May | Jun | Jul | Aug | Sep | Oct | Nov | Dec 
2011: Jan | Feb | Mar | Apr | May | Jun | Jul | Aug | Sep | Oct | Nov | Dec 
2010: Jan | Feb | Mar | Apr | May | Jun | Jul | Aug | Sep | Oct | Nov | Dec 
2009: Jan | Feb | Mar | Apr | May | Jun | Jul | Aug | Sep | Oct | Nov | Dec 
2008: Jan | Feb | Mar | Apr | May | Jun | Jul | Aug | Sep | Oct | Nov | Dec 
2007: Jan | Feb | Mar | Apr | May | Jun | Jul | Aug | Sep | Oct | Nov | Dec 
2006: Jan | Feb | Mar | Apr | May | Jun | Jul | Aug | Sep | Oct | Nov | Dec 
2005: Jan | Feb | Mar | Apr | May | Jun | Jul | Aug | Sep | Oct | Nov | Dec 

Report for 2009 03
MONTHLY CLIMATOLOGICAL SUMMARY FOR 3/2009 HEAT COOL MEAN DEG DEG WIND SPEED DOM MEAN MEAN DAY TEMP HIGH TIME LOW TIME DAYS DAYS RAIN AVG HI TIME DIR BAROM HUM --------------------------------------------------------------------------------------- 1 63.4 72.7 9:37am 56.5 11:54pm 3 1 0.00 11 30 10:34am WNW 29.93 76 2 54.1 60.2 10:54am 46.5 11:58pm 11 0 0.00 9 33 1:35am NW 30.08 65 3 52.8 66.6 3:31pm 41.3 6:51am 12 0 0.00 6 21 3:39pm NE 30.19 59 4 57.7 74.9 3:06pm 41.1 6:18am 9 2 0.00 5 18 10:04pm NE 30.27 62 5 65.1 77.6 2:25pm 54.5 6:49am 3 3 0.00 5 18 5:31pm E 30.31 58 6 65.9 78.8 2:43pm 53.3 6:12am 3 4 0.00 3 15 4:17pm ENE 30.31 66 7 67.1 81.1 3:09pm 56.6 4:58am 3 5 0.00 3 17 10:20am E 30.25 69 8 69.3 81.2 3:22pm 58.6 1:07am 1 6 0.00 2 18 12:43pm S 30.17 68 9 68.3 81.8 3:22pm 57.5 7:40am 2 5 0.00 2 15 4:26pm WNW 30.16 72 10 68.0 80.7 2:44pm 57.0 7:53am 2 5 0.00 2 16 4:54pm W 30.13 73 11 69.6 84.3 4:06pm 59.5 7:41am 1 6 0.00 2 13 2:43pm W 30.13 75 12 70.5 80.9 1:10pm 60.9 6:10am 1 6 0.00 2 17 4:28pm W 30.13 72 13 71.1 82.8 2:50pm 62.7 5:22am 0 7 0.00 2 14 3:20pm WSW 30.08 73 14 72.4 80.3 3:45pm 64.2 7:38am 0 7 0.00 3 19 4:52pm SSW 30.06 78 15 73.6 81.2 2:35pm 65.8 6:19am 0 9 0.00 3 19 11:04am SSW 30.10 81 16 73.9 82.0 2:35pm 67.1 7:39am 0 9 0.00 3 16 4:39pm SE 30.13 80 17 72.9 82.8 11:57am 65.3 7:43am 0 8 0.00 4 20 8:44pm NNW 30.05 75 18 70.9 79.4 3:23pm 66.3 5:33am 0 6 0.01 6 20 11:14am ENE 30.03 77 19 71.0 82.8 2:51pm 63.9 7:11am 0 6 0.07 4 16 5:18pm ENE 29.98 77 20 72.2 84.9 4:18pm 61.8 7:46am 0 8 0.00 5 19 5:27pm ENE 29.99 68 21 69.7 84.1 2:47pm 59.8 7:04am 1 6 0.00 8 24 4:37pm ENE 30.11 69 22 68.8 80.9 2:34pm 58.4 7:10am 1 5 0.00 7 21 10:56am ENE 30.16 58 23 68.2 79.9 3:04pm 58.4 4:56am 2 5 0.00 6 21 11:38am E 30.12 62 24 69.9 81.4 3:26pm 60.9 5:15am 1 6 0.00 5 18 10:38am E 30.11 61 25 70.2 81.1 2:27pm 62.0 7:15am 1 6 0.00 5 21 10:23am E 30.09 65 26 70.6 80.1 12:39pm 62.9 7:30am 0 6 0.00 5 23 9:49am SE 29.99 71 27 73.1 80.3 1:22pm 65.8 6:59am 0 8 0.00 7 30 2:55pm SSE 29.86 74 28 76.2 80.9 1:03pm 71.8 1:54am 0 11 0.00 9 32 3:35pm SSE 29.84 80 29 72.5 78.6 4:41pm 62.3 11:58pm 0 8 0.40 6 22 1:11am S 29.87 87 30 68.1 82.0 3:11pm 56.6 5:55am 3 6 0.01 3 16 9:10am NNE 29.97 71 31 75.2 83.0 2:56pm 68.3 12:43am 0 10 0.00 4 18 11:14am SSE 29.93 83 --------------------------------------------------------------------------------------- TOT 68.8 84.9 3/20/09 41.1 3/4/09 62 178 0.49 5 33 3/2/09 ENE 30.08 71 HEAT BASE: 65.0 COOL BASE: 65.0
 
  
Hurricane Tracker

Hurricane Tracker
Hurricane Tracker
2017 Storm Tracker Forum


Atlantic Storms
No Storms


Sponsored Links

Recent Forum Posts

New Post
Fishing Guides Thoughts
Posted by
chris on Feb 22, 2018 at 09:05:29 AM


New Post
2018 Atlantic Basin Hurricane Names
Posted by
chris on Feb 18, 2018 at 07:34:49 PM


***FORUM RULES***

Member Login
Username

Password


Join For Free!!
Click here to Register!

Total Hits
We received
81599158
page views since June 2005

Sponsored Links

Social Networks

Southwest Florida Weather | Central Florida Weather | Florida Weather

Cape Coral | Fort Myers | Bonita Springs | Naples | Punta Gorda | Port Charlotte | Estero | Sanibel | Lehigh Acres | Captiva | Pine Island | Bokeelia | St. James City | Alva | Arcadia | Labelle | Clewiston | Venice

Lee County | Charlotte County | Collier County | Hendry County | Desoto County
Glades County | Monroe County | Sarasota County | Manatee County
Hillsborough County | Pinellas County | Pasco County

Recommend us




Copyright Capeweather.com 2005-2017

DO NOT make decisions that affect life or property based on this data!
PHP-Nuke Copyright © 2004 by Francisco Burzi. This is free software, and you may redistribute it under the GPL. PHP-Nuke comes with absolutely no warranty, for details, see the license.
Page Generation: 0.23 Seconds