Southwest Florida Weather History, Yearly, Monthly, Daily, Records
 Click here to register!Home | Advertise | Forum | Live Webcams | Contact Us | Tell a Friend | Your Account  

Lee County Forecast
Overnight

Overnight: Mostly clear, with a low around 49. North wind around 10 mph.
Mostly Clear
Wednesday

Wednesday: Sunny, with a high near 66. North northeast wind 8 to 10 mph becoming northwest in the afternoon.
Sunny
Lo 49 °FHi 66 °F
Extended Forecast
Florida Weather Forecast

Southwest Florida Webcams

Main Navigation
Weather
· Home
· Current Conditions
· Storm Warnings
· Station Graphs
· Storm Fronts
· Station History
· Drought Index
· Storm Reports
· Rainfall Estimates
· Fire Graphs

Doppler Radar
· Lee County
· Charlotte County
· Collier County
· Hendry County
· Desoto County
· Glades County
· Sarasota County
· Manatee County
· Hillsborough County
· Pinellas County
· Pasco County
· Southwest Florida
· Florida
· State Radars
· National

Satellite
· South Florida
· North Florida
· Regional
· National

Forecast
· Extended
· Marine
· Discussion
· Florida Forecast
· Hazardous Outlook
· Wave Heights
· Fire

Lightning
· Live
· Tracker
· Loop
· Network
· WASP
· WASP Loop

Tropical Weather
· Hurricane Tracker
· Tropical Satellite
· Sea Temperature
· Discussion
· Buoy Data
· Tracking Tools
· Monthly Summary

Moon and Tides
· Tides
· Moon Phase

Live Products

Fishing Reports

Local News

Other Info

Support Us

Support Capeweather.com
donations

If you find this website useful, consider making
a donation.

Click here to learn more


  
 

Southwest Florida Monthly and Yearly Weather Reports

2017: Jan | Feb | Mar | Apr | May | Jun | Jul | Aug | Sep | Oct | Nov | Dec 
2016: Jan | Feb | Mar | Apr | May | Jun | Jul | Aug | Sep | Oct | Nov | Dec 
2015: Jan | Feb | Mar | Apr | May | Jun | Jul | Aug | Sep | Oct | Nov | Dec 
2014: Jan | Feb | Mar | Apr | May | Jun | Jul | Aug | Sep | Oct | Nov | Dec 
2013: Jan | Feb | Mar | Apr | May | Jun | Jul | Aug | Sep | Oct | Nov | Dec 
2012: Jan | Feb | Mar | Apr | May | Jun | Jul | Aug | Sep | Oct | Nov | Dec 
2011: Jan | Feb | Mar | Apr | May | Jun | Jul | Aug | Sep | Oct | Nov | Dec 
2010: Jan | Feb | Mar | Apr | May | Jun | Jul | Aug | Sep | Oct | Nov | Dec 
2009: Jan | Feb | Mar | Apr | May | Jun | Jul | Aug | Sep | Oct | Nov | Dec 
2008: Jan | Feb | Mar | Apr | May | Jun | Jul | Aug | Sep | Oct | Nov | Dec 
2007: Jan | Feb | Mar | Apr | May | Jun | Jul | Aug | Sep | Oct | Nov | Dec 
2006: Jan | Feb | Mar | Apr | May | Jun | Jul | Aug | Sep | Oct | Nov | Dec 
2005: Jan | Feb | Mar | Apr | May | Jun | Jul | Aug | Sep | Oct | Nov | Dec 

Report for 2009 08
MONTHLY CLIMATOLOGICAL SUMMARY FOR 8/2009 HEAT COOL MEAN DEG DEG WIND SPEED DOM MEAN MEAN DAY TEMP HIGH TIME LOW TIME DAYS DAYS RAIN AVG HI TIME DIR BAROM HUM --------------------------------------------------------------------------------------- 1 81.6 94.5 2:55pm 75.4 6:17am 0 17 0.89 3 22 5:34pm E 30.04 81 2 83.4 91.4 3:59pm 76.7 6:54am 0 18 0.00 2 14 4:21pm SW 30.01 78 3 84.5 93.4 3:13pm 76.7 6:08am 0 19 0.00 4 15 5:20pm ESE 30.01 72 4 83.4 93.6 2:59pm 76.3 6:40am 0 17 0.00 3 19 6:11pm E 30.00 74 5 82.3 92.1 1:33pm 77.2 7:01am 0 17 0.14 2 21 2:21pm ESE 29.97 79 6 80.0 87.6 10:20am 75.8 4:15am 0 15 0.02 2 22 11:13am E 29.96 83 7 81.3 90.1 5:08pm 77.0 8:27pm 0 16 0.00 3 19 6:28pm ESE 30.00 81 8 81.5 92.5 3:24pm 75.8 4:54am 0 17 0.29 3 23 5:04pm E 30.06 82 9 85.4 96.3 4:38pm 78.6 6:41am 0 20 0.00 3 18 6:34pm E 30.07 74 10 82.7 92.5 12:36pm 75.8 5:24pm 0 18 1.70 2 24 5:12pm E 30.05 82 11 83.6 91.8 1:15pm 78.5 11:55pm 0 19 0.00 3 19 7:17pm E 29.99 81 12 0.0 79.6 12:10am 79.6 12:10am 0 0 0.00 0 0 12:10am --- 0.00 0 13 82.6 90.5 3:34pm 78.1 10:31pm 0 17 0.11 3 19 2:16pm SW 29.95 83 14 82.3 90.1 11:19am 77.7 11:54pm 0 17 0.00 4 22 8:04pm ESE 29.96 80 15 80.5 90.1 2:07pm 74.9 9:52pm 0 15 0.52 5 22 3:37pm E 29.94 83 16 80.2 90.7 2:53pm 74.7 5:13pm 0 15 0.11 4 24 4:42pm ESE 30.00 82 17 82.7 94.5 3:23pm 76.3 12:20am 0 18 0.02 4 21 4:55pm ENE 30.00 80 18 0.0 79.8 9:20am 79.8 9:20am 0 0 0.00 0 4 9:20am --- 0.00 0 19 85.6 89.9 12:38pm 76.7 12:00am 0 12 0.00 4 18 2:56pm ENE 29.95 73 20 84.5 92.1 2:38pm 78.3 4:37am 0 20 0.00 3 16 5:04pm E 29.97 78 21 82.5 91.6 1:36pm 77.0 6:33am 0 18 0.05 4 20 3:49pm ENE 29.94 79 22 82.2 89.0 1:55pm 76.3 2:36am 0 17 0.00 4 23 5:34pm WNW 29.90 79 23 83.4 90.3 4:21pm 77.9 3:09am 0 18 0.00 2 15 2:17pm WSW 29.89 76 24 83.3 90.7 2:07pm 77.4 6:31am 0 18 0.00 2 17 3:23pm ESE 29.93 77 25 81.5 94.0 3:15pm 74.2 5:47pm 0 16 1.18 3 28 5:12pm E 29.93 81 26 82.3 92.9 3:08pm 74.6 11:57pm 0 17 0.24 3 21 4:19pm ENE 29.93 83 27 81.9 91.4 2:23pm 74.6 12:00am 0 17 1.17 2 16 5:39pm E 29.89 84 28 81.9 88.4 3:44pm 77.7 2:08am 0 17 0.01 3 25 3:46pm W 29.85 85 29 82.6 87.2 12:54pm 77.7 7:12am 0 18 0.34 3 26 7:08am WNW 29.87 82 30 83.5 89.7 1:11pm 77.9 5:50am 0 18 0.09 2 15 3:53pm WNW 29.93 79 31 83.4 91.0 2:35pm 77.2 7:09am 0 18 0.00 3 24 7:44pm WNW 29.95 76 --------------------------------------------------------------------------------------- TOT 82.6 96.3 8/9/09 73.3 8/18/09 0 500 9.24 3 32 8/18/09 E 29.96 80 HEAT BASE: 65.0 COOL BASE: 65.0
 
  
Hurricane Tracker

Hurricane Tracker
Hurricane Tracker
2017 Storm Tracker Forum


Atlantic Storms
No Storms


Sponsored Links

Recent Forum Posts

New Post
SW FL-Bonita Beach: Sharks, Grouper, Snapper; Sheeps, Drum
Posted by
fishbuster on Nov 30, 2017 at 02:32:09 PM


New Post
SW FL-Bonita Beach:Nice trout Inshore;Keeper Mutton Offshore
Posted by
fishbuster on Nov 09, 2017 at 02:17:33 PM


New Post
Philippe- Final Advisory
Posted by
ccstorms on Oct 29, 2017 at 05:36:13 PM


New Post
Invest 92L- Deactivated
Posted by
ccstorms on Oct 17, 2017 at 06:12:31 AM


New Post
Ophelia- Final Advisory
Posted by
ccstorms on Oct 16, 2017 at 06:32:58 AM


New Post
Nate- Final Advisory
Posted by
ccstorms on Oct 08, 2017 at 02:04:43 PM


***FORUM RULES***

Member Login
Username

Password


Join For Free!!
Click here to Register!

Total Hits
We received
79786162
page views since June 2005

Sponsored Links

Social Networks

Southwest Florida Weather | Central Florida Weather | Florida Weather

Cape Coral | Fort Myers | Bonita Springs | Naples | Punta Gorda | Port Charlotte | Estero | Sanibel | Lehigh Acres | Captiva | Pine Island | Bokeelia | St. James City | Alva | Arcadia | Labelle | Clewiston | Venice

Lee County | Charlotte County | Collier County | Hendry County | Desoto County
Glades County | Monroe County | Sarasota County | Manatee County
Hillsborough County | Pinellas County | Pasco County

Recommend us




Copyright Capeweather.com 2005-2017

DO NOT make decisions that affect life or property based on this data!
PHP-Nuke Copyright © 2004 by Francisco Burzi. This is free software, and you may redistribute it under the GPL. PHP-Nuke comes with absolutely no warranty, for details, see the license.
Page Generation: 0.37 Seconds