Southwest Florida Weather History, Yearly, Monthly, Daily, Records
 Click here to register!Home | Advertise | Forum | Live Webcams | Contact Us | Tell a Friend | Your Account  

Lee County Forecast
Tonight

Tonight: Clear, with a low around 48. North wind around 5 mph becoming calm  in the evening.
Clear

Tuesday

Tuesday: Mostly sunny, with a high near 75. Breezy, with a light and variable wind becoming west 10 to 15 mph in the morning. Winds could gust as high as 21 mph.
Mostly Sunny
then Mostly
Sunny and
Breezy
Lo 48 °FHi 75 °F
Extended Forecast
Florida Weather Forecast

Southwest Florida Webcams

Main Navigation
Weather
· Home
· Current Conditions
· Storm Warnings
· Station Graphs
· Storm Fronts
· Station History
· Drought Index
· Storm Reports
· Rainfall Estimates
· Fire Graphs

Doppler Radar
· Lee County
· Charlotte County
· Collier County
· Hendry County
· Desoto County
· Glades County
· Sarasota County
· Manatee County
· Hillsborough County
· Pinellas County
· Pasco County
· Southwest Florida
· Florida
· State Radars
· National

Satellite
· South Florida
· North Florida
· Regional
· National

Forecast
· Extended
· Marine
· Discussion
· Florida Forecast
· Hazardous Outlook
· Wave Heights
· Fire

Lightning
· Live
· Tracker
· Loop
· Network
· WASP
· WASP Loop

Tropical Weather
· Hurricane Tracker
· Tropical Satellite
· Sea Temperature
· Discussion
· Buoy Data
· Tracking Tools
· Monthly Summary

Moon and Tides
· Tides
· Moon Phase

Live Products

Fishing Reports

Local News

Other Info

Support Us

Support Capeweather.com
donations

If you find this website useful, consider making
a donation.

Click here to learn more


  
 

Southwest Florida Monthly and Yearly Weather Reports

2017: Jan | Feb | Mar | Apr | May | Jun | Jul | Aug | Sep | Oct | Nov | Dec 
2016: Jan | Feb | Mar | Apr | May | Jun | Jul | Aug | Sep | Oct | Nov | Dec 
2015: Jan | Feb | Mar | Apr | May | Jun | Jul | Aug | Sep | Oct | Nov | Dec 
2014: Jan | Feb | Mar | Apr | May | Jun | Jul | Aug | Sep | Oct | Nov | Dec 
2013: Jan | Feb | Mar | Apr | May | Jun | Jul | Aug | Sep | Oct | Nov | Dec 
2012: Jan | Feb | Mar | Apr | May | Jun | Jul | Aug | Sep | Oct | Nov | Dec 
2011: Jan | Feb | Mar | Apr | May | Jun | Jul | Aug | Sep | Oct | Nov | Dec 
2010: Jan | Feb | Mar | Apr | May | Jun | Jul | Aug | Sep | Oct | Nov | Dec 
2009: Jan | Feb | Mar | Apr | May | Jun | Jul | Aug | Sep | Oct | Nov | Dec 
2008: Jan | Feb | Mar | Apr | May | Jun | Jul | Aug | Sep | Oct | Nov | Dec 
2007: Jan | Feb | Mar | Apr | May | Jun | Jul | Aug | Sep | Oct | Nov | Dec 
2006: Jan | Feb | Mar | Apr | May | Jun | Jul | Aug | Sep | Oct | Nov | Dec 
2005: Jan | Feb | Mar | Apr | May | Jun | Jul | Aug | Sep | Oct | Nov | Dec 

Report for 2011 03
MONTHLY CLIMATOLOGICAL SUMMARY FOR 3/2011 HEAT COOL MEAN DEG DEG WIND SPEED DOM MEAN MEAN DAY TEMP HIGH TIME LOW TIME DAYS DAYS RAIN AVG HI TIME DIR BAROM HUM --------------------------------------------------------------------------------------- 1 73.6 77.9 11:03am 66.0 11:58pm 0 9 0.03 5 19 8:43pm SSW 29.99 88 2 70.8 82.8 3:07pm 63.7 11:58pm 0 6 0.01 7 23 4:16pm ENE 30.02 72 3 68.8 80.3 2:03pm 58.1 5:45am 1 5 0.00 8 25 11:35am ENE 30.06 64 4 70.2 81.4 2:24pm 62.0 2:20am 1 6 0.00 6 23 12:28pm E 30.09 58 5 69.6 78.5 11:58am 61.6 2:42am 1 5 0.00 4 17 12:01pm E 30.02 77 6 69.5 76.5 1:07pm 63.1 11:56pm 0 4 0.01 6 24 1:32pm NW 29.92 86 7 64.2 73.7 2:01pm 56.7 6:48am 3 2 0.00 4 16 9:11am NNE 29.96 76 8 70.6 85.1 2:37pm 58.0 2:40am 2 8 0.00 5 16 1:53am ENE 30.03 74 9 74.4 82.2 12:25pm 68.4 2:04am 0 9 0.02 6 22 10:54am ESE 30.04 81 10 65.9 70.1 12:29am 56.9 11:59pm 1 2 0.58 6 45 8:53am E 30.01 84 11 57.8 64.8 2:00pm 50.4 6:48am 7 0 0.00 7 24 1:46pm N 30.11 64 12 58.8 73.7 2:18pm 46.5 4:25am 8 2 0.14 4 19 9:56am NE 30.17 65 13 63.2 79.0 3:32pm 51.3 5:12am 5 3 0.00 3 19 3:58pm NE 30.17 72 14 65.5 77.2 3:02pm 56.3 4:20am 3 3 0.01 3 18 4:02pm ENE 30.13 75 15 65.9 77.7 3:08pm 59.0 3:42am 2 3 0.01 2 15 3:35pm WNW 30.13 75 16 69.6 80.1 2:33pm 61.0 3:14am 1 5 0.02 3 16 5:14pm NW 30.14 72 17 70.7 84.9 3:48pm 61.8 4:10am 1 6 0.00 5 17 5:32pm NE 30.16 68 18 71.5 86.1 4:23pm 63.5 6:21am 0 7 0.00 3 20 1:30pm ENE 30.16 71 19 70.1 86.1 3:44pm 60.9 3:29am 1 6 0.17 3 19 2:09pm NW 30.13 74 20 73.2 86.1 3:33pm 62.1 7:53am 0 9 0.00 4 20 3:25pm ENE 30.16 70 21 74.7 84.7 4:09pm 67.9 6:08am 0 10 0.00 5 21 2:21pm ENE 30.17 68 22 69.3 82.4 2:38pm 60.5 7:16am 1 5 0.00 3 16 4:05pm ESE 30.07 71 23 70.8 77.2 3:37pm 64.5 1:40am 0 6 0.03 3 17 4:53pm SW 29.96 83 24 73.2 79.0 1:55pm 68.3 2:03am 0 8 0.00 5 18 1:54pm W 29.91 85 25 75.5 79.6 2:45pm 71.1 11:29pm 0 11 0.01 5 18 2:22pm W 29.91 80 26 76.4 83.0 4:47pm 71.1 12:00am 0 11 0.12 3 14 1:26pm SSW 29.88 79 27 77.5 82.6 1:12pm 72.5 12:16am 0 12 0.02 5 21 5:01pm S 29.85 80 28 75.8 83.4 1:53pm 66.9 7:37pm 0 11 2.25 6 40 7:18am SSE 29.89 81 29 75.4 83.4 3:11pm 68.4 6:22am 0 10 0.03 4 19 3:43am SW 29.94 83 30 79.2 82.8 9:23am 73.2 1:52am 0 14 0.31 7 27 11:33am SSE 29.85 87 31 77.3 81.2 12:32pm 71.6 3:56am 0 12 0.13 7 32 10:23am SW 29.73 85 --------------------------------------------------------------------------------------- TOT 70.6 86.1 3/18/11 46.5 3/12/11 37 211 3.90 5 45 3/10/11 ENE 30.02 76 HEAT BASE: 65.0 COOL BASE: 65.0
 
  
Hurricane Tracker

Hurricane Tracker
Hurricane Tracker
2017 Storm Tracker Forum


Atlantic Storms
No Storms


Sponsored Links

Recent Forum Posts

New Post
SW FL-Bonita Beach: Sharks, Grouper, Snapper; Sheeps, Drum
Posted by
fishbuster on Nov 30, 2017 at 02:32:09 PM


New Post
SW FL-Bonita Beach:Nice trout Inshore;Keeper Mutton Offshore
Posted by
fishbuster on Nov 09, 2017 at 02:17:33 PM


New Post
Philippe- Final Advisory
Posted by
ccstorms on Oct 29, 2017 at 05:36:13 PM


New Post
Invest 92L- Deactivated
Posted by
ccstorms on Oct 17, 2017 at 06:12:31 AM


New Post
Ophelia- Final Advisory
Posted by
ccstorms on Oct 16, 2017 at 06:32:58 AM


New Post
Nate- Final Advisory
Posted by
ccstorms on Oct 08, 2017 at 02:04:43 PM


***FORUM RULES***

Member Login
Username

Password


Join For Free!!
Click here to Register!

Total Hits
We received
79755416
page views since June 2005

Sponsored Links

Social Networks

Southwest Florida Weather | Central Florida Weather | Florida Weather

Cape Coral | Fort Myers | Bonita Springs | Naples | Punta Gorda | Port Charlotte | Estero | Sanibel | Lehigh Acres | Captiva | Pine Island | Bokeelia | St. James City | Alva | Arcadia | Labelle | Clewiston | Venice

Lee County | Charlotte County | Collier County | Hendry County | Desoto County
Glades County | Monroe County | Sarasota County | Manatee County
Hillsborough County | Pinellas County | Pasco County

Recommend us




Copyright Capeweather.com 2005-2017

DO NOT make decisions that affect life or property based on this data!
PHP-Nuke Copyright © 2004 by Francisco Burzi. This is free software, and you may redistribute it under the GPL. PHP-Nuke comes with absolutely no warranty, for details, see the license.
Page Generation: 0.28 Seconds