Southwest Florida Weather History, Yearly, Monthly, Daily, Records
 Click here to register!Home | Advertise | Forum | Live Webcams | Contact Us | Tell a Friend | Your Account  

Lee County Forecast
Today

Today: Sunny, with a high near 67. North wind around 9 mph.
Sunny

Tonight

Tonight: Clear, with a low around 48. North wind around 5 mph becoming calm  after midnight.
Clear

Hi 67 °FLo 48 °F
Extended Forecast
Florida Weather Forecast

Southwest Florida Webcams

Main Navigation
Weather
· Home
· Current Conditions
· Storm Warnings
· Station Graphs
· Storm Fronts
· Station History
· Drought Index
· Storm Reports
· Rainfall Estimates
· Fire Graphs

Doppler Radar
· Lee County
· Charlotte County
· Collier County
· Hendry County
· Desoto County
· Glades County
· Sarasota County
· Manatee County
· Hillsborough County
· Pinellas County
· Pasco County
· Southwest Florida
· Florida
· State Radars
· National

Satellite
· South Florida
· North Florida
· Regional
· National

Forecast
· Extended
· Marine
· Discussion
· Florida Forecast
· Hazardous Outlook
· Wave Heights
· Fire

Lightning
· Live
· Tracker
· Loop
· Network
· WASP
· WASP Loop

Tropical Weather
· Hurricane Tracker
· Tropical Satellite
· Sea Temperature
· Discussion
· Buoy Data
· Tracking Tools
· Monthly Summary

Moon and Tides
· Tides
· Moon Phase

Live Products

Fishing Reports

Local News

Other Info

Support Us

Support Capeweather.com
donations

If you find this website useful, consider making
a donation.

Click here to learn more


  
 

Southwest Florida Monthly and Yearly Weather Reports

2017: Jan | Feb | Mar | Apr | May | Jun | Jul | Aug | Sep | Oct | Nov | Dec 
2016: Jan | Feb | Mar | Apr | May | Jun | Jul | Aug | Sep | Oct | Nov | Dec 
2015: Jan | Feb | Mar | Apr | May | Jun | Jul | Aug | Sep | Oct | Nov | Dec 
2014: Jan | Feb | Mar | Apr | May | Jun | Jul | Aug | Sep | Oct | Nov | Dec 
2013: Jan | Feb | Mar | Apr | May | Jun | Jul | Aug | Sep | Oct | Nov | Dec 
2012: Jan | Feb | Mar | Apr | May | Jun | Jul | Aug | Sep | Oct | Nov | Dec 
2011: Jan | Feb | Mar | Apr | May | Jun | Jul | Aug | Sep | Oct | Nov | Dec 
2010: Jan | Feb | Mar | Apr | May | Jun | Jul | Aug | Sep | Oct | Nov | Dec 
2009: Jan | Feb | Mar | Apr | May | Jun | Jul | Aug | Sep | Oct | Nov | Dec 
2008: Jan | Feb | Mar | Apr | May | Jun | Jul | Aug | Sep | Oct | Nov | Dec 
2007: Jan | Feb | Mar | Apr | May | Jun | Jul | Aug | Sep | Oct | Nov | Dec 
2006: Jan | Feb | Mar | Apr | May | Jun | Jul | Aug | Sep | Oct | Nov | Dec 
2005: Jan | Feb | Mar | Apr | May | Jun | Jul | Aug | Sep | Oct | Nov | Dec 

Report for 2011 10
MONTHLY CLIMATOLOGICAL SUMMARY FOR 10/2011 HEAT COOL MEAN DEG DEG WIND SPEED DOM MEAN MEAN DAY TEMP HIGH TIME LOW TIME DAYS DAYS RAIN AVG HI TIME DIR BAROM HUM --------------------------------------------------------------------------------------- 1 79.5 89.5 3:04pm 70.8 11:59pm 0 15 0.00 4 21 6:46pm NW 29.79 72 2 74.4 85.5 2:04pm 64.8 7:35am 0 9 0.00 5 16 5:56pm NE 29.90 63 3 76.1 88.8 2:25pm 64.7 6:39am 0 11 0.00 4 14 8:30am NE 29.97 64 4 78.8 89.5 4:04pm 71.8 6:50am 0 14 0.00 5 20 12:28pm ENE 30.00 66 5 77.5 88.4 4:04pm 68.3 5:16am 0 13 0.00 5 21 9:47am ENE 29.98 66 6 77.7 88.6 4:02pm 68.1 5:34am 0 12 0.00 6 22 12:50pm NE 29.95 68 7 78.8 87.8 3:03pm 72.7 4:59am 0 14 0.00 7 24 1:44pm ENE 29.96 71 8 77.3 85.5 12:31pm 72.8 6:00am 0 12 1.82 8 25 5:35pm NE 29.91 86 9 80.2 86.5 3:51pm 75.4 11:58pm 0 15 0.10 6 20 5:27pm NE 29.77 86 10 80.1 85.5 12:01pm 75.3 12:14am 0 15 0.00 1 12 4:28pm SW 29.73 84 11 83.5 86.5 12:33pm 81.1 9:08pm 0 18 0.06 2 14 11:15am W 29.74 84 12 83.2 87.8 12:52pm 78.8 10:15pm 0 18 0.36 2 15 6:51am SW 29.77 82 13 81.7 87.4 12:45pm 78.6 1:22am 0 17 0.00 2 15 12:40pm W 29.73 82 14 82.5 89.7 3:17pm 77.6 11:49pm 0 17 0.00 2 13 11:51am NE 29.80 78 15 78.2 84.0 1:02pm 74.6 3:33am 0 13 0.00 5 20 10:19am ENE 29.91 71 16 78.1 83.8 1:48pm 74.6 4:38am 0 13 0.00 6 24 1:36pm ENE 29.92 73 17 79.5 82.2 4:02pm 76.5 12:00am 0 14 0.33 4 18 1:32am ESE 29.84 93 18 84.8 88.8 9:38pm 81.8 12:04am 0 20 3.10 7 31 5:39pm ESE 29.65 96 19 82.5 89.7 4:08am 71.1 10:04pm 0 17 0.22 11 30 1:27pm WNW 29.62 80 20 69.5 75.3 2:42pm 62.6 10:33pm 0 5 0.00 5 25 7:49am WNW 29.93 64 21 67.5 77.7 3:42pm 60.9 2:25am 1 4 0.00 3 18 1:47pm N 30.01 70 22 64.9 79.6 4:44pm 56.9 5:46am 3 3 0.00 5 20 10:09am NE 29.94 70 23 71.9 83.4 2:44pm 63.2 7:39am 0 7 0.00 5 18 11:38am NE 29.91 68 24 70.5 81.1 12:26pm 62.7 7:41am 0 6 0.00 4 18 2:54pm NNE 29.97 66 25 71.2 83.4 3:56pm 62.0 7:17am 1 7 0.00 5 21 11:00am NE 30.01 67 26 74.8 86.3 3:39pm 66.1 1:14am 0 10 0.00 2 13 11:42am NE 29.93 74 27 77.1 85.1 2:05pm 68.6 4:23am 0 11 0.00 1 11 1:07pm ESE 29.85 76 28 79.3 83.6 2:16pm 74.7 5:44am 0 25 1.26 2 16 10:52pm ENE 29.82 88 29 81.3 88.0 1:43pm 74.2 11:59pm 0 15 0.87 4 21 11:41pm NE 29.78 88 30 72.4 79.6 2:02pm 66.8 6:19am 0 7 0.00 9 26 2:10am ENE 29.92 79 31 77.0 81.2 10:23am 71.1 11:52pm 0 12 0.11 4 23 3:21pm ENE 29.91 89 --------------------------------------------------------------------------------------- TOT 77.2 89.7 10/14/11 56.9 10/22/11 6 389 8.23 5 31 10/18/11 NE 29.87 76 HEAT BASE: 65.0 COOL BASE: 65.0
 
  
Hurricane Tracker

Hurricane Tracker
Hurricane Tracker
2017 Storm Tracker Forum


Atlantic Storms
No Storms


Sponsored Links

Recent Forum Posts

New Post
SW FL-Bonita Beach: Sharks, Grouper, Snapper; Sheeps, Drum
Posted by
fishbuster on Nov 30, 2017 at 02:32:09 PM


New Post
SW FL-Bonita Beach:Nice trout Inshore;Keeper Mutton Offshore
Posted by
fishbuster on Nov 09, 2017 at 02:17:33 PM


New Post
Philippe- Final Advisory
Posted by
ccstorms on Oct 29, 2017 at 05:36:13 PM


New Post
Invest 92L- Deactivated
Posted by
ccstorms on Oct 17, 2017 at 06:12:31 AM


New Post
Ophelia- Final Advisory
Posted by
ccstorms on Oct 16, 2017 at 06:32:58 AM


New Post
Nate- Final Advisory
Posted by
ccstorms on Oct 08, 2017 at 02:04:43 PM


***FORUM RULES***

Member Login
Username

Password


Join For Free!!
Click here to Register!

Total Hits
We received
79745137
page views since June 2005

Sponsored Links

Social Networks

Southwest Florida Weather | Central Florida Weather | Florida Weather

Cape Coral | Fort Myers | Bonita Springs | Naples | Punta Gorda | Port Charlotte | Estero | Sanibel | Lehigh Acres | Captiva | Pine Island | Bokeelia | St. James City | Alva | Arcadia | Labelle | Clewiston | Venice

Lee County | Charlotte County | Collier County | Hendry County | Desoto County
Glades County | Monroe County | Sarasota County | Manatee County
Hillsborough County | Pinellas County | Pasco County

Recommend us




Copyright Capeweather.com 2005-2017

DO NOT make decisions that affect life or property based on this data!
PHP-Nuke Copyright © 2004 by Francisco Burzi. This is free software, and you may redistribute it under the GPL. PHP-Nuke comes with absolutely no warranty, for details, see the license.
Page Generation: 0.24 Seconds