Southwest Florida Weather History, Yearly, Monthly, Daily, Records
 Click here to register!Home | Advertise | Forum | Live Webcams | Contact Us | Tell a Friend | Your Account  

Lee County Forecast
Today

Today: Sunny, with a high near 65. North northeast wind 6 to 9 mph.
Sunny
Tonight

Tonight: Mostly clear, with a low around 49. Northwest wind around 5 mph becoming calm  in the evening.
Mostly Clear
Hi 65 °FLo 49 °F
Extended Forecast
Florida Weather Forecast

Southwest Florida Webcams

Main Navigation
Weather
· Home
· Current Conditions
· Storm Warnings
· Station Graphs
· Storm Fronts
· Station History
· Drought Index
· Storm Reports
· Rainfall Estimates
· Fire Graphs

Doppler Radar
· Lee County
· Charlotte County
· Collier County
· Hendry County
· Desoto County
· Glades County
· Sarasota County
· Manatee County
· Hillsborough County
· Pinellas County
· Pasco County
· Southwest Florida
· Florida
· State Radars
· National

Satellite
· South Florida
· North Florida
· Regional
· National

Forecast
· Extended
· Marine
· Discussion
· Florida Forecast
· Hazardous Outlook
· Wave Heights
· Fire

Lightning
· Live
· Tracker
· Loop
· Network
· WASP
· WASP Loop

Tropical Weather
· Hurricane Tracker
· Tropical Satellite
· Sea Temperature
· Discussion
· Buoy Data
· Tracking Tools
· Monthly Summary

Moon and Tides
· Tides
· Moon Phase

Live Products

Fishing Reports

Local News

Other Info

Support Us

Support Capeweather.com
donations

If you find this website useful, consider making
a donation.

Click here to learn more


  
 

Southwest Florida Monthly and Yearly Weather Reports

2017: Jan | Feb | Mar | Apr | May | Jun | Jul | Aug | Sep | Oct | Nov | Dec 
2016: Jan | Feb | Mar | Apr | May | Jun | Jul | Aug | Sep | Oct | Nov | Dec 
2015: Jan | Feb | Mar | Apr | May | Jun | Jul | Aug | Sep | Oct | Nov | Dec 
2014: Jan | Feb | Mar | Apr | May | Jun | Jul | Aug | Sep | Oct | Nov | Dec 
2013: Jan | Feb | Mar | Apr | May | Jun | Jul | Aug | Sep | Oct | Nov | Dec 
2012: Jan | Feb | Mar | Apr | May | Jun | Jul | Aug | Sep | Oct | Nov | Dec 
2011: Jan | Feb | Mar | Apr | May | Jun | Jul | Aug | Sep | Oct | Nov | Dec 
2010: Jan | Feb | Mar | Apr | May | Jun | Jul | Aug | Sep | Oct | Nov | Dec 
2009: Jan | Feb | Mar | Apr | May | Jun | Jul | Aug | Sep | Oct | Nov | Dec 
2008: Jan | Feb | Mar | Apr | May | Jun | Jul | Aug | Sep | Oct | Nov | Dec 
2007: Jan | Feb | Mar | Apr | May | Jun | Jul | Aug | Sep | Oct | Nov | Dec 
2006: Jan | Feb | Mar | Apr | May | Jun | Jul | Aug | Sep | Oct | Nov | Dec 
2005: Jan | Feb | Mar | Apr | May | Jun | Jul | Aug | Sep | Oct | Nov | Dec 

Report for 2012 05
MONTHLY CLIMATOLOGICAL SUMMARY FOR 5/2012 HEAT COOL MEAN DEG DEG WIND SPEED DOM MEAN MEAN DAY TEMP HIGH TIME LOW TIME DAYS DAYS RAIN AVG HI TIME DIR BAROM HUM --------------------------------------------------------------------------------------- 1 76.5 87.9 2:58pm 71.6 4:06am 0 11 0.14 6 23 3:06pm E 30.00 81 2 78.1 89.9 2:17pm 71.3 5:20am 0 13 0.01 5 21 9:04pm ESE 30.01 78 3 78.0 86.8 2:53pm 70.0 6:57am 0 13 0.00 3 17 8:49am ESE 30.03 77 4 77.8 87.5 3:21pm 71.3 6:44am 0 13 0.00 2 13 4:51pm W 30.02 76 5 77.3 84.9 2:56pm 70.4 7:19am 0 12 0.00 2 14 4:55pm WSW 29.97 75 6 77.8 84.6 2:22pm 72.1 7:10am 0 13 0.00 2 16 4:36pm SW 29.94 77 7 77.0 85.2 2:37pm 71.5 7:12am 0 12 0.00 2 14 4:44pm WSW 29.89 80 8 77.9 85.2 2:18pm 71.9 2:48am 0 13 0.00 2 16 3:55pm W 29.88 80 9 79.0 85.7 3:21pm 73.0 3:42am 0 14 0.01 4 25 9:39pm WSW 29.85 80 10 79.1 85.2 1:28pm 72.7 11:58pm 0 14 0.01 5 19 3:05pm WNW 29.83 78 11 77.6 93.7 2:44pm 66.0 6:45am 0 13 0.03 3 19 7:25pm ENE 29.95 74 12 80.4 91.8 2:57pm 72.4 4:25am 0 15 0.00 6 22 5:26pm E 30.08 69 13 77.6 88.4 1:26pm 69.2 7:11am 0 13 0.13 3 21 8:17pm E 30.05 75 14 78.2 86.8 2:10pm 71.2 12:00am 0 13 0.09 2 14 4:20pm SW 29.98 79 15 78.3 87.3 12:14pm 71.1 6:36am 0 13 0.03 2 14 3:04pm SW 29.97 80 16 76.2 81.6 4:21pm 72.3 11:56pm 0 11 0.35 0 15 10:45pm SSE 29.96 83 17 77.2 83.7 3:28pm 72.1 12:07am 0 12 0.03 2 14 2:31pm SW 29.90 84 18 78.9 85.2 2:38pm 71.4 6:55am 0 14 0.00 2 15 4:21pm W 29.90 77 19 78.2 89.0 12:20pm 71.1 6:56am 0 13 0.06 3 24 7:14pm W 29.90 78 20 78.3 90.9 2:28pm 69.4 6:50am 0 13 0.00 3 19 5:30pm WNW 29.92 76 21 78.7 88.8 1:47pm 69.8 6:55am 0 13 0.00 3 15 12:07am E 29.94 71 22 78.9 89.4 1:34pm 68.8 5:54am 0 14 0.00 2 16 3:21pm WNW 29.92 61 23 79.7 89.5 12:40pm 72.3 5:53am 0 15 0.26 2 18 8:22pm WNW 29.86 77 24 80.9 93.2 1:59pm 72.5 6:31am 0 16 0.00 2 16 5:25pm E 29.84 76 25 80.9 92.8 1:46pm 73.1 7:55pm 0 16 0.74 2 40 7:41pm W 29.95 77 26 80.5 94.0 3:57pm 72.9 8:10pm 0 15 0.29 2 18 4:36pm ENE 29.98 79 27 80.2 87.1 11:27am 72.9 6:54am 0 15 0.00 4 17 3:16pm W 29.91 82 28 82.3 87.1 3:20pm 79.5 4:30am 0 17 0.03 5 18 3:55pm SW 29.90 77 29 82.2 87.6 3:12pm 78.4 6:56am 0 17 0.00 3 16 4:23pm WSW 29.92 75 30 81.8 87.2 1:46pm 78.3 6:29am 0 17 0.00 5 20 12:01pm W 29.88 76 31 80.2 87.2 12:58pm 74.6 6:23am 0 15 0.00 1 15 4:40pm SW 29.89 80 --------------------------------------------------------------------------------------- TOT 78.9 94.0 5/26/12 66.0 5/11/12 0 430 2.21 3 40 5/25/12 W 29.93 77 HEAT BASE: 65.0 COOL BASE: 65.0
 
  
Hurricane Tracker

Hurricane Tracker
Hurricane Tracker
2017 Storm Tracker Forum


Atlantic Storms
No Storms


Sponsored Links

Recent Forum Posts

New Post
SW FL-Bonita Beach: Sharks, Grouper, Snapper; Sheeps, Drum
Posted by
fishbuster on Nov 30, 2017 at 02:32:09 PM


New Post
SW FL-Bonita Beach:Nice trout Inshore;Keeper Mutton Offshore
Posted by
fishbuster on Nov 09, 2017 at 02:17:33 PM


New Post
Philippe- Final Advisory
Posted by
ccstorms on Oct 29, 2017 at 05:36:13 PM


New Post
Invest 92L- Deactivated
Posted by
ccstorms on Oct 17, 2017 at 06:12:31 AM


New Post
Ophelia- Final Advisory
Posted by
ccstorms on Oct 16, 2017 at 06:32:58 AM


New Post
Nate- Final Advisory
Posted by
ccstorms on Oct 08, 2017 at 02:04:43 PM


***FORUM RULES***

Member Login
Username

Password


Join For Free!!
Click here to Register!

Total Hits
We received
79792168
page views since June 2005

Sponsored Links

Social Networks

Southwest Florida Weather | Central Florida Weather | Florida Weather

Cape Coral | Fort Myers | Bonita Springs | Naples | Punta Gorda | Port Charlotte | Estero | Sanibel | Lehigh Acres | Captiva | Pine Island | Bokeelia | St. James City | Alva | Arcadia | Labelle | Clewiston | Venice

Lee County | Charlotte County | Collier County | Hendry County | Desoto County
Glades County | Monroe County | Sarasota County | Manatee County
Hillsborough County | Pinellas County | Pasco County

Recommend us




Copyright Capeweather.com 2005-2017

DO NOT make decisions that affect life or property based on this data!
PHP-Nuke Copyright © 2004 by Francisco Burzi. This is free software, and you may redistribute it under the GPL. PHP-Nuke comes with absolutely no warranty, for details, see the license.
Page Generation: 0.27 Seconds