Southwest Florida Weather History, Yearly, Monthly, Daily, Records
 Click here to register!Home | Advertise | Forum | Live Webcams | Contact Us | Tell a Friend | Your Account  

Lee County Forecast
This
Afternoon
This Afternoon: Sunny, with a high near 65. West northwest wind around 7 mph.
Sunny
Tonight

Tonight: Mostly clear, with a low around 49. West northwest wind around 5 mph becoming calm  in the evening.
Mostly Clear
Hi 65 °FLo 49 °F
Extended Forecast
Florida Weather Forecast

Southwest Florida Webcams

Main Navigation
Weather
· Home
· Current Conditions
· Storm Warnings
· Station Graphs
· Storm Fronts
· Station History
· Drought Index
· Storm Reports
· Rainfall Estimates
· Fire Graphs

Doppler Radar
· Lee County
· Charlotte County
· Collier County
· Hendry County
· Desoto County
· Glades County
· Sarasota County
· Manatee County
· Hillsborough County
· Pinellas County
· Pasco County
· Southwest Florida
· Florida
· State Radars
· National

Satellite
· South Florida
· North Florida
· Regional
· National

Forecast
· Extended
· Marine
· Discussion
· Florida Forecast
· Hazardous Outlook
· Wave Heights
· Fire

Lightning
· Live
· Tracker
· Loop
· Network
· WASP
· WASP Loop

Tropical Weather
· Hurricane Tracker
· Tropical Satellite
· Sea Temperature
· Discussion
· Buoy Data
· Tracking Tools
· Monthly Summary

Moon and Tides
· Tides
· Moon Phase

Live Products

Fishing Reports

Local News

Other Info

Support Us

Support Capeweather.com
donations

If you find this website useful, consider making
a donation.

Click here to learn more


  
 

Southwest Florida Monthly and Yearly Weather Reports

2017: Jan | Feb | Mar | Apr | May | Jun | Jul | Aug | Sep | Oct | Nov | Dec 
2016: Jan | Feb | Mar | Apr | May | Jun | Jul | Aug | Sep | Oct | Nov | Dec 
2015: Jan | Feb | Mar | Apr | May | Jun | Jul | Aug | Sep | Oct | Nov | Dec 
2014: Jan | Feb | Mar | Apr | May | Jun | Jul | Aug | Sep | Oct | Nov | Dec 
2013: Jan | Feb | Mar | Apr | May | Jun | Jul | Aug | Sep | Oct | Nov | Dec 
2012: Jan | Feb | Mar | Apr | May | Jun | Jul | Aug | Sep | Oct | Nov | Dec 
2011: Jan | Feb | Mar | Apr | May | Jun | Jul | Aug | Sep | Oct | Nov | Dec 
2010: Jan | Feb | Mar | Apr | May | Jun | Jul | Aug | Sep | Oct | Nov | Dec 
2009: Jan | Feb | Mar | Apr | May | Jun | Jul | Aug | Sep | Oct | Nov | Dec 
2008: Jan | Feb | Mar | Apr | May | Jun | Jul | Aug | Sep | Oct | Nov | Dec 
2007: Jan | Feb | Mar | Apr | May | Jun | Jul | Aug | Sep | Oct | Nov | Dec 
2006: Jan | Feb | Mar | Apr | May | Jun | Jul | Aug | Sep | Oct | Nov | Dec 
2005: Jan | Feb | Mar | Apr | May | Jun | Jul | Aug | Sep | Oct | Nov | Dec 

Report for 2012 10
MONTHLY CLIMATOLOGICAL SUMMARY FOR 10/2012 HEAT COOL MEAN DEG DEG WIND SPEED DOM MEAN MEAN DAY TEMP HIGH TIME LOW TIME DAYS DAYS RAIN AVG HI TIME DIR BAROM HUM --------------------------------------------------------------------------------------- 1 81.3 87.9 1:09pm 75.8 5:33am 0 16 0.05 1 15 5:08am SW 29.77 85 2 80.1 87.6 3:51pm 76.2 11:35pm 0 15 0.07 1 19 7:27am SW 29.89 87 3 80.4 90.1 3:36pm 74.9 1:32am 0 15 0.18 2 16 6:51pm SW 30.06 87 4 80.1 90.6 2:33pm 75.7 10:27pm 0 15 0.00 1 16 3:41pm E 30.09 86 5 80.4 91.7 2:25pm 74.5 3:43am 0 15 0.00 2 16 7:41pm ENE 30.00 85 6 79.8 87.9 4:23pm 74.3 5:24am 0 14 0.08 1 15 9:32pm WNW 29.91 85 7 78.2 91.3 2:03pm 72.3 6:06pm 0 13 1.57 1 17 5:44pm ENE 29.92 88 8 79.5 89.3 11:51am 74.3 1:26am 0 14 0.03 1 14 7:10pm WNW 29.95 87 9 79.9 90.4 4:04pm 72.3 6:40am 0 15 0.00 1 14 11:25pm E 29.97 83 10 80.5 90.7 3:53pm 73.4 7:38am 0 15 0.00 2 14 12:49am ENE 30.02 79 11 77.9 89.0 3:19pm 69.0 7:26am 0 13 0.00 3 18 10:06pm ENE 30.08 73 12 76.9 88.2 3:35pm 67.7 7:37am 0 12 0.00 4 21 3:04pm NE 30.09 73 13 76.8 88.3 2:07pm 68.4 6:26am 0 12 0.00 5 24 5:50pm ENE 30.07 75 14 79.0 89.2 2:34pm 70.2 7:20am 0 14 0.00 3 22 1:03pm ENE 29.99 79 15 79.3 88.1 12:48pm 72.8 7:26am 0 14 0.02 2 17 3:33pm E 29.86 84 16 78.4 86.8 2:26pm 72.1 6:59am 0 13 0.00 1 12 9:23am WNW 29.81 80 17 76.8 84.1 12:37pm 72.2 5:44am 0 12 0.00 1 13 7:32pm WSW 29.82 86 18 78.1 85.7 3:36pm 71.9 5:25am 0 13 0.00 0 11 3:02pm SSW 29.83 86 19 79.1 87.3 2:22pm 73.6 6:10am 0 14 0.09 1 12 4:22pm WNW 29.84 86 20 78.4 88.1 4:24pm 70.2 11:58pm 0 13 0.00 2 16 11:53am NE 29.87 77 21 73.4 87.0 3:55pm 62.9 7:36am 0 9 0.00 2 16 12:21pm ENE 29.96 63 22 74.9 86.5 3:32pm 64.9 7:21am 0 10 0.00 4 22 4:25pm ENE 29.98 72 23 76.2 88.3 3:46pm 66.8 7:48am 0 11 0.00 5 26 6:10pm ENE 29.95 74 24 77.6 88.7 4:11pm 71.0 1:40am 0 13 0.00 4 24 2:48pm ENE 29.90 77 25 77.0 84.7 12:41pm 72.3 4:07am 0 12 0.00 6 28 12:48pm NE 29.78 82 26 78.1 88.2 4:14pm 73.3 5:41am 0 13 0.00 7 27 4:17pm N 29.65 72 27 75.9 81.8 12:48pm 71.8 6:12am 0 11 0.00 10 33 11:16am NW 29.64 70 28 73.8 78.8 1:33pm 68.7 11:47pm 0 9 0.00 9 29 12:55pm NW 29.73 70 29 66.3 70.7 1:24pm 61.4 8:28am 1 2 0.00 8 26 2:20pm NW 29.82 61 30 64.6 70.4 1:34pm 53.7 7:43am 2 1 0.00 5 26 12:28pm NW 29.91 60 31 67.1 76.4 1:10pm 59.7 7:03am 1 3 0.00 1 13 4:57pm WNW 30.02 70 --------------------------------------------------------------------------------------- TOT 67.1 76.4 10/31/12 59.7 10/31/12 4 371 2.09 1 13 10/31/12 WNW 30.02 70 HEAT BASE: 65.0 COOL BASE: 65.0
 
  
Hurricane Tracker

Hurricane Tracker
Hurricane Tracker
2017 Storm Tracker Forum


Atlantic Storms
No Storms


Sponsored Links

Recent Forum Posts

New Post
SW FL-Bonita Beach: Sharks, Grouper, Snapper; Sheeps, Drum
Posted by
fishbuster on Nov 30, 2017 at 02:32:09 PM


New Post
SW FL-Bonita Beach:Nice trout Inshore;Keeper Mutton Offshore
Posted by
fishbuster on Nov 09, 2017 at 02:17:33 PM


New Post
Philippe- Final Advisory
Posted by
ccstorms on Oct 29, 2017 at 05:36:13 PM


New Post
Invest 92L- Deactivated
Posted by
ccstorms on Oct 17, 2017 at 06:12:31 AM


New Post
Ophelia- Final Advisory
Posted by
ccstorms on Oct 16, 2017 at 06:32:58 AM


New Post
Nate- Final Advisory
Posted by
ccstorms on Oct 08, 2017 at 02:04:43 PM


***FORUM RULES***

Member Login
Username

Password


Join For Free!!
Click here to Register!

Total Hits
We received
79797806
page views since June 2005

Sponsored Links

Social Networks

Southwest Florida Weather | Central Florida Weather | Florida Weather

Cape Coral | Fort Myers | Bonita Springs | Naples | Punta Gorda | Port Charlotte | Estero | Sanibel | Lehigh Acres | Captiva | Pine Island | Bokeelia | St. James City | Alva | Arcadia | Labelle | Clewiston | Venice

Lee County | Charlotte County | Collier County | Hendry County | Desoto County
Glades County | Monroe County | Sarasota County | Manatee County
Hillsborough County | Pinellas County | Pasco County

Recommend us




Copyright Capeweather.com 2005-2017

DO NOT make decisions that affect life or property based on this data!
PHP-Nuke Copyright © 2004 by Francisco Burzi. This is free software, and you may redistribute it under the GPL. PHP-Nuke comes with absolutely no warranty, for details, see the license.
Page Generation: 0.24 Seconds