Southwest Florida Weather History, Yearly, Monthly, Daily, Records
 Click here to register!Home | Advertise | Forum | Live Webcams | Contact Us | Tell a Friend | Your Account  

Lee County Forecast
Tonight

Tonight: Mostly clear, with a low around 49. West northwest wind around 5 mph becoming calm  in the evening.
Mostly Clear
Thursday

Thursday: Mostly sunny, with a high near 71. Calm wind becoming southwest 5 to 8 mph in the morning.
Mostly Sunny
Lo 49 °FHi 71 °F
Extended Forecast
Florida Weather Forecast

Southwest Florida Webcams

Main Navigation
Weather
· Home
· Current Conditions
· Storm Warnings
· Station Graphs
· Storm Fronts
· Station History
· Drought Index
· Storm Reports
· Rainfall Estimates
· Fire Graphs

Doppler Radar
· Lee County
· Charlotte County
· Collier County
· Hendry County
· Desoto County
· Glades County
· Sarasota County
· Manatee County
· Hillsborough County
· Pinellas County
· Pasco County
· Southwest Florida
· Florida
· State Radars
· National

Satellite
· South Florida
· North Florida
· Regional
· National

Forecast
· Extended
· Marine
· Discussion
· Florida Forecast
· Hazardous Outlook
· Wave Heights
· Fire

Lightning
· Live
· Tracker
· Loop
· Network
· WASP
· WASP Loop

Tropical Weather
· Hurricane Tracker
· Tropical Satellite
· Sea Temperature
· Discussion
· Buoy Data
· Tracking Tools
· Monthly Summary

Moon and Tides
· Tides
· Moon Phase

Live Products

Fishing Reports

Local News

Other Info

Support Us

Support Capeweather.com
donations

If you find this website useful, consider making
a donation.

Click here to learn more


  
 

Southwest Florida Monthly and Yearly Weather Reports

2017: Jan | Feb | Mar | Apr | May | Jun | Jul | Aug | Sep | Oct | Nov | Dec 
2016: Jan | Feb | Mar | Apr | May | Jun | Jul | Aug | Sep | Oct | Nov | Dec 
2015: Jan | Feb | Mar | Apr | May | Jun | Jul | Aug | Sep | Oct | Nov | Dec 
2014: Jan | Feb | Mar | Apr | May | Jun | Jul | Aug | Sep | Oct | Nov | Dec 
2013: Jan | Feb | Mar | Apr | May | Jun | Jul | Aug | Sep | Oct | Nov | Dec 
2012: Jan | Feb | Mar | Apr | May | Jun | Jul | Aug | Sep | Oct | Nov | Dec 
2011: Jan | Feb | Mar | Apr | May | Jun | Jul | Aug | Sep | Oct | Nov | Dec 
2010: Jan | Feb | Mar | Apr | May | Jun | Jul | Aug | Sep | Oct | Nov | Dec 
2009: Jan | Feb | Mar | Apr | May | Jun | Jul | Aug | Sep | Oct | Nov | Dec 
2008: Jan | Feb | Mar | Apr | May | Jun | Jul | Aug | Sep | Oct | Nov | Dec 
2007: Jan | Feb | Mar | Apr | May | Jun | Jul | Aug | Sep | Oct | Nov | Dec 
2006: Jan | Feb | Mar | Apr | May | Jun | Jul | Aug | Sep | Oct | Nov | Dec 
2005: Jan | Feb | Mar | Apr | May | Jun | Jul | Aug | Sep | Oct | Nov | Dec 

Report for 2012 11
MONTHLY CLIMATOLOGICAL SUMMARY FOR 11/2012 HEAT COOL MEAN DEG DEG WIND SPEED DOM MEAN MEAN DAY TEMP HIGH TIME LOW TIME DAYS DAYS RAIN AVG HI TIME DIR BAROM HUM --------------------------------------------------------------------------------------- 1 68.5 77.2 11:21am 59.8 1:45am 1 5 0.00 2 16 11:26am WNW 30.01 83 2 68.9 79.2 4:30pm 62.1 6:51am 1 4 0.00 1 13 10:41am WNW 30.04 73 3 68.6 83.7 2:09pm 57.5 6:33am 2 6 0.00 1 13 11:30am W 30.08 81 4 69.6 81.5 2:13pm 61.4 6:51am 1 5 0.00 0 10 2:17pm W 30.05 82 5 70.1 77.8 1:10pm 65.0 2:03am 0 5 0.00 0 9 12:38pm W 29.97 88 6 67.9 76.7 11:30am 63.6 4:56am 0 3 0.19 0 16 12:01pm NNW 29.88 92 7 64.3 71.9 12:20pm 58.5 11:01pm 2 1 0.00 3 25 2:52pm NW 29.91 75 8 61.0 70.9 11:56am 52.9 11:54pm 5 1 0.00 3 22 12:36pm NE 30.07 56 9 62.0 78.9 1:56pm 48.6 4:41am 6 3 0.00 2 16 8:24am ENE 30.17 65 10 65.8 78.6 2:16pm 55.9 5:41am 3 4 0.00 2 17 3:13pm E 30.21 70 11 68.9 82.9 2:30pm 58.2 5:15am 2 6 0.00 2 21 12:16pm E 30.19 70 12 71.9 81.4 11:17am 63.5 1:07am 0 7 0.00 2 21 12:06pm E 30.15 78 13 71.9 84.8 3:07pm 63.7 5:56am 0 7 0.00 1 13 10:38am ENE 30.09 80 14 71.9 84.8 2:59pm 63.7 5:16am 0 7 0.00 1 14 2:55pm NE 30.08 81 15 69.5 79.5 12:26pm 63.6 6:51am 0 5 0.00 1 12 2:49pm NW 30.06 86 16 65.0 70.4 1:59pm 61.7 11:58pm 1 1 0.00 2 16 9:51am NE 30.08 86 17 69.7 83.0 2:40pm 60.1 3:51am 1 6 0.00 4 18 11:03pm ENE 30.06 78 18 68.3 77.5 1:08pm 62.2 4:27am 1 4 0.00 5 20 12:48pm NE 30.09 81 19 63.8 76.6 2:37pm 55.7 6:45am 4 3 0.00 3 16 6:43pm NE 30.09 78 20 64.1 73.9 3:23pm 58.0 1:43am 3 2 0.00 3 15 12:28pm NW 30.02 83 21 65.2 76.1 2:02pm 57.1 6:08am 3 3 0.00 3 19 2:31pm N 30.01 70 22 63.3 77.3 2:50pm 53.0 4:27am 4 3 0.00 4 20 2:45pm NE 30.09 55 23 61.1 75.7 3:28pm 50.2 6:49am 6 2 0.00 2 13 1:00pm NW 30.12 56 24 64.4 75.8 12:58pm 52.2 3:18am 9 5 0.00 2 14 10:54am NW 30.06 77 25 59.6 73.2 1:58pm 48.0 7:08am 15 6 0.00 0 10 3:56pm NW 30.10 70 26 63.8 78.8 12:54pm 50.3 4:45am 5 4 0.00 0 8 12:28pm SW 30.13 79 27 69.5 79.9 12:33pm 59.6 3:52am 1 5 0.00 0 10 10:16am SSW 30.12 85 28 67.8 77.7 2:42pm 61.4 11:57pm 0 3 0.00 2 15 12:25pm NE 30.15 86 29 66.6 80.5 3:28pm 56.0 6:48am 3 4 0.00 4 18 6:50pm ENE 30.18 78 30 67.7 77.7 12:04pm 59.8 4:50am 2 4 0.00 2 21 12:04pm E 30.16 77 --------------------------------------------------------------------------------------- TOT 66.8 84.8 11/13/12 48.0 11/25/12 82 124 0.19 2 25 11/7/12 NE 30.08 77 HEAT BASE: 65.0 COOL BASE: 65.0
 
  
Hurricane Tracker

Hurricane Tracker
Hurricane Tracker
2017 Storm Tracker Forum


Atlantic Storms
No Storms


Sponsored Links

Recent Forum Posts

New Post
SW FL-Bonita Beach: Sharks, Grouper, Snapper; Sheeps, Drum
Posted by
fishbuster on Nov 30, 2017 at 02:32:09 PM


New Post
SW FL-Bonita Beach:Nice trout Inshore;Keeper Mutton Offshore
Posted by
fishbuster on Nov 09, 2017 at 02:17:33 PM


New Post
Philippe- Final Advisory
Posted by
ccstorms on Oct 29, 2017 at 05:36:13 PM


New Post
Invest 92L- Deactivated
Posted by
ccstorms on Oct 17, 2017 at 06:12:31 AM


New Post
Ophelia- Final Advisory
Posted by
ccstorms on Oct 16, 2017 at 06:32:58 AM


New Post
Nate- Final Advisory
Posted by
ccstorms on Oct 08, 2017 at 02:04:43 PM


***FORUM RULES***

Member Login
Username

Password


Join For Free!!
Click here to Register!

Total Hits
We received
79800518
page views since June 2005

Sponsored Links

Social Networks

Southwest Florida Weather | Central Florida Weather | Florida Weather

Cape Coral | Fort Myers | Bonita Springs | Naples | Punta Gorda | Port Charlotte | Estero | Sanibel | Lehigh Acres | Captiva | Pine Island | Bokeelia | St. James City | Alva | Arcadia | Labelle | Clewiston | Venice

Lee County | Charlotte County | Collier County | Hendry County | Desoto County
Glades County | Monroe County | Sarasota County | Manatee County
Hillsborough County | Pinellas County | Pasco County

Recommend us




Copyright Capeweather.com 2005-2017

DO NOT make decisions that affect life or property based on this data!
PHP-Nuke Copyright © 2004 by Francisco Burzi. This is free software, and you may redistribute it under the GPL. PHP-Nuke comes with absolutely no warranty, for details, see the license.
Page Generation: 0.24 Seconds