Southwest Florida Weather History, Yearly, Monthly, Daily, Records
 Click here to register!Home | Advertise | Forum | Live Webcams | Contact Us | Tell a Friend | Your Account  

Lee County Forecast
Today

Today: Sunny, with a high near 65. North northeast wind 6 to 9 mph.
Sunny
Tonight

Tonight: Mostly clear, with a low around 49. Northwest wind around 5 mph becoming calm  in the evening.
Mostly Clear
Hi 65 °FLo 49 °F
Extended Forecast
Florida Weather Forecast

Southwest Florida Webcams

Main Navigation
Weather
· Home
· Current Conditions
· Storm Warnings
· Station Graphs
· Storm Fronts
· Station History
· Drought Index
· Storm Reports
· Rainfall Estimates
· Fire Graphs

Doppler Radar
· Lee County
· Charlotte County
· Collier County
· Hendry County
· Desoto County
· Glades County
· Sarasota County
· Manatee County
· Hillsborough County
· Pinellas County
· Pasco County
· Southwest Florida
· Florida
· State Radars
· National

Satellite
· South Florida
· North Florida
· Regional
· National

Forecast
· Extended
· Marine
· Discussion
· Florida Forecast
· Hazardous Outlook
· Wave Heights
· Fire

Lightning
· Live
· Tracker
· Loop
· Network
· WASP
· WASP Loop

Tropical Weather
· Hurricane Tracker
· Tropical Satellite
· Sea Temperature
· Discussion
· Buoy Data
· Tracking Tools
· Monthly Summary

Moon and Tides
· Tides
· Moon Phase

Live Products

Fishing Reports

Local News

Other Info

Support Us

Support Capeweather.com
donations

If you find this website useful, consider making
a donation.

Click here to learn more


  
 

Southwest Florida Monthly and Yearly Weather Reports

2017: Jan | Feb | Mar | Apr | May | Jun | Jul | Aug | Sep | Oct | Nov | Dec 
2016: Jan | Feb | Mar | Apr | May | Jun | Jul | Aug | Sep | Oct | Nov | Dec 
2015: Jan | Feb | Mar | Apr | May | Jun | Jul | Aug | Sep | Oct | Nov | Dec 
2014: Jan | Feb | Mar | Apr | May | Jun | Jul | Aug | Sep | Oct | Nov | Dec 
2013: Jan | Feb | Mar | Apr | May | Jun | Jul | Aug | Sep | Oct | Nov | Dec 
2012: Jan | Feb | Mar | Apr | May | Jun | Jul | Aug | Sep | Oct | Nov | Dec 
2011: Jan | Feb | Mar | Apr | May | Jun | Jul | Aug | Sep | Oct | Nov | Dec 
2010: Jan | Feb | Mar | Apr | May | Jun | Jul | Aug | Sep | Oct | Nov | Dec 
2009: Jan | Feb | Mar | Apr | May | Jun | Jul | Aug | Sep | Oct | Nov | Dec 
2008: Jan | Feb | Mar | Apr | May | Jun | Jul | Aug | Sep | Oct | Nov | Dec 
2007: Jan | Feb | Mar | Apr | May | Jun | Jul | Aug | Sep | Oct | Nov | Dec 
2006: Jan | Feb | Mar | Apr | May | Jun | Jul | Aug | Sep | Oct | Nov | Dec 
2005: Jan | Feb | Mar | Apr | May | Jun | Jul | Aug | Sep | Oct | Nov | Dec 

Report for 2013 02
MONTHLY CLIMATOLOGICAL SUMMARY FOR 2/2013 HEAT COOL MEAN DEG DEG WIND SPEED DOM MEAN MEAN DAY TEMP HIGH TIME LOW TIME DAYS DAYS RAIN AVG HI TIME DIR BAROM HUM --------------------------------------------------------------------------------------- 1 56.3 71.6 2:37pm 44.7 6:39am 10 1 0.00 3 18 8:54am NE 30.25 54 2 59.6 75.1 3:11pm 47.0 5:55am 8 2 0.00 2 15 10:00am ENE 30.20 62 3 60.5 74.6 1:22pm 51.0 5:51am 6 2 0.00 2 16 10:41am N 30.13 65 4 58.5 71.3 3:39pm 47.4 7:05am 7 1 0.00 1 11 10:37am W 30.08 68 5 64.2 76.6 1:09pm 52.7 3:06am 4 3 0.00 1 11 11:15am SSW 30.03 71 6 68.3 79.1 12:13pm 58.0 5:30am 2 5 0.00 1 13 2:12pm SW 30.04 79 7 70.4 78.5 11:34am 62.3 6:51am 0 6 0.00 1 17 1:46pm SSW 30.00 83 8 71.1 81.7 2:35pm 61.5 11:58pm 0 6 0.01 3 18 12:40am WNW 29.97 81 9 67.4 80.3 4:32pm 55.8 5:57am 3 5 0.00 2 18 11:23am E 30.10 77 10 71.1 82.9 1:25pm 64.5 5:34am 0 6 0.00 2 16 10:44am ESE 30.16 75 11 71.4 80.9 1:55pm 64.6 6:59am 0 6 0.00 2 21 2:06pm SSE 30.13 82 12 72.6 80.3 12:26pm 66.7 2:36am 0 7 0.00 1 18 12:57pm SSW 30.03 88 13 73.8 81.1 2:51pm 64.0 11:59pm 0 9 0.01 2 18 11:47pm SSW 29.94 92 14 63.2 72.6 12:45pm 59.8 10:25pm 2 1 1.78 3 21 1:40pm NE 29.96 92 15 63.4 69.4 5:42pm 59.5 6:56am 2 1 0.08 0 10 12:08am E 29.98 90 16 61.6 68.9 3:08pm 57.6 8:58pm 4 0 0.00 6 32 3:44pm NW 29.98 74 17 51.4 60.0 3:51pm 42.3 7:01am 14 0 0.00 5 21 12:46am NE 30.24 47 18 55.8 71.5 3:08pm 40.4 5:39am 10 1 0.00 3 18 2:28pm E 30.26 60 19 65.2 78.1 2:52pm 52.8 6:24am 4 4 0.00 1 14 11:30am SSW 30.13 80 20 67.3 80.3 1:37pm 58.1 5:40am 2 4 0.00 1 11 1:19pm WNW 30.05 82 21 70.1 80.7 3:12pm 61.8 6:22am 1 6 0.00 1 12 2:19pm SSW 30.02 84 22 72.2 81.5 11:46am 64.8 4:47am 0 7 0.00 1 16 2:12pm SSW 30.02 87 23 73.6 81.8 2:04pm 68.3 1:19am 0 9 0.00 2 18 1:19pm SSE 29.96 91 24 73.4 82.5 1:05pm 68.4 6:45am 0 8 0.00 1 15 2:39pm SW 29.93 91 25 73.9 81.6 12:17pm 66.9 4:52am 0 9 0.01 1 16 12:52pm SSE 29.83 91 26 74.0 80.8 11:49am 66.4 11:58pm 0 8 0.09 4 26 10:00am S 29.81 90 27 68.2 74.5 12:55pm 63.9 6:59am 0 3 0.00 1 11 1:39pm WNW 29.92 83 28 64.7 72.7 1:53pm 59.8 6:11am 2 1 0.00 2 18 3:29pm WNW 29.96 77 --------------------------------------------------------------------------------------- TOT 66.5 82.9 2/10/13 40.4 2/18/13 80 122 1.98 2 32 2/16/13 SSW 30.04 78 HEAT BASE: 65.0 COOL BASE: 65.0
 
  
Hurricane Tracker

Hurricane Tracker
Hurricane Tracker
2017 Storm Tracker Forum


Atlantic Storms
No Storms


Sponsored Links

Recent Forum Posts

New Post
SW FL-Bonita Beach: Sharks, Grouper, Snapper; Sheeps, Drum
Posted by
fishbuster on Nov 30, 2017 at 02:32:09 PM


New Post
SW FL-Bonita Beach:Nice trout Inshore;Keeper Mutton Offshore
Posted by
fishbuster on Nov 09, 2017 at 02:17:33 PM


New Post
Philippe- Final Advisory
Posted by
ccstorms on Oct 29, 2017 at 05:36:13 PM


New Post
Invest 92L- Deactivated
Posted by
ccstorms on Oct 17, 2017 at 06:12:31 AM


New Post
Ophelia- Final Advisory
Posted by
ccstorms on Oct 16, 2017 at 06:32:58 AM


New Post
Nate- Final Advisory
Posted by
ccstorms on Oct 08, 2017 at 02:04:43 PM


***FORUM RULES***

Member Login
Username

Password


Join For Free!!
Click here to Register!

Total Hits
We received
79792288
page views since June 2005

Sponsored Links

Social Networks

Southwest Florida Weather | Central Florida Weather | Florida Weather

Cape Coral | Fort Myers | Bonita Springs | Naples | Punta Gorda | Port Charlotte | Estero | Sanibel | Lehigh Acres | Captiva | Pine Island | Bokeelia | St. James City | Alva | Arcadia | Labelle | Clewiston | Venice

Lee County | Charlotte County | Collier County | Hendry County | Desoto County
Glades County | Monroe County | Sarasota County | Manatee County
Hillsborough County | Pinellas County | Pasco County

Recommend us




Copyright Capeweather.com 2005-2017

DO NOT make decisions that affect life or property based on this data!
PHP-Nuke Copyright © 2004 by Francisco Burzi. This is free software, and you may redistribute it under the GPL. PHP-Nuke comes with absolutely no warranty, for details, see the license.
Page Generation: 0.22 Seconds