Southwest Florida Weather History, Yearly, Monthly, Daily, Records
 Click here to register!Home | Advertise | Forum | Live Webcams | Contact Us | Tell a Friend | Your Account  

Lee County Forecast
Today

Today: Sunny, with a high near 67. North wind around 9 mph.
Sunny

Tonight

Tonight: Clear, with a low around 48. North wind around 5 mph becoming calm  after midnight.
Clear

Hi 67 °FLo 48 °F
Extended Forecast
Florida Weather Forecast

Southwest Florida Webcams

Main Navigation
Weather
· Home
· Current Conditions
· Storm Warnings
· Station Graphs
· Storm Fronts
· Station History
· Drought Index
· Storm Reports
· Rainfall Estimates
· Fire Graphs

Doppler Radar
· Lee County
· Charlotte County
· Collier County
· Hendry County
· Desoto County
· Glades County
· Sarasota County
· Manatee County
· Hillsborough County
· Pinellas County
· Pasco County
· Southwest Florida
· Florida
· State Radars
· National

Satellite
· South Florida
· North Florida
· Regional
· National

Forecast
· Extended
· Marine
· Discussion
· Florida Forecast
· Hazardous Outlook
· Wave Heights
· Fire

Lightning
· Live
· Tracker
· Loop
· Network
· WASP
· WASP Loop

Tropical Weather
· Hurricane Tracker
· Tropical Satellite
· Sea Temperature
· Discussion
· Buoy Data
· Tracking Tools
· Monthly Summary

Moon and Tides
· Tides
· Moon Phase

Live Products

Fishing Reports

Local News

Other Info

Support Us

Support Capeweather.com
donations

If you find this website useful, consider making
a donation.

Click here to learn more


  
 

Southwest Florida Monthly and Yearly Weather Reports

2017: Jan | Feb | Mar | Apr | May | Jun | Jul | Aug | Sep | Oct | Nov | Dec 
2016: Jan | Feb | Mar | Apr | May | Jun | Jul | Aug | Sep | Oct | Nov | Dec 
2015: Jan | Feb | Mar | Apr | May | Jun | Jul | Aug | Sep | Oct | Nov | Dec 
2014: Jan | Feb | Mar | Apr | May | Jun | Jul | Aug | Sep | Oct | Nov | Dec 
2013: Jan | Feb | Mar | Apr | May | Jun | Jul | Aug | Sep | Oct | Nov | Dec 
2012: Jan | Feb | Mar | Apr | May | Jun | Jul | Aug | Sep | Oct | Nov | Dec 
2011: Jan | Feb | Mar | Apr | May | Jun | Jul | Aug | Sep | Oct | Nov | Dec 
2010: Jan | Feb | Mar | Apr | May | Jun | Jul | Aug | Sep | Oct | Nov | Dec 
2009: Jan | Feb | Mar | Apr | May | Jun | Jul | Aug | Sep | Oct | Nov | Dec 
2008: Jan | Feb | Mar | Apr | May | Jun | Jul | Aug | Sep | Oct | Nov | Dec 
2007: Jan | Feb | Mar | Apr | May | Jun | Jul | Aug | Sep | Oct | Nov | Dec 
2006: Jan | Feb | Mar | Apr | May | Jun | Jul | Aug | Sep | Oct | Nov | Dec 
2005: Jan | Feb | Mar | Apr | May | Jun | Jul | Aug | Sep | Oct | Nov | Dec 

Report for 2013 05
MONTHLY CLIMATOLOGICAL SUMMARY FOR 5/2013 HEAT COOL MEAN DEG DEG WIND SPEED DOM MEAN MEAN DAY TEMP HIGH TIME LOW TIME DAYS DAYS RAIN AVG HI TIME DIR BAROM HUM --------------------------------------------------------------------------------------- 1 72.4 79.1 11:34am 68.2 1:33pm 0 7 0.52 4 26 6:41pm ESE 29.91 91 2 70.2 76.4 5:25pm 68.0 11:57pm 0 5 0.45 2 12 9:59pm ESE 29.86 92 3 73.3 81.6 2:21pm 65.4 5:41am 0 8 0.00 4 18 3:35pm WNW 29.75 85 4 74.5 80.2 2:25pm 70.6 10:52pm 0 10 0.00 10 28 2:40pm WNW 29.74 81 5 71.6 79.3 3:13pm 65.6 11:14pm 0 7 0.00 8 21 5:27pm NW 29.87 68 6 71.0 78.4 12:47pm 64.2 12:56am 0 6 0.00 5 16 5:21pm WNW 29.96 74 7 69.3 78.3 12:18pm 59.4 6:56am 1 5 0.00 4 21 1:09pm WNW 30.02 75 8 71.4 79.7 1:06pm 62.9 6:51am 0 7 0.00 3 14 2:27pm WNW 30.09 74 9 73.9 87.6 3:00pm 62.0 6:06am 0 9 0.00 3 11 9:22am N 30.10 69 10 77.4 87.8 3:59pm 66.5 6:01am 0 12 0.00 3 14 2:14pm SW 30.05 79 11 79.4 86.4 1:37pm 71.4 6:24am 0 14 0.00 4 17 3:59pm SW 30.02 85 12 79.3 85.6 2:48pm 74.1 6:29am 0 14 0.00 4 18 3:18pm SW 29.99 85 13 77.2 86.6 2:32pm 70.7 11:57pm 0 12 0.00 5 17 5:47pm NW 30.05 76 14 74.6 87.9 4:11pm 62.1 6:08am 0 10 0.00 5 21 10:15am NE 30.12 57 15 76.1 88.2 2:57pm 63.9 6:59am 0 11 0.00 5 16 1:21am E 30.12 60 16 76.4 89.2 3:21pm 67.2 6:52am 0 11 0.00 3 14 11:54pm ESE 30.04 65 17 77.9 87.4 11:47am 68.1 6:07am 0 13 0.00 3 13 12:00am WNW 30.04 70 18 79.4 88.4 1:19pm 70.2 6:09am 0 14 0.00 3 15 4:40pm WNW 30.04 74 19 79.1 89.9 2:34pm 72.7 6:07am 0 14 0.00 3 22 6:03pm ESE 30.03 78 20 78.3 91.3 1:30pm 72.5 11:22pm 0 13 0.01 3 28 4:36pm E 30.01 79 21 77.5 89.3 2:40pm 69.9 6:01am 0 13 0.00 4 27 5:31pm E 29.95 78 22 78.6 87.0 2:02pm 71.0 1:47am 0 14 0.00 4 17 3:33pm ESE 29.91 80 23 79.4 86.4 1:54pm 73.3 4:18am 0 14 0.00 5 16 3:01pm NW 29.96 78 24 81.2 89.3 1:24pm 72.8 6:32am 0 16 0.00 5 18 3:21pm NW 30.01 77 25 80.7 93.0 3:11pm 70.7 6:27am 0 15 0.00 5 24 10:01pm E 30.07 69 26 79.0 91.0 5:11pm 67.4 6:46am 0 14 0.00 6 21 10:28pm E 30.12 64 27 77.8 90.2 3:06pm 70.0 6:51am 0 13 0.00 6 21 8:21pm E 30.08 72 28 78.6 88.0 2:09pm 73.6 5:29am 0 13 0.05 6 25 11:56am E 30.04 80 29 77.2 86.2 4:47pm 72.5 9:36pm 0 12 0.15 7 26 6:53pm E 30.02 83 30 78.7 89.6 1:04pm 72.4 6:17am 0 14 0.06 8 25 4:28pm E 30.00 81 31 78.6 88.4 2:16pm 73.3 5:19am 0 14 0.10 5 21 3:40pm E 30.00 83 --------------------------------------------------------------------------------------- TOT 76.4 93.0 5/25/13 59.4 5/7/13 2 355 1.34 5 28 5/4/13 E 30.00 76 HEAT BASE: 65.0 COOL BASE: 65.0
 
  
Hurricane Tracker

Hurricane Tracker
Hurricane Tracker
2017 Storm Tracker Forum


Atlantic Storms
No Storms


Sponsored Links

Recent Forum Posts

New Post
SW FL-Bonita Beach: Sharks, Grouper, Snapper; Sheeps, Drum
Posted by
fishbuster on Nov 30, 2017 at 02:32:09 PM


New Post
SW FL-Bonita Beach:Nice trout Inshore;Keeper Mutton Offshore
Posted by
fishbuster on Nov 09, 2017 at 02:17:33 PM


New Post
Philippe- Final Advisory
Posted by
ccstorms on Oct 29, 2017 at 05:36:13 PM


New Post
Invest 92L- Deactivated
Posted by
ccstorms on Oct 17, 2017 at 06:12:31 AM


New Post
Ophelia- Final Advisory
Posted by
ccstorms on Oct 16, 2017 at 06:32:58 AM


New Post
Nate- Final Advisory
Posted by
ccstorms on Oct 08, 2017 at 02:04:43 PM


***FORUM RULES***

Member Login
Username

Password


Join For Free!!
Click here to Register!

Total Hits
We received
79745069
page views since June 2005

Sponsored Links

Social Networks

Southwest Florida Weather | Central Florida Weather | Florida Weather

Cape Coral | Fort Myers | Bonita Springs | Naples | Punta Gorda | Port Charlotte | Estero | Sanibel | Lehigh Acres | Captiva | Pine Island | Bokeelia | St. James City | Alva | Arcadia | Labelle | Clewiston | Venice

Lee County | Charlotte County | Collier County | Hendry County | Desoto County
Glades County | Monroe County | Sarasota County | Manatee County
Hillsborough County | Pinellas County | Pasco County

Recommend us




Copyright Capeweather.com 2005-2017

DO NOT make decisions that affect life or property based on this data!
PHP-Nuke Copyright © 2004 by Francisco Burzi. This is free software, and you may redistribute it under the GPL. PHP-Nuke comes with absolutely no warranty, for details, see the license.
Page Generation: 0.28 Seconds