Southwest Florida Weather History, Yearly, Monthly, Daily, Records
 Click here to register!Home | Advertise | Forum | Live Webcams | Contact Us | Tell a Friend | Your Account  

Lee County Forecast
Today

Today: Sunny, with a high near 82. East northeast wind 5 to 9 mph becoming south southeast in the afternoon.
Sunny

Tonight

Tonight: Areas of fog after 4am.  Otherwise, partly cloudy, with a low around 63. Light and variable wind.
Partly Cloudy
then Areas
Fog
Hi 82 °FLo 63 °F
Extended Forecast
Florida Weather Forecast

Southwest Florida Webcams

Main Navigation
Weather
· Home
· Current Conditions
· Storm Warnings
· Station Graphs
· Storm Fronts
· Station History
· Drought Index
· Storm Reports
· Rainfall Estimates
· Fire Graphs

Doppler Radar
· Lee County
· Charlotte County
· Collier County
· Hendry County
· Desoto County
· Glades County
· Sarasota County
· Manatee County
· Hillsborough County
· Pinellas County
· Pasco County
· Southwest Florida
· Florida
· State Radars
· National

Satellite
· South Florida
· North Florida
· Regional
· National

Forecast
· Extended
· Marine
· Discussion
· Florida Forecast
· Hazardous Outlook
· Wave Heights
· Fire

Lightning
· Live
· Tracker
· Loop
· Network
· WASP
· WASP Loop

Tropical Weather
· Hurricane Tracker
· Tropical Satellite
· Sea Temperature
· Discussion
· Buoy Data
· Tracking Tools
· Monthly Summary

Moon and Tides
· Tides
· Moon Phase

Live Products

Fishing Reports

Local News

Other Info

Support Us

Support Capeweather.com
donations

If you find this website useful, consider making
a donation.

Click here to learn more


  
 

Southwest Florida Monthly and Yearly Weather Reports

2017: Jan | Feb | Mar | Apr | May | Jun | Jul | Aug | Sep | Oct | Nov | Dec 
2016: Jan | Feb | Mar | Apr | May | Jun | Jul | Aug | Sep | Oct | Nov | Dec 
2015: Jan | Feb | Mar | Apr | May | Jun | Jul | Aug | Sep | Oct | Nov | Dec 
2014: Jan | Feb | Mar | Apr | May | Jun | Jul | Aug | Sep | Oct | Nov | Dec 
2013: Jan | Feb | Mar | Apr | May | Jun | Jul | Aug | Sep | Oct | Nov | Dec 
2012: Jan | Feb | Mar | Apr | May | Jun | Jul | Aug | Sep | Oct | Nov | Dec 
2011: Jan | Feb | Mar | Apr | May | Jun | Jul | Aug | Sep | Oct | Nov | Dec 
2010: Jan | Feb | Mar | Apr | May | Jun | Jul | Aug | Sep | Oct | Nov | Dec 
2009: Jan | Feb | Mar | Apr | May | Jun | Jul | Aug | Sep | Oct | Nov | Dec 
2008: Jan | Feb | Mar | Apr | May | Jun | Jul | Aug | Sep | Oct | Nov | Dec 
2007: Jan | Feb | Mar | Apr | May | Jun | Jul | Aug | Sep | Oct | Nov | Dec 
2006: Jan | Feb | Mar | Apr | May | Jun | Jul | Aug | Sep | Oct | Nov | Dec 
2005: Jan | Feb | Mar | Apr | May | Jun | Jul | Aug | Sep | Oct | Nov | Dec 

Report for 2015 08
MONTHLY CLIMATOLOGICAL SUMMARY FOR 8/2015 HEAT COOL MEAN DEG DEG WIND SPEED DOM MEAN MEAN DAY TEMP HIGH TIME LOW TIME DAYS DAYS RAIN AVG HI TIME DIR BAROM HUM --------------------------------------------------------------------------------------- 1 80.8 87.5 3:54pm 73.8 5:27am 0 16 0.56 3 18 1:20am SW 29.96 91 2 82.1 90.3 1:08pm 76.2 4:39am 0 17 0.02 4 22 4:03pm W 29.94 84 3 80.0 87.6 5:12pm 72.3 12:22pm 0 14 0.81 3 26 11:43am WNW 29.96 82 4 84.4 93.3 12:59pm 74.8 7:12am 0 19 0.00 2 13 4:21pm SSW 30.02 73 5 84.4 94.1 2:48pm 77.0 7:09am 0 19 0.00 2 14 5:06pm ESE 30.06 79 6 84.7 92.2 3:37pm 76.4 6:00am 0 19 0.00 2 11 2:06pm ESE 30.02 82 7 84.8 91.2 12:17pm 79.1 6:58am 0 20 0.00 3 15 3:40pm WNW 29.96 82 8 81.1 89.5 12:27pm 75.3 6:43pm 0 16 0.50 4 18 5:29pm WNW 29.92 88 9 82.5 89.5 4:04pm 76.2 2:47am 0 17 0.61 3 18 10:19pm W 29.92 86 10 82.3 90.3 2:42pm 76.1 5:58am 0 17 0.12 2 14 2:49pm ENE 29.91 88 11 84.2 91.4 11:59am 77.6 4:45am 0 19 0.01 3 17 3:24pm S 29.96 83 12 84.8 90.5 3:06pm 79.1 6:21am 0 19 0.00 3 18 2:52pm W 29.98 81 13 83.2 91.4 3:03pm 75.6 11:58pm 0 18 0.11 3 26 7:15pm W 29.96 83 14 79.5 90.1 4:16pm 74.0 5:34am 0 15 0.01 3 21 4:22pm E 29.99 86 15 81.4 93.7 12:17pm 74.0 3:36am 0 16 0.03 4 25 3:25pm ENE 30.01 82 16 81.2 93.1 12:56pm 74.8 6:48am 0 16 0.68 3 18 5:16pm ENE 30.03 85 17 82.6 96.0 3:11pm 76.3 5:15am 0 18 0.04 4 21 6:18pm ENE 30.04 85 18 82.6 94.9 2:53pm 76.5 6:55am 0 17 1.02 2 17 4:35pm E 29.99 87 19 83.3 92.7 12:51pm 77.8 6:55am 0 18 0.05 2 13 1:40pm E 29.97 87 20 84.6 93.2 4:26pm 78.8 5:58am 0 20 0.00 3 22 10:52pm SE 29.97 81 21 82.8 92.9 11:19am 76.5 7:02am 0 17 0.04 2 13 5:16pm NE 29.98 84 22 83.2 94.4 11:53am 74.3 8:30pm 0 18 0.87 3 37 8:14pm W 29.95 86 23 85.0 98.9 3:58pm 75.6 3:00am 0 20 1.12 3 25 9:25pm ENE 29.93 70 24 86.4 95.1 5:20pm 78.2 7:04am 0 21 0.00 2 13 3:54pm WNW 29.90 82 25 85.0 94.1 4:09pm 78.1 6:35am 0 20 0.03 2 14 8:18pm ESE 29.90 83 26 82.0 91.7 5:05pm 72.1 9:11pm 0 17 2.35 2 26 7:56pm E 29.92 87 27 78.4 86.5 5:22pm 73.7 4:16am 0 13 0.08 2 22 1:21pm E 29.92 93 28 82.0 93.7 3:48pm 74.3 11:16pm 0 17 0.68 3 31 6:35pm ESE 29.97 86 29 80.3 97.6 3:54pm 73.2 4:07am 0 15 0.08 4 21 4:10pm E 29.99 89 30 79.0 87.9 4:25pm 74.9 12:00am 0 13 0.32 3 21 4:49pm ENE 29.95 93 31 78.6 82.5 6:03pm 75.3 12:00am 0 12 0.09 2 15 12:50pm ESE 29.99 96 --------------------------------------------------------------------------------------- TOT 82.5 98.9 8/23/15 72.1 8/26/15 0 533 10.23 3 37 8/22/15 E 29.97 85 HEAT BASE: 65.0 COOL BASE: 65.0
 
  
Hurricane Tracker

Hurricane Tracker
Hurricane Tracker
2017 Storm Tracker Forum


Atlantic Storms
No Storms


Sponsored Links

Recent Forum Posts

New Post
SW FL-Bonita Beach: Sharks, Snappers, Groupers, Drum, Sheeps
Posted by
fishbuster on Dec 16, 2017 at 01:12:56 PM


New Post
SW FL-Bonita Beach: Sharks, Grouper, Snapper; Sheeps, Drum
Posted by
fishbuster on Nov 30, 2017 at 02:32:09 PM


New Post
SW FL-Bonita Beach:Nice trout Inshore;Keeper Mutton Offshore
Posted by
fishbuster on Nov 09, 2017 at 02:17:33 PM


New Post
Philippe- Final Advisory
Posted by
ccstorms on Oct 29, 2017 at 05:36:13 PM


New Post
Invest 92L- Deactivated
Posted by
ccstorms on Oct 17, 2017 at 06:12:31 AM


New Post
Ophelia- Final Advisory
Posted by
ccstorms on Oct 16, 2017 at 06:32:58 AM


***FORUM RULES***

Member Login
Username

Password


Join For Free!!
Click here to Register!

Total Hits
We received
79891552
page views since June 2005

Sponsored Links

Social Networks

Southwest Florida Weather | Central Florida Weather | Florida Weather

Cape Coral | Fort Myers | Bonita Springs | Naples | Punta Gorda | Port Charlotte | Estero | Sanibel | Lehigh Acres | Captiva | Pine Island | Bokeelia | St. James City | Alva | Arcadia | Labelle | Clewiston | Venice

Lee County | Charlotte County | Collier County | Hendry County | Desoto County
Glades County | Monroe County | Sarasota County | Manatee County
Hillsborough County | Pinellas County | Pasco County

Recommend us




Copyright Capeweather.com 2005-2017

DO NOT make decisions that affect life or property based on this data!
PHP-Nuke Copyright © 2004 by Francisco Burzi. This is free software, and you may redistribute it under the GPL. PHP-Nuke comes with absolutely no warranty, for details, see the license.
Page Generation: 0.22 Seconds