Southwest Florida Weather History, Yearly, Monthly, Daily, Records
 Click here to register!Home | Advertise | Forum | Live Webcams | Contact Us | Tell a Friend | Your Account  

Lee County Forecast
Today

Today: Sunny, with a high near 65. North northeast wind 6 to 9 mph.
Sunny
Tonight

Tonight: Mostly clear, with a low around 49. Northwest wind around 5 mph becoming calm  in the evening.
Mostly Clear
Hi 65 °FLo 49 °F
Extended Forecast
Florida Weather Forecast

Southwest Florida Webcams

Main Navigation
Weather
· Home
· Current Conditions
· Storm Warnings
· Station Graphs
· Storm Fronts
· Station History
· Drought Index
· Storm Reports
· Rainfall Estimates
· Fire Graphs

Doppler Radar
· Lee County
· Charlotte County
· Collier County
· Hendry County
· Desoto County
· Glades County
· Sarasota County
· Manatee County
· Hillsborough County
· Pinellas County
· Pasco County
· Southwest Florida
· Florida
· State Radars
· National

Satellite
· South Florida
· North Florida
· Regional
· National

Forecast
· Extended
· Marine
· Discussion
· Florida Forecast
· Hazardous Outlook
· Wave Heights
· Fire

Lightning
· Live
· Tracker
· Loop
· Network
· WASP
· WASP Loop

Tropical Weather
· Hurricane Tracker
· Tropical Satellite
· Sea Temperature
· Discussion
· Buoy Data
· Tracking Tools
· Monthly Summary

Moon and Tides
· Tides
· Moon Phase

Live Products

Fishing Reports

Local News

Other Info

Support Us

Support Capeweather.com
donations

If you find this website useful, consider making
a donation.

Click here to learn more


  
 

Southwest Florida Monthly and Yearly Weather Reports

2017: Jan | Feb | Mar | Apr | May | Jun | Jul | Aug | Sep | Oct | Nov | Dec 
2016: Jan | Feb | Mar | Apr | May | Jun | Jul | Aug | Sep | Oct | Nov | Dec 
2015: Jan | Feb | Mar | Apr | May | Jun | Jul | Aug | Sep | Oct | Nov | Dec 
2014: Jan | Feb | Mar | Apr | May | Jun | Jul | Aug | Sep | Oct | Nov | Dec 
2013: Jan | Feb | Mar | Apr | May | Jun | Jul | Aug | Sep | Oct | Nov | Dec 
2012: Jan | Feb | Mar | Apr | May | Jun | Jul | Aug | Sep | Oct | Nov | Dec 
2011: Jan | Feb | Mar | Apr | May | Jun | Jul | Aug | Sep | Oct | Nov | Dec 
2010: Jan | Feb | Mar | Apr | May | Jun | Jul | Aug | Sep | Oct | Nov | Dec 
2009: Jan | Feb | Mar | Apr | May | Jun | Jul | Aug | Sep | Oct | Nov | Dec 
2008: Jan | Feb | Mar | Apr | May | Jun | Jul | Aug | Sep | Oct | Nov | Dec 
2007: Jan | Feb | Mar | Apr | May | Jun | Jul | Aug | Sep | Oct | Nov | Dec 
2006: Jan | Feb | Mar | Apr | May | Jun | Jul | Aug | Sep | Oct | Nov | Dec 
2005: Jan | Feb | Mar | Apr | May | Jun | Jul | Aug | Sep | Oct | Nov | Dec 

Report for 2015 10
MONTHLY CLIMATOLOGICAL SUMMARY FOR 10/2015 HEAT COOL MEAN DEG DEG WIND SPEED DOM MEAN MEAN DAY TEMP HIGH TIME LOW TIME DAYS DAYS RAIN AVG HI TIME DIR BAROM HUM --------------------------------------------------------------------------------------- 1 81.6 88.8 1:26pm 74.8 6:53am 0 16 0.00 4 18 2:25pm NW 29.66 83 2 81.5 88.6 1:14pm 75.9 6:55am 0 16 0.00 5 18 3:24pm WNW 29.56 84 3 79.0 83.8 3:55pm 73.2 11:49pm 0 14 0.01 7 24 12:36pm WNW 29.58 77 4 74.8 83.7 3:21pm 69.8 5:23am 0 10 0.35 5 30 4:16pm WNW 29.69 88 5 74.3 81.7 3:45pm 69.7 4:38am 0 9 0.69 3 20 4:00pm WNW 29.76 92 6 77.3 84.8 2:06pm 72.6 7:47am 0 12 0.01 2 11 2:14pm SW 29.86 87 7 78.0 88.2 2:51pm 71.6 7:17am 0 13 0.00 3 16 11:06pm E 29.92 86 8 80.0 88.0 2:50pm 73.2 7:26am 0 14 0.00 3 12 1:42pm E 29.96 83 9 80.1 87.5 2:01pm 73.5 7:34am 0 15 0.00 3 13 12:54am WNW 29.98 86 10 79.8 86.7 1:45pm 74.1 5:34am 0 15 0.00 3 18 1:52pm WNW 29.93 87 11 78.5 85.6 2:01pm 72.6 7:03am 0 13 0.00 3 17 3:28pm NW 29.87 83 12 76.1 84.2 3:34pm 69.5 7:39am 0 11 0.00 2 13 12:24pm W 29.89 80 13 78.3 87.3 2:33pm 71.4 7:23am 0 13 0.00 2 14 3:51pm W 29.91 86 14 78.4 87.1 2:25pm 71.6 7:15am 0 13 0.00 2 13 4:45pm WNW 29.96 83 15 79.2 93.2 4:25pm 70.2 7:56am 0 14 0.00 4 19 9:28pm ENE 29.99 77 16 78.8 85.4 12:05pm 72.8 7:28am 0 14 0.00 6 18 10:57am ENE 30.02 79 17 78.0 88.3 4:00pm 70.2 7:57am 0 12 0.00 5 18 2:14pm NE 30.01 71 18 75.0 82.1 4:25pm 68.6 4:04am 0 10 0.00 6 22 6:23pm ENE 30.04 83 19 74.6 82.3 2:18pm 69.3 5:25am 0 10 0.00 10 29 11:09am ENE 30.11 74 20 76.0 86.4 2:14pm 66.2 7:13am 0 11 0.00 7 25 12:11pm ENE 30.09 73 21 76.2 86.6 4:03pm 67.9 6:45am 0 11 0.00 6 19 5:45pm ENE 30.08 79 22 77.3 88.8 3:42pm 69.8 7:27am 0 12 0.00 5 23 3:26pm ENE 30.06 80 23 77.9 88.7 2:54pm 71.0 7:48am 0 12 0.00 6 22 3:43pm ENE 30.00 80 24 76.9 88.0 2:29pm 67.0 7:09am 0 12 0.00 5 19 11:48am ENE 30.00 76 25 78.9 88.5 2:59pm 71.8 7:00am 0 14 0.00 4 16 4:28pm ESE 29.98 77 26 78.2 87.5 1:40pm 71.3 6:35am 0 13 0.00 4 16 10:44am ESE 29.95 80 27 76.7 80.0 11:53am 74.4 7:48am 0 12 0.27 4 16 11:53am ESE 29.92 88 28 77.0 81.4 1:24pm 74.5 11:59pm 0 12 0.63 3 17 2:23pm SW 29.90 95 29 77.3 84.6 1:44pm 72.6 11:13pm 0 12 0.00 1 11 2:48pm WSW 29.92 90 30 76.5 86.9 1:25pm 69.2 7:56am 0 11 0.00 1 8 9:41am WNW 29.95 84 31 79.0 88.2 1:52pm 72.1 3:51am 0 14 0.05 3 14 11:02am N 29.98 83 --------------------------------------------------------------------------------------- TOT 77.8 93.2 10/15/15 66.2 10/20/15 0 391 2.01 4 30 10/4/15 ENE 29.92 82 HEAT BASE: 65.0 COOL BASE: 65.0
 
  
Hurricane Tracker

Hurricane Tracker
Hurricane Tracker
2017 Storm Tracker Forum


Atlantic Storms
No Storms


Sponsored Links

Recent Forum Posts

New Post
SW FL-Bonita Beach: Sharks, Grouper, Snapper; Sheeps, Drum
Posted by
fishbuster on Nov 30, 2017 at 02:32:09 PM


New Post
SW FL-Bonita Beach:Nice trout Inshore;Keeper Mutton Offshore
Posted by
fishbuster on Nov 09, 2017 at 02:17:33 PM


New Post
Philippe- Final Advisory
Posted by
ccstorms on Oct 29, 2017 at 05:36:13 PM


New Post
Invest 92L- Deactivated
Posted by
ccstorms on Oct 17, 2017 at 06:12:31 AM


New Post
Ophelia- Final Advisory
Posted by
ccstorms on Oct 16, 2017 at 06:32:58 AM


New Post
Nate- Final Advisory
Posted by
ccstorms on Oct 08, 2017 at 02:04:43 PM


***FORUM RULES***

Member Login
Username

Password


Join For Free!!
Click here to Register!

Total Hits
We received
79792285
page views since June 2005

Sponsored Links

Social Networks

Southwest Florida Weather | Central Florida Weather | Florida Weather

Cape Coral | Fort Myers | Bonita Springs | Naples | Punta Gorda | Port Charlotte | Estero | Sanibel | Lehigh Acres | Captiva | Pine Island | Bokeelia | St. James City | Alva | Arcadia | Labelle | Clewiston | Venice

Lee County | Charlotte County | Collier County | Hendry County | Desoto County
Glades County | Monroe County | Sarasota County | Manatee County
Hillsborough County | Pinellas County | Pasco County

Recommend us




Copyright Capeweather.com 2005-2017

DO NOT make decisions that affect life or property based on this data!
PHP-Nuke Copyright © 2004 by Francisco Burzi. This is free software, and you may redistribute it under the GPL. PHP-Nuke comes with absolutely no warranty, for details, see the license.
Page Generation: 0.26 Seconds