Southwest Florida Weather History, Yearly, Monthly, Daily, Records
 Click here to register!Home | Advertise | Forum | Live Webcams | Contact Us | Tell a Friend | Your Account  

Lee County Forecast
Tonight

Tonight: Mostly clear, with a low around 49. West northwest wind around 5 mph becoming calm  in the evening.
Mostly Clear
Thursday

Thursday: Mostly sunny, with a high near 71. Calm wind becoming southwest 5 to 8 mph in the morning.
Mostly Sunny
Lo 49 °FHi 71 °F
Extended Forecast
Florida Weather Forecast

Southwest Florida Webcams

Main Navigation
Weather
· Home
· Current Conditions
· Storm Warnings
· Station Graphs
· Storm Fronts
· Station History
· Drought Index
· Storm Reports
· Rainfall Estimates
· Fire Graphs

Doppler Radar
· Lee County
· Charlotte County
· Collier County
· Hendry County
· Desoto County
· Glades County
· Sarasota County
· Manatee County
· Hillsborough County
· Pinellas County
· Pasco County
· Southwest Florida
· Florida
· State Radars
· National

Satellite
· South Florida
· North Florida
· Regional
· National

Forecast
· Extended
· Marine
· Discussion
· Florida Forecast
· Hazardous Outlook
· Wave Heights
· Fire

Lightning
· Live
· Tracker
· Loop
· Network
· WASP
· WASP Loop

Tropical Weather
· Hurricane Tracker
· Tropical Satellite
· Sea Temperature
· Discussion
· Buoy Data
· Tracking Tools
· Monthly Summary

Moon and Tides
· Tides
· Moon Phase

Live Products

Fishing Reports

Local News

Other Info

Support Us

Support Capeweather.com
donations

If you find this website useful, consider making
a donation.

Click here to learn more


  
 

Southwest Florida Monthly and Yearly Weather Reports

2017: Jan | Feb | Mar | Apr | May | Jun | Jul | Aug | Sep | Oct | Nov | Dec 
2016: Jan | Feb | Mar | Apr | May | Jun | Jul | Aug | Sep | Oct | Nov | Dec 
2015: Jan | Feb | Mar | Apr | May | Jun | Jul | Aug | Sep | Oct | Nov | Dec 
2014: Jan | Feb | Mar | Apr | May | Jun | Jul | Aug | Sep | Oct | Nov | Dec 
2013: Jan | Feb | Mar | Apr | May | Jun | Jul | Aug | Sep | Oct | Nov | Dec 
2012: Jan | Feb | Mar | Apr | May | Jun | Jul | Aug | Sep | Oct | Nov | Dec 
2011: Jan | Feb | Mar | Apr | May | Jun | Jul | Aug | Sep | Oct | Nov | Dec 
2010: Jan | Feb | Mar | Apr | May | Jun | Jul | Aug | Sep | Oct | Nov | Dec 
2009: Jan | Feb | Mar | Apr | May | Jun | Jul | Aug | Sep | Oct | Nov | Dec 
2008: Jan | Feb | Mar | Apr | May | Jun | Jul | Aug | Sep | Oct | Nov | Dec 
2007: Jan | Feb | Mar | Apr | May | Jun | Jul | Aug | Sep | Oct | Nov | Dec 
2006: Jan | Feb | Mar | Apr | May | Jun | Jul | Aug | Sep | Oct | Nov | Dec 
2005: Jan | Feb | Mar | Apr | May | Jun | Jul | Aug | Sep | Oct | Nov | Dec 

Report for 2016 05
MONTHLY CLIMATOLOGICAL SUMMARY FOR 5/2016 HEAT COOL MEAN DEG DEG WIND SPEED DOM MEAN MEAN DAY TEMP HIGH TIME LOW TIME DAYS DAYS RAIN AVG HI TIME DIR BAROM HUM --------------------------------------------------------------------------------------- 1 79.6 89.7 2:52pm 71.1 7:20am 0 15 0.00 3 16 10:00am ESE 29.97 78 2 80.8 89.0 2:32pm 73.0 5:02am 0 15 0.00 3 16 3:42pm E 29.97 81 3 81.3 88.5 1:26pm 74.8 7:03am 0 16 0.00 4 16 12:41pm WNW 29.92 85 4 75.6 80.1 10:30am 69.7 1:29pm 0 11 1.06 4 28 1:01pm SW 29.78 93 5 75.3 81.9 3:30pm 69.5 7:57am 0 10 0.00 7 24 12:58pm NW 29.78 67 6 71.5 80.5 12:50pm 62.7 7:32am 0 7 0.00 5 22 4:23pm NW 29.87 61 7 71.2 82.4 1:00pm 58.5 7:13am 1 7 0.00 5 19 4:50pm NNW 29.96 60 8 73.5 86.7 3:48pm 60.0 6:48am 1 9 0.00 2 15 5:13pm W 30.04 61 9 74.9 85.4 4:02pm 63.6 6:46am 0 10 0.00 2 12 12:22pm SW 30.07 69 10 78.4 88.1 2:14pm 69.1 3:16am 0 13 0.00 3 15 9:34am WNW 30.09 67 11 79.8 92.0 3:50pm 71.5 6:01am 0 14 0.00 2 14 12:26am ESE 30.10 75 12 77.9 89.0 5:20pm 69.2 7:07am 0 13 0.00 1 13 5:59pm E 30.08 76 13 78.2 86.5 12:59pm 70.2 7:00am 0 13 0.00 3 16 4:18pm NW 30.02 80 14 78.9 85.6 1:34pm 72.4 6:50am 0 13 0.00 4 17 3:55pm WNW 29.98 83 15 79.8 88.3 2:30pm 69.3 7:17am 0 15 0.00 3 15 3:35pm NW 30.01 70 16 80.7 90.7 2:50pm 71.0 4:33am 0 16 0.00 2 11 1:48pm SSW 30.02 77 17 80.7 88.3 1:37pm 74.0 11:49pm 0 15 0.71 4 22 3:42pm ESE 29.99 90 18 80.3 88.2 2:48pm 73.8 1:01am 0 15 0.13 2 14 5:12pm W 29.96 88 19 79.1 85.5 4:55pm 73.2 3:09am 0 14 1.49 3 17 1:43am SW 29.98 91 20 81.9 89.0 3:02pm 75.5 6:14am 0 16 0.00 2 18 3:57pm SSW 30.02 85 21 80.8 88.0 2:03pm 74.5 3:07am 0 16 0.16 4 18 5:33pm NW 29.99 87 22 79.7 85.4 11:42am 74.5 6:35am 0 15 0.00 4 19 4:28pm NW 29.92 83 23 79.1 85.2 3:10pm 74.9 5:53am 0 14 0.00 3 15 3:15pm WNW 29.93 79 24 80.1 89.2 3:48pm 69.8 6:23am 0 15 0.00 3 13 3:38pm W 30.04 70 25 81.6 91.4 3:44pm 74.1 6:32am 0 17 0.00 5 19 7:40pm E 30.11 70 26 79.2 89.6 3:16pm 68.5 6:01am 0 14 0.00 4 18 6:30pm E 30.06 65 27 79.9 91.4 5:04pm 68.0 6:43am 0 15 0.00 4 19 9:51pm ENE 29.95 70 28 79.0 88.6 1:31pm 72.9 6:42am 0 14 0.10 2 16 2:38pm ENE 29.98 84 29 80.8 88.8 2:08pm 72.9 6:49am 0 15 0.00 4 26 8:11pm SSW 30.02 78 30 79.1 88.5 2:19pm 72.1 6:35am 0 14 0.00 2 21 6:05pm E 29.97 81 31 80.5 90.5 4:47pm 71.3 6:48am 0 16 0.00 2 17 5:21pm E 29.92 76 --------------------------------------------------------------------------------------- TOT 78.7 92.0 5/11/16 58.5 5/7/16 2 421 3.65 3 28 5/4/16 WNW 29.98 77 HEAT BASE: 65.0 COOL BASE: 65.0
 
  
Hurricane Tracker

Hurricane Tracker
Hurricane Tracker
2017 Storm Tracker Forum


Atlantic Storms
No Storms


Sponsored Links

Recent Forum Posts

New Post
SW FL-Bonita Beach: Sharks, Grouper, Snapper; Sheeps, Drum
Posted by
fishbuster on Nov 30, 2017 at 02:32:09 PM


New Post
SW FL-Bonita Beach:Nice trout Inshore;Keeper Mutton Offshore
Posted by
fishbuster on Nov 09, 2017 at 02:17:33 PM


New Post
Philippe- Final Advisory
Posted by
ccstorms on Oct 29, 2017 at 05:36:13 PM


New Post
Invest 92L- Deactivated
Posted by
ccstorms on Oct 17, 2017 at 06:12:31 AM


New Post
Ophelia- Final Advisory
Posted by
ccstorms on Oct 16, 2017 at 06:32:58 AM


New Post
Nate- Final Advisory
Posted by
ccstorms on Oct 08, 2017 at 02:04:43 PM


***FORUM RULES***

Member Login
Username

Password


Join For Free!!
Click here to Register!

Total Hits
We received
79800600
page views since June 2005

Sponsored Links

Social Networks

Southwest Florida Weather | Central Florida Weather | Florida Weather

Cape Coral | Fort Myers | Bonita Springs | Naples | Punta Gorda | Port Charlotte | Estero | Sanibel | Lehigh Acres | Captiva | Pine Island | Bokeelia | St. James City | Alva | Arcadia | Labelle | Clewiston | Venice

Lee County | Charlotte County | Collier County | Hendry County | Desoto County
Glades County | Monroe County | Sarasota County | Manatee County
Hillsborough County | Pinellas County | Pasco County

Recommend us




Copyright Capeweather.com 2005-2017

DO NOT make decisions that affect life or property based on this data!
PHP-Nuke Copyright © 2004 by Francisco Burzi. This is free software, and you may redistribute it under the GPL. PHP-Nuke comes with absolutely no warranty, for details, see the license.
Page Generation: 0.24 Seconds