Southwest Florida Weather History, Yearly, Monthly, Daily, Records
 Click here to register!Home | Advertise | Forum | Live Webcams | Contact Us | Tell a Friend | Your Account  

Lee County Forecast & Temp
Tonight

Tonight: Patchy fog after 4am.  Otherwise, partly cloudy, with a low around 67. Light east southeast wind.
Mostly Cloudy
then Patchy
Fog
Monday

Monday: Patchy fog before 7am.  Otherwise, sunny, with a high near 84. Light and variable wind becoming west southwest 5 to 9 mph in the morning.
Patchy Fog
then Sunny

Lo 67 °FHi 84 °F
Extended Forecast
Florida Weather Forecast

Southwest Florida Webcams

Main Navigation
Weather
· Home
· Current Conditions
· Storm Warnings
· Station Graphs
· Storm Fronts
· Station History
· Drought Index
· Storm Reports
· Rainfall Estimates
· Fire Graphs

Doppler Radar
· Lee County
· Charlotte County
· Collier County
· Hendry County
· Desoto County
· Glades County
· Sarasota County
· Manatee County
· Hillsborough County
· Pinellas County
· Pasco County
· Southwest Florida
· Florida
· State Radars
· National

Satellite
· South Florida
· North Florida
· Regional
· National

Forecast
· Extended
· Marine
· Discussion
· Florida Forecast
· Hazardous Outlook
· Wave Heights
· Fire

Lightning
· Live
· Tracker
· Loop
· Network
· WASP
· WASP Loop

Tropical Weather
· Hurricane Tracker
· Tropical Satellite
· Sea Temperature
· Discussion
· Buoy Data
· Tracking Tools
· Monthly Summary

Moon and Tides
· Tides
· Moon Phase

Live Products

Fishing Reports

Local News

Other Info

  
 

Southwest Florida Monthly and Yearly Weather Reports

2018: Jan | Feb | Mar | Apr | May | Jun | Jul | Aug | Sep | Oct | Nov | Dec 
2017: Jan | Feb | Mar | Apr | May | Jun | Jul | Aug | Sep | Oct | Nov | Dec 
2016: Jan | Feb | Mar | Apr | May | Jun | Jul | Aug | Sep | Oct | Nov | Dec 
2015: Jan | Feb | Mar | Apr | May | Jun | Jul | Aug | Sep | Oct | Nov | Dec 
2014: Jan | Feb | Mar | Apr | May | Jun | Jul | Aug | Sep | Oct | Nov | Dec 
2013: Jan | Feb | Mar | Apr | May | Jun | Jul | Aug | Sep | Oct | Nov | Dec 
2012: Jan | Feb | Mar | Apr | May | Jun | Jul | Aug | Sep | Oct | Nov | Dec 
2011: Jan | Feb | Mar | Apr | May | Jun | Jul | Aug | Sep | Oct | Nov | Dec 
2010: Jan | Feb | Mar | Apr | May | Jun | Jul | Aug | Sep | Oct | Nov | Dec 
2009: Jan | Feb | Mar | Apr | May | Jun | Jul | Aug | Sep | Oct | Nov | Dec 
2008: Jan | Feb | Mar | Apr | May | Jun | Jul | Aug | Sep | Oct | Nov | Dec 
2007: Jan | Feb | Mar | Apr | May | Jun | Jul | Aug | Sep | Oct | Nov | Dec 
2006: Jan | Feb | Mar | Apr | May | Jun | Jul | Aug | Sep | Oct | Nov | Dec 
2005: Jan | Feb | Mar | Apr | May | Jun | Jul | Aug | Sep | Oct | Nov | Dec 

Report for 2016 06
MONTHLY CLIMATOLOGICAL SUMMARY FOR 6/2016 HEAT COOL MEAN DEG DEG WIND SPEED DOM MEAN MEAN DAY TEMP HIGH TIME LOW TIME DAYS DAYS RAIN AVG HI TIME DIR BAROM HUM --------------------------------------------------------------------------------------- 1 80.4 91.3 12:53pm 71.5 8:39pm 0 15 0.89 2 17 6:04pm SE 29.96 80 2 81.1 91.2 2:45pm 73.1 12:00am 0 16 0.01 2 12 4:56pm E 30.00 83 3 82.2 93.5 2:42pm 71.9 8:06pm 0 17 0.92 2 27 7:44pm SE 30.00 83 4 83.1 95.7 4:31pm 75.1 3:06am 0 17 0.01 2 21 5:47pm E 29.95 83 5 81.5 89.7 12:09pm 76.5 10:47pm 0 17 0.14 3 22 12:15pm ESE 29.88 88 6 80.2 86.4 1:05pm 70.5 1:03am 0 15 1.52 6 32 8:24pm S 29.82 92 7 82.8 87.0 4:32pm 79.0 2:08pm 0 17 0.13 7 24 3:20am SW 29.81 88 8 80.8 83.6 2:44pm 75.5 11:45pm 0 16 0.23 4 17 10:14pm SW 29.86 92 9 79.2 87.2 5:13pm 74.7 10:22am 0 14 1.45 2 19 10:14am WSW 29.95 93 10 79.4 85.1 10:33am 75.8 11:27am 0 14 0.65 2 20 10:48am WNW 30.02 93 11 81.8 92.6 2:51pm 75.0 6:52am 0 17 0.00 2 16 4:29pm WNW 30.08 86 12 82.1 91.1 1:02pm 76.1 5:27am 0 17 0.26 2 17 9:45pm ENE 30.06 86 13 82.3 89.2 1:23pm 76.9 4:06am 0 17 0.01 2 17 1:38pm NW 29.97 88 14 84.3 90.7 3:05pm 78.4 6:34am 0 19 0.00 2 12 1:58pm W 29.96 85 15 84.1 90.8 3:30pm 76.6 3:29am 0 19 0.04 2 19 2:03am S 30.02 82 16 84.4 88.9 2:30pm 80.6 5:53am 0 19 0.00 6 23 1:42pm W 30.01 81 17 83.3 88.2 11:52am 74.6 2:49pm 0 18 0.62 6 26 1:58pm WSW 29.96 84 18 84.5 89.3 3:25pm 80.0 11:56pm 0 19 0.00 5 17 11:36am W 29.98 82 19 81.5 92.7 11:56am 74.6 6:51am 0 16 0.00 5 39 3:05pm ENE 30.07 80 20 81.1 90.4 1:37pm 73.0 6:57am 0 16 0.00 6 22 3:08pm NE 30.10 75 21 81.1 91.9 3:15pm 70.4 6:48am 0 16 0.00 4 18 12:10pm ENE 30.06 73 22 82.8 90.6 11:06am 75.5 6:51am 0 17 0.09 3 15 6:12pm E 30.06 80 23 82.5 91.2 1:07pm 76.8 5:39am 0 17 0.58 2 15 2:19pm W 30.07 87 24 82.6 91.7 12:14pm 77.1 6:29am 0 18 0.11 1 12 1:57pm SSE 30.06 86 25 83.4 91.3 5:24pm 77.3 6:32am 0 18 0.00 1 13 5:53pm NW 30.05 83 26 82.4 92.0 2:46pm 74.5 11:57pm 0 17 0.00 3 22 5:55pm NE 30.06 83 27 79.5 89.1 4:44pm 73.0 6:39am 0 15 0.34 1 18 6:51pm E 30.01 85 28 81.7 90.3 1:24pm 74.9 4:55am 0 16 0.01 2 18 3:12pm NW 29.98 86 29 83.4 90.4 2:01pm 76.6 7:15am 0 18 0.00 2 16 4:31pm WSW 29.97 82 30 83.4 90.5 1:07pm 76.4 6:44am 0 18 0.00 3 15 3:09pm W 29.99 82 --------------------------------------------------------------------------------------- TOT 82.1 95.7 6/4/16 70.4 6/21/16 0 506 8.01 3 39 6/19/16 W 29.99 84 HEAT BASE: 65.0 COOL BASE: 65.0
 
  
Hurricane Tracker

Hurricane Tracker
Hurricane Tracker
2017 Storm Tracker Forum


Atlantic Storms
No Storms


Sponsored Links

Recent Forum Posts

New Post
Fabulous Florida Fishing with Tide Walker Charters
Posted by
captruss on Feb 24, 2018 at 07:15:52 AM


New Post
SW FL-Bonita Beach: Still windy, still fishing
Posted by
fishbuster on Feb 23, 2018 at 05:40:40 PM


***FORUM RULES***

Member Login
Username

Password


Join For Free!!
Click here to Register!

Total Hits
We received
81670606
page views since June 2005

Sponsored Links

Social Networks

Southwest Florida Weather | Central Florida Weather | Florida Weather

Cape Coral | Fort Myers | Bonita Springs | Naples | Punta Gorda | Port Charlotte | Estero | Sanibel | Lehigh Acres | Captiva | Pine Island | Bokeelia | St. James City | Alva | Arcadia | Labelle | Clewiston | Venice

Lee County | Charlotte County | Collier County | Hendry County | Desoto County
Glades County | Monroe County | Sarasota County | Manatee County
Hillsborough County | Pinellas County | Pasco County

Recommend us




Copyright Capeweather.com 2005-2017

DO NOT make decisions that affect life or property based on this data!
PHP-Nuke Copyright © 2004 by Francisco Burzi. This is free software, and you may redistribute it under the GPL. PHP-Nuke comes with absolutely no warranty, for details, see the license.
Page Generation: 0.26 Seconds