Southwest Florida Weather History, Yearly, Monthly, Daily, Records
 Click here to register!Home | Advertise | Forum | Live Webcams | Contact Us | Tell a Friend | Your Account  

Lee County Forecast & Temp
Overnight

Overnight: Mostly clear, with a low around 68. East northeast wind around 6 mph.
Mostly Clear

Friday

Friday: A 20 percent chance of showers after 1pm.  Mostly sunny, with a high near 85. East wind 6 to 10 mph.
Mostly Sunny
then Slight
Chance
Showers
Lo 68 °FHi 85 °F
Extended Forecast
Florida Weather Forecast

Southwest Florida Webcams

Main Navigation
Weather
· Home
· Current Conditions
· Storm Warnings
· Station Graphs
· Storm Fronts
· Station History
· Drought Index
· Storm Reports
· Rainfall Estimates
· Fire Graphs

Doppler Radar
· Lee County
· Charlotte County
· Collier County
· Hendry County
· Desoto County
· Glades County
· Sarasota County
· Manatee County
· Hillsborough County
· Pinellas County
· Pasco County
· Southwest Florida
· Florida
· State Radars
· National

Satellite
· South Florida
· North Florida
· Regional
· National

Forecast
· Extended
· Marine
· Discussion
· Florida Forecast
· Hazardous Outlook
· Wave Heights
· Fire

Lightning
· Live
· Tracker
· Loop
· Network
· WASP
· WASP Loop

Tropical Weather
· Hurricane Tracker
· Tropical Satellite
· Sea Temperature
· Discussion
· Buoy Data
· Tracking Tools
· Monthly Summary

Moon and Tides
· Tides
· Moon Phase

Live Products

Fishing Reports

Local News

Other Info

  
 

Southwest Florida Monthly and Yearly Weather Reports

2018: Jan | Feb | Mar | Apr | May | Jun | Jul | Aug | Sep | Oct | Nov | Dec 
2017: Jan | Feb | Mar | Apr | May | Jun | Jul | Aug | Sep | Oct | Nov | Dec 
2016: Jan | Feb | Mar | Apr | May | Jun | Jul | Aug | Sep | Oct | Nov | Dec 
2015: Jan | Feb | Mar | Apr | May | Jun | Jul | Aug | Sep | Oct | Nov | Dec 
2014: Jan | Feb | Mar | Apr | May | Jun | Jul | Aug | Sep | Oct | Nov | Dec 
2013: Jan | Feb | Mar | Apr | May | Jun | Jul | Aug | Sep | Oct | Nov | Dec 
2012: Jan | Feb | Mar | Apr | May | Jun | Jul | Aug | Sep | Oct | Nov | Dec 
2011: Jan | Feb | Mar | Apr | May | Jun | Jul | Aug | Sep | Oct | Nov | Dec 
2010: Jan | Feb | Mar | Apr | May | Jun | Jul | Aug | Sep | Oct | Nov | Dec 
2009: Jan | Feb | Mar | Apr | May | Jun | Jul | Aug | Sep | Oct | Nov | Dec 
2008: Jan | Feb | Mar | Apr | May | Jun | Jul | Aug | Sep | Oct | Nov | Dec 
2007: Jan | Feb | Mar | Apr | May | Jun | Jul | Aug | Sep | Oct | Nov | Dec 
2006: Jan | Feb | Mar | Apr | May | Jun | Jul | Aug | Sep | Oct | Nov | Dec 
2005: Jan | Feb | Mar | Apr | May | Jun | Jul | Aug | Sep | Oct | Nov | Dec 

Report for 2016 09
MONTHLY CLIMATOLOGICAL SUMMARY FOR 9/2016 HEAT COOL MEAN DEG DEG WIND SPEED DOM MEAN MEAN DAY TEMP HIGH TIME LOW TIME DAYS DAYS RAIN AVG HI TIME DIR BAROM HUM --------------------------------------------------------------------------------------- 1 81.0 85.5 11:35am 75.6 1:18am 0 16 0.09 5 27 9:41pm SSE 29.86 92 2 80.2 85.9 11:03am 74.1 12:00pm 0 15 1.06 5 33 11:45am SW 29.95 92 3 81.9 90.0 3:53pm 74.4 6:36am 0 17 0.00 2 13 3:01pm WSW 30.00 89 4 83.4 92.5 12:24pm 76.9 6:50am 0 18 0.02 2 14 3:41pm NW 30.03 84 5 81.3 92.6 1:47pm 73.3 8:08pm 0 16 1.21 2 28 7:48pm NE 30.05 85 6 79.3 92.4 2:28pm 74.2 12:00am 0 14 0.43 2 17 2:59pm ENE 30.08 92 7 81.2 91.2 2:15pm 75.7 4:15am 0 16 0.00 3 20 3:13pm E 30.08 87 8 83.7 94.7 3:18pm 75.0 6:21am 0 18 0.00 3 17 4:05pm ENE 30.00 81 9 84.9 94.9 3:02pm 77.8 6:13am 0 20 0.00 4 18 3:01pm ENE 29.97 80 10 82.7 94.4 3:26pm 76.9 9:50pm 0 18 0.28 2 23 4:34pm ESE 30.00 85 11 80.6 90.7 1:39pm 75.0 4:35pm 0 15 0.60 1 22 4:05pm E 30.01 88 12 82.2 93.5 3:46pm 75.8 6:38am 0 17 0.00 2 18 5:48pm E 29.95 86 13 80.8 87.7 2:59pm 76.0 6:54am 0 16 0.07 1 22 9:34pm SW 29.95 90 14 83.1 89.7 3:36pm 77.0 5:21am 0 17 0.00 2 14 2:19pm SW 30.00 85 15 83.4 91.8 2:38pm 76.9 6:56am 0 18 0.00 1 13 3:51pm WSW 29.99 84 16 82.7 93.7 12:09pm 77.3 6:01am 0 18 0.00 1 15 7:14pm WSW 29.99 85 17 81.3 93.1 12:28pm 77.1 3:22am 0 16 0.77 1 20 3:10pm NE 29.99 90 18 81.5 90.0 1:41pm 76.4 6:37am 0 17 0.14 1 21 6:04pm W 29.96 91 19 81.9 89.6 11:41am 76.4 12:50pm 0 17 0.25 1 14 12:19pm WSW 29.95 89 20 83.2 90.4 12:09pm 76.7 6:59am 0 18 0.00 2 13 3:45pm W 29.95 83 21 83.3 91.7 12:17pm 77.0 6:47am 0 18 0.00 2 12 4:17pm NW 29.94 82 22 82.6 90.8 12:59pm 76.9 6:59am 0 18 0.00 2 24 7:59pm NW 29.94 82 23 82.4 92.8 3:11pm 75.9 4:24am 0 17 0.00 2 13 5:24pm W 29.96 81 24 80.5 91.5 2:40pm 73.1 8:54pm 0 16 0.87 1 18 8:25pm W 29.99 88 25 79.6 90.8 3:48pm 73.8 1:12am 0 15 0.16 1 15 5:33pm NE 29.97 88 26 80.4 90.8 3:30pm 75.1 2:43am 0 15 0.01 1 17 7:53pm SSW 29.94 86 27 79.9 89.3 2:15pm 73.6 6:47am 0 15 0.00 1 13 5:46pm SW 29.92 84 28 80.0 88.6 2:09pm 74.8 2:30am 0 15 0.09 2 16 5:15pm SW 29.97 88 29 80.0 87.6 4:36pm 75.2 4:25am 0 14 0.00 2 19 11:45am W 30.02 87 30 81.9 90.1 2:46pm 74.7 6:38am 0 17 0.05 1 14 5:27am S 29.99 85 --------------------------------------------------------------------------------------- TOT 81.7 94.9 9/9/16 73.1 9/24/16 0 495 6.10 2 33 9/2/16 E 29.98 86 HEAT BASE: 65.0 COOL BASE: 65.0
 
  
Hurricane Tracker

Hurricane Tracker
Hurricane Tracker
2017 Storm Tracker Forum


Atlantic Storms
No Storms


Sponsored Links

Recent Forum Posts

New Post
Fishing Guides Thoughts
Posted by
chris on Feb 22, 2018 at 09:05:29 AM


New Post
2018 Atlantic Basin Hurricane Names
Posted by
chris on Feb 18, 2018 at 07:34:49 PM


***FORUM RULES***

Member Login
Username

Password


Join For Free!!
Click here to Register!

Total Hits
We received
81599080
page views since June 2005

Sponsored Links

Social Networks

Southwest Florida Weather | Central Florida Weather | Florida Weather

Cape Coral | Fort Myers | Bonita Springs | Naples | Punta Gorda | Port Charlotte | Estero | Sanibel | Lehigh Acres | Captiva | Pine Island | Bokeelia | St. James City | Alva | Arcadia | Labelle | Clewiston | Venice

Lee County | Charlotte County | Collier County | Hendry County | Desoto County
Glades County | Monroe County | Sarasota County | Manatee County
Hillsborough County | Pinellas County | Pasco County

Recommend us




Copyright Capeweather.com 2005-2017

DO NOT make decisions that affect life or property based on this data!
PHP-Nuke Copyright © 2004 by Francisco Burzi. This is free software, and you may redistribute it under the GPL. PHP-Nuke comes with absolutely no warranty, for details, see the license.
Page Generation: 0.26 Seconds