Southwest Florida Weather History, Yearly, Monthly, Daily, Records
 Click here to register!Home | Advertise | Forum | Live Webcams | Contact Us | Tell a Friend | Your Account  

Lee County Forecast
Today

Today: Sunny, with a high near 82. East northeast wind 5 to 9 mph becoming south southeast in the afternoon.
Sunny

Tonight

Tonight: Areas of fog after 4am.  Otherwise, partly cloudy, with a low around 63. Light and variable wind.
Partly Cloudy
then Areas
Fog
Hi 82 °FLo 63 °F
Extended Forecast
Florida Weather Forecast

Southwest Florida Webcams

Main Navigation
Weather
· Home
· Current Conditions
· Storm Warnings
· Station Graphs
· Storm Fronts
· Station History
· Drought Index
· Storm Reports
· Rainfall Estimates
· Fire Graphs

Doppler Radar
· Lee County
· Charlotte County
· Collier County
· Hendry County
· Desoto County
· Glades County
· Sarasota County
· Manatee County
· Hillsborough County
· Pinellas County
· Pasco County
· Southwest Florida
· Florida
· State Radars
· National

Satellite
· South Florida
· North Florida
· Regional
· National

Forecast
· Extended
· Marine
· Discussion
· Florida Forecast
· Hazardous Outlook
· Wave Heights
· Fire

Lightning
· Live
· Tracker
· Loop
· Network
· WASP
· WASP Loop

Tropical Weather
· Hurricane Tracker
· Tropical Satellite
· Sea Temperature
· Discussion
· Buoy Data
· Tracking Tools
· Monthly Summary

Moon and Tides
· Tides
· Moon Phase

Live Products

Fishing Reports

Local News

Other Info

Support Us

Support Capeweather.com
donations

If you find this website useful, consider making
a donation.

Click here to learn more


  
 

Southwest Florida Monthly and Yearly Weather Reports

2017: Jan | Feb | Mar | Apr | May | Jun | Jul | Aug | Sep | Oct | Nov | Dec 
2016: Jan | Feb | Mar | Apr | May | Jun | Jul | Aug | Sep | Oct | Nov | Dec 
2015: Jan | Feb | Mar | Apr | May | Jun | Jul | Aug | Sep | Oct | Nov | Dec 
2014: Jan | Feb | Mar | Apr | May | Jun | Jul | Aug | Sep | Oct | Nov | Dec 
2013: Jan | Feb | Mar | Apr | May | Jun | Jul | Aug | Sep | Oct | Nov | Dec 
2012: Jan | Feb | Mar | Apr | May | Jun | Jul | Aug | Sep | Oct | Nov | Dec 
2011: Jan | Feb | Mar | Apr | May | Jun | Jul | Aug | Sep | Oct | Nov | Dec 
2010: Jan | Feb | Mar | Apr | May | Jun | Jul | Aug | Sep | Oct | Nov | Dec 
2009: Jan | Feb | Mar | Apr | May | Jun | Jul | Aug | Sep | Oct | Nov | Dec 
2008: Jan | Feb | Mar | Apr | May | Jun | Jul | Aug | Sep | Oct | Nov | Dec 
2007: Jan | Feb | Mar | Apr | May | Jun | Jul | Aug | Sep | Oct | Nov | Dec 
2006: Jan | Feb | Mar | Apr | May | Jun | Jul | Aug | Sep | Oct | Nov | Dec 
2005: Jan | Feb | Mar | Apr | May | Jun | Jul | Aug | Sep | Oct | Nov | Dec 

Report for 2017 01
MONTHLY CLIMATOLOGICAL SUMMARY FOR 1/2017 HEAT COOL MEAN DEG DEG WIND SPEED DOM MEAN MEAN DAY TEMP HIGH TIME LOW TIME DAYS DAYS RAIN AVG HI TIME DIR BAROM HUM --------------------------------------------------------------------------------------- 1 70.8 85.2 12:34pm 60.9 6:51am 1 7 0.00 1 11 1:39pm ESE 30.12 84 2 74.3 84.7 12:07pm 67.0 1:42am 0 9 0.00 1 12 10:49am SSE 30.10 88 3 74.9 81.6 12:42pm 69.9 5:17am 0 10 0.00 1 10 11:20am S 29.99 93 4 72.0 79.5 1:45pm 62.7 11:56pm 0 7 0.43 3 25 6:06am SW 29.88 92 5 67.2 76.2 2:54pm 60.1 4:29am 2 4 0.00 1 9 12:49pm S 29.91 89 6 70.9 79.4 3:37pm 63.2 4:11am 0 6 0.01 1 12 9:37pm SSE 29.96 88 7 65.1 74.6 12:00am 47.0 11:58pm 4 4 0.42 6 24 2:27pm NNW 30.06 91 8 49.7 63.3 3:37pm 38.7 7:47am 15 0 0.00 8 24 12:47am NNE 30.43 69 9 56.7 71.9 2:51pm 43.5 1:34am 9 1 0.00 6 18 3:52am NE 30.46 69 10 61.3 75.1 3:06pm 51.8 5:26am 6 2 0.00 3 13 9:29am NE 30.36 77 11 66.0 76.5 2:49pm 58.2 12:00am 2 3 0.00 2 13 3:36pm E 30.28 79 12 70.6 83.3 2:54pm 60.2 7:39am 1 6 0.00 2 15 2:31pm E 30.27 76 13 69.5 81.4 3:52pm 61.4 3:45am 1 5 0.02 2 14 12:06pm ENE 30.33 81 14 69.7 81.1 1:00pm 61.1 7:13am 1 6 0.00 2 15 11:09am ENE 30.31 80 15 70.3 80.2 2:36pm 60.1 6:20am 1 6 0.00 1 12 12:34pm E 30.21 75 16 71.1 78.4 1:56pm 66.1 7:32am 0 6 0.00 2 13 9:53am E 30.18 81 17 71.2 82.1 2:47pm 62.2 7:43am 0 7 0.00 1 10 12:20am SSW 30.18 81 18 69.8 79.7 3:03pm 60.1 7:44am 1 5 0.00 1 10 12:17pm S 30.14 83 19 68.6 79.1 11:48am 59.8 7:05am 1 5 0.00 1 11 12:44pm SSW 30.02 80 20 70.2 78.8 11:29am 62.2 7:13am 0 5 0.00 1 11 1:54pm S 29.96 62 21 72.5 79.5 12:34pm 67.1 6:30am 0 7 0.00 3 14 11:40am SSE 29.89 46 22 75.1 79.1 11:59am 72.1 12:00am 0 10 0.04 7 29 10:14pm S 29.69 38 23 70.0 73.7 12:00am 65.0 7:55am 0 5 0.12 13 36 12:58pm WNW 29.62 70 24 67.3 74.6 1:01pm 60.1 11:31pm 1 3 0.00 3 20 12:02am WNW 29.89 68 25 66.1 74.7 3:04pm 57.5 7:28am 2 3 0.00 2 15 1:00pm S 30.00 55 26 71.6 78.2 1:18pm 67.0 12:00am 0 7 0.00 3 16 1:23pm SSW 30.02 55 27 68.3 76.1 1:45pm 56.4 11:59pm 1 4 0.00 3 14 3:01pm NNW 30.05 52 28 58.8 69.4 12:10pm 52.7 7:31am 7 0 0.00 4 16 9:15am NE 30.09 67 29 55.5 62.4 5:26pm 48.8 6:23am 10 0 0.19 2 11 12:47am NE 30.11 67 30 60.8 70.1 1:07pm 51.8 11:59pm 5 1 0.00 3 22 9:34am NNW 30.17 59 31 59.0 74.5 3:41pm 45.2 6:38am 8 2 0.00 2 11 11:57am NNW 30.22 65 --------------------------------------------------------------------------------------- TOT 67.3 85.2 1/1/17 38.7 1/8/17 79 148 1.23 3 36 1/23/17 E 30.09 73 HEAT BASE: 65.0 COOL BASE: 65.0
 
  
Hurricane Tracker

Hurricane Tracker
Hurricane Tracker
2017 Storm Tracker Forum


Atlantic Storms
No Storms


Sponsored Links

Recent Forum Posts

New Post
SW FL-Bonita Beach: Sharks, Snappers, Groupers, Drum, Sheeps
Posted by
fishbuster on Dec 16, 2017 at 01:12:56 PM


New Post
SW FL-Bonita Beach: Sharks, Grouper, Snapper; Sheeps, Drum
Posted by
fishbuster on Nov 30, 2017 at 02:32:09 PM


New Post
SW FL-Bonita Beach:Nice trout Inshore;Keeper Mutton Offshore
Posted by
fishbuster on Nov 09, 2017 at 02:17:33 PM


New Post
Philippe- Final Advisory
Posted by
ccstorms on Oct 29, 2017 at 05:36:13 PM


New Post
Invest 92L- Deactivated
Posted by
ccstorms on Oct 17, 2017 at 06:12:31 AM


New Post
Ophelia- Final Advisory
Posted by
ccstorms on Oct 16, 2017 at 06:32:58 AM


***FORUM RULES***

Member Login
Username

Password


Join For Free!!
Click here to Register!

Total Hits
We received
79891424
page views since June 2005

Sponsored Links

Social Networks

Southwest Florida Weather | Central Florida Weather | Florida Weather

Cape Coral | Fort Myers | Bonita Springs | Naples | Punta Gorda | Port Charlotte | Estero | Sanibel | Lehigh Acres | Captiva | Pine Island | Bokeelia | St. James City | Alva | Arcadia | Labelle | Clewiston | Venice

Lee County | Charlotte County | Collier County | Hendry County | Desoto County
Glades County | Monroe County | Sarasota County | Manatee County
Hillsborough County | Pinellas County | Pasco County

Recommend us




Copyright Capeweather.com 2005-2017

DO NOT make decisions that affect life or property based on this data!
PHP-Nuke Copyright © 2004 by Francisco Burzi. This is free software, and you may redistribute it under the GPL. PHP-Nuke comes with absolutely no warranty, for details, see the license.
Page Generation: 0.20 Seconds