Southwest Florida Weather History, Yearly, Monthly, Daily, Records
 Click here to register!Home | Advertise | Forum | Live Webcams | Contact Us | Tell a Friend | Your Account  

Lee County Forecast
This
Afternoon
This Afternoon: Sunny, with a high near 65. West northwest wind around 7 mph.
Sunny
Tonight

Tonight: Mostly clear, with a low around 49. West northwest wind around 5 mph becoming calm  in the evening.
Mostly Clear
Hi 65 °FLo 49 °F
Extended Forecast
Florida Weather Forecast

Southwest Florida Webcams

Main Navigation
Weather
· Home
· Current Conditions
· Storm Warnings
· Station Graphs
· Storm Fronts
· Station History
· Drought Index
· Storm Reports
· Rainfall Estimates
· Fire Graphs

Doppler Radar
· Lee County
· Charlotte County
· Collier County
· Hendry County
· Desoto County
· Glades County
· Sarasota County
· Manatee County
· Hillsborough County
· Pinellas County
· Pasco County
· Southwest Florida
· Florida
· State Radars
· National

Satellite
· South Florida
· North Florida
· Regional
· National

Forecast
· Extended
· Marine
· Discussion
· Florida Forecast
· Hazardous Outlook
· Wave Heights
· Fire

Lightning
· Live
· Tracker
· Loop
· Network
· WASP
· WASP Loop

Tropical Weather
· Hurricane Tracker
· Tropical Satellite
· Sea Temperature
· Discussion
· Buoy Data
· Tracking Tools
· Monthly Summary

Moon and Tides
· Tides
· Moon Phase

Live Products

Fishing Reports

Local News

Other Info

Support Us

Support Capeweather.com
donations

If you find this website useful, consider making
a donation.

Click here to learn more


  
 

Southwest Florida Monthly and Yearly Weather Reports

2017: Jan | Feb | Mar | Apr | May | Jun | Jul | Aug | Sep | Oct | Nov | Dec 
2016: Jan | Feb | Mar | Apr | May | Jun | Jul | Aug | Sep | Oct | Nov | Dec 
2015: Jan | Feb | Mar | Apr | May | Jun | Jul | Aug | Sep | Oct | Nov | Dec 
2014: Jan | Feb | Mar | Apr | May | Jun | Jul | Aug | Sep | Oct | Nov | Dec 
2013: Jan | Feb | Mar | Apr | May | Jun | Jul | Aug | Sep | Oct | Nov | Dec 
2012: Jan | Feb | Mar | Apr | May | Jun | Jul | Aug | Sep | Oct | Nov | Dec 
2011: Jan | Feb | Mar | Apr | May | Jun | Jul | Aug | Sep | Oct | Nov | Dec 
2010: Jan | Feb | Mar | Apr | May | Jun | Jul | Aug | Sep | Oct | Nov | Dec 
2009: Jan | Feb | Mar | Apr | May | Jun | Jul | Aug | Sep | Oct | Nov | Dec 
2008: Jan | Feb | Mar | Apr | May | Jun | Jul | Aug | Sep | Oct | Nov | Dec 
2007: Jan | Feb | Mar | Apr | May | Jun | Jul | Aug | Sep | Oct | Nov | Dec 
2006: Jan | Feb | Mar | Apr | May | Jun | Jul | Aug | Sep | Oct | Nov | Dec 
2005: Jan | Feb | Mar | Apr | May | Jun | Jul | Aug | Sep | Oct | Nov | Dec 

Report for 2017 03
MONTHLY CLIMATOLOGICAL SUMMARY FOR 3/2017 HEAT COOL MEAN DEG DEG WIND SPEED DOM MEAN MEAN DAY TEMP HIGH TIME LOW TIME DAYS DAYS RAIN AVG HI TIME DIR BAROM HUM --------------------------------------------------------------------------------------- 1 75.7 86.1 12:16pm 65.9 7:17am 0 10 0.00 1 14 10:59am SW 30.09 67 2 74.3 82.4 12:59pm 68.8 7:09am 0 9 0.00 3 14 1:25pm NW 30.06 62 3 70.9 81.9 2:07pm 61.3 11:58pm 1 6 0.00 7 26 7:42pm NE 30.24 63 4 67.8 81.1 2:11pm 55.4 6:47am 3 5 0.00 7 23 10:41am NE 30.33 58 5 67.6 78.8 11:27am 57.7 4:05am 2 5 0.00 5 27 10:46am E 30.30 65 6 69.7 82.5 3:33pm 60.8 6:55am 1 6 0.00 4 23 1:07pm E 30.27 64 7 71.7 82.5 1:43pm 63.4 6:54am 0 7 0.00 2 17 10:05am E 30.24 72 8 71.0 82.5 2:51pm 61.6 7:12am 1 7 0.00 2 12 2:54pm ESE 30.24 75 9 71.4 81.7 1:35pm 62.4 6:49am 0 7 0.00 2 12 1:52pm W 30.17 74 10 71.9 82.9 2:26pm 64.2 6:45am 0 7 0.00 4 19 3:11pm NW 30.09 72 11 73.0 89.3 2:20pm 63.9 7:33am 0 8 0.00 3 19 8:55am NE 30.07 69 12 73.6 82.2 1:56pm 66.1 8:01am 0 8 0.00 3 16 4:32pm WNW 30.03 77 13 71.5 80.3 3:46pm 64.4 7:19am 0 6 0.21 3 24 10:55pm S 29.94 76 14 68.4 73.7 11:18am 62.6 11:57pm 0 4 0.01 9 26 5:20pm NW 29.96 73 15 59.8 69.5 12:08pm 51.7 11:58pm 5 0 0.00 6 22 4:05pm NNW 30.16 68 16 57.9 75.4 3:55pm 44.1 8:08am 8 2 0.00 5 18 9:48am NE 30.29 50 17 63.7 81.2 4:00pm 48.8 5:45am 6 5 0.00 3 15 11:08am NE 30.30 56 18 65.7 81.4 1:06pm 53.1 7:58am 3 4 0.00 3 19 4:01pm WNW 30.25 68 19 66.4 77.4 3:35pm 56.6 7:34am 2 4 0.00 6 24 4:19pm WNW 30.14 72 20 65.6 82.7 2:00pm 51.6 7:51am 4 5 0.00 3 18 4:09pm NE 30.15 64 21 66.6 79.7 2:50pm 56.5 7:33am 3 4 0.00 2 16 3:38pm WNW 30.13 72 22 68.7 78.8 1:37pm 60.0 7:47am 1 5 0.00 3 16 3:36pm WNW 30.09 75 23 72.1 91.5 3:01pm 64.7 7:17am 0 7 0.38 3 21 8:28pm ENE 30.15 72 24 73.1 85.7 4:25pm 64.3 7:22am 0 8 0.00 5 21 11:20am ENE 30.21 69 25 74.0 89.3 4:51pm 64.4 6:41am 0 9 0.00 2 16 9:15am E 30.13 71 26 73.9 86.4 4:07pm 65.5 7:31am 0 9 0.00 1 15 11:52am ESE 30.07 72 27 73.7 88.4 2:29pm 64.0 7:48am 0 9 0.00 2 14 4:57pm WNW 30.03 71 28 73.3 84.4 12:14pm 63.5 6:55am 0 8 0.00 3 16 3:48pm WNW 30.00 72 29 73.6 83.3 4:46pm 64.6 7:52am 0 9 0.00 2 15 3:33pm SSW 29.99 76 30 75.3 83.6 4:58pm 67.3 7:22am 0 10 0.00 2 17 12:52pm S 29.95 73 31 73.3 76.8 4:42pm 69.0 4:39am 0 8 0.03 4 26 1:11pm SW 29.89 76 --------------------------------------------------------------------------------------- TOT 70.2 91.5 3/23/17 44.1 3/16/17 41 199 0.63 4 27 3/5/17 NE 30.13 69 HEAT BASE: 65.0 COOL BASE: 65.0
 
  
Hurricane Tracker

Hurricane Tracker
Hurricane Tracker
2017 Storm Tracker Forum


Atlantic Storms
No Storms


Sponsored Links

Recent Forum Posts

New Post
SW FL-Bonita Beach: Sharks, Grouper, Snapper; Sheeps, Drum
Posted by
fishbuster on Nov 30, 2017 at 02:32:09 PM


New Post
SW FL-Bonita Beach:Nice trout Inshore;Keeper Mutton Offshore
Posted by
fishbuster on Nov 09, 2017 at 02:17:33 PM


New Post
Philippe- Final Advisory
Posted by
ccstorms on Oct 29, 2017 at 05:36:13 PM


New Post
Invest 92L- Deactivated
Posted by
ccstorms on Oct 17, 2017 at 06:12:31 AM


New Post
Ophelia- Final Advisory
Posted by
ccstorms on Oct 16, 2017 at 06:32:58 AM


New Post
Nate- Final Advisory
Posted by
ccstorms on Oct 08, 2017 at 02:04:43 PM


***FORUM RULES***

Member Login
Username

Password


Join For Free!!
Click here to Register!

Total Hits
We received
79798083
page views since June 2005

Sponsored Links

Social Networks

Southwest Florida Weather | Central Florida Weather | Florida Weather

Cape Coral | Fort Myers | Bonita Springs | Naples | Punta Gorda | Port Charlotte | Estero | Sanibel | Lehigh Acres | Captiva | Pine Island | Bokeelia | St. James City | Alva | Arcadia | Labelle | Clewiston | Venice

Lee County | Charlotte County | Collier County | Hendry County | Desoto County
Glades County | Monroe County | Sarasota County | Manatee County
Hillsborough County | Pinellas County | Pasco County

Recommend us




Copyright Capeweather.com 2005-2017

DO NOT make decisions that affect life or property based on this data!
PHP-Nuke Copyright © 2004 by Francisco Burzi. This is free software, and you may redistribute it under the GPL. PHP-Nuke comes with absolutely no warranty, for details, see the license.
Page Generation: 0.23 Seconds