Southwest Florida Weather History, Yearly, Monthly, Daily, Records
 Click here to register!Home | Advertise | Forum | Live Webcams | Contact Us | Tell a Friend | Your Account  

Lee County Forecast & Temp
Overnight

Overnight: Patchy fog after 4am.  Otherwise, partly cloudy, with a low around 62. Light north northeast wind.
Patchy Fog

Sunday

Sunday: Patchy fog before 9am.  Otherwise, mostly sunny, with a high near 84. East northeast wind 5 to 7 mph.
Patchy Fog
then Sunny
Lo 62 °FHi 84 °F
Extended Forecast
Florida Weather Forecast

Southwest Florida Webcams

Main Navigation
Weather
· Home
· Current Conditions
· Storm Warnings
· Station Graphs
· Storm Fronts
· Station History
· Drought Index
· Storm Reports
· Rainfall Estimates
· Fire Graphs

Doppler Radar
· Lee County
· Charlotte County
· Collier County
· Hendry County
· Desoto County
· Glades County
· Sarasota County
· Manatee County
· Hillsborough County
· Pinellas County
· Pasco County
· Southwest Florida
· Florida
· State Radars
· National

Satellite
· South Florida
· North Florida
· Regional
· National

Forecast
· Extended
· Marine
· Discussion
· Florida Forecast
· Hazardous Outlook
· Wave Heights
· Fire

Lightning
· Live
· Tracker
· Loop
· Network
· WASP
· WASP Loop

Tropical Weather
· Hurricane Tracker
· Tropical Satellite
· Sea Temperature
· Discussion
· Buoy Data
· Tracking Tools
· Monthly Summary

Moon and Tides
· Tides
· Moon Phase

Live Products

Fishing Reports

Local News

Other Info

  
 

Southwest Florida Monthly and Yearly Weather Reports

2018: Jan | Feb | Mar | Apr | May | Jun | Jul | Aug | Sep | Oct | Nov | Dec 
2017: Jan | Feb | Mar | Apr | May | Jun | Jul | Aug | Sep | Oct | Nov | Dec 
2016: Jan | Feb | Mar | Apr | May | Jun | Jul | Aug | Sep | Oct | Nov | Dec 
2015: Jan | Feb | Mar | Apr | May | Jun | Jul | Aug | Sep | Oct | Nov | Dec 
2014: Jan | Feb | Mar | Apr | May | Jun | Jul | Aug | Sep | Oct | Nov | Dec 
2013: Jan | Feb | Mar | Apr | May | Jun | Jul | Aug | Sep | Oct | Nov | Dec 
2012: Jan | Feb | Mar | Apr | May | Jun | Jul | Aug | Sep | Oct | Nov | Dec 
2011: Jan | Feb | Mar | Apr | May | Jun | Jul | Aug | Sep | Oct | Nov | Dec 
2010: Jan | Feb | Mar | Apr | May | Jun | Jul | Aug | Sep | Oct | Nov | Dec 
2009: Jan | Feb | Mar | Apr | May | Jun | Jul | Aug | Sep | Oct | Nov | Dec 
2008: Jan | Feb | Mar | Apr | May | Jun | Jul | Aug | Sep | Oct | Nov | Dec 
2007: Jan | Feb | Mar | Apr | May | Jun | Jul | Aug | Sep | Oct | Nov | Dec 
2006: Jan | Feb | Mar | Apr | May | Jun | Jul | Aug | Sep | Oct | Nov | Dec 
2005: Jan | Feb | Mar | Apr | May | Jun | Jul | Aug | Sep | Oct | Nov | Dec 

Report for 2017 05
MONTHLY CLIMATOLOGICAL SUMMARY FOR 5/2017 HEAT COOL MEAN DEG DEG WIND SPEED DOM MEAN MEAN DAY TEMP HIGH TIME LOW TIME DAYS DAYS RAIN AVG HI TIME DIR BAROM HUM --------------------------------------------------------------------------------------- 1 80.3 87.8 4:11pm 73.3 7:02am 0 15 0.00 3 17 9:47am SSE 30.00 78 2 79.5 87.3 1:52pm 71.7 7:05am 0 15 1.00 3 18 6:19am W 29.98 81 3 80.6 89.0 2:02pm 73.7 1:54am 0 15 0.00 2 13 3:04pm W 29.96 76 4 79.5 86.9 2:00pm 72.3 6:53am 0 15 0.00 3 18 2:40pm SW 29.87 78 5 75.0 79.2 2:02am 70.2 11:59pm 0 10 0.64 8 26 3:58am WNW 29.79 71 6 72.0 77.7 1:21pm 65.2 7:50am 0 7 0.00 7 29 2:40am WNW 29.91 56 7 70.6 81.2 1:25pm 59.3 6:58am 1 7 0.00 3 17 5:11pm WNW 29.99 69 8 74.9 86.6 12:11pm 63.5 7:10am 0 10 0.00 3 15 3:36pm WNW 30.00 68 9 76.6 86.9 1:30pm 65.5 7:11am 0 11 0.00 2 14 3:12pm W 30.01 69 10 77.3 86.0 3:23pm 68.6 6:26am 0 12 0.00 3 14 4:56pm W 30.04 72 11 77.9 87.7 12:54pm 69.1 7:04am 0 13 0.00 3 16 3:42pm WNW 30.01 72 12 78.2 86.2 2:32pm 69.4 7:03am 0 13 0.00 2 17 1:52pm SW 29.92 77 13 80.0 86.7 1:18pm 74.3 11:56pm 0 15 0.08 4 22 3:55pm SSW 29.84 77 14 78.3 85.8 2:11pm 73.8 1:10am 0 13 0.03 5 19 1:22pm WNW 29.85 76 15 79.1 87.0 3:40pm 70.9 6:20am 0 14 0.00 3 16 11:47pm W 29.90 78 16 82.5 97.8 3:42pm 73.9 6:39am 0 18 0.39 2 17 12:13am E 29.95 73 17 82.4 95.5 2:49pm 73.8 12:55am 0 17 0.03 3 19 1:16pm ESE 29.98 76 18 83.8 94.0 3:38pm 74.7 6:25am 0 18 0.00 5 22 4:04pm E 29.97 71 19 83.2 92.3 12:04pm 75.7 6:27am 0 18 0.00 3 19 12:46pm ESE 29.96 75 20 83.3 92.7 1:23pm 75.3 6:46am 0 18 0.00 3 17 6:59pm ESE 30.00 75 21 82.0 91.9 2:27pm 71.9 11:03pm 0 16 0.80 2 17 10:50pm SW 30.05 74 22 80.0 88.9 3:07pm 72.3 12:00am 0 15 0.01 2 16 3:24pm SW 30.02 81 23 81.4 87.6 3:54pm 75.2 5:47am 0 16 0.00 3 17 3:05pm SSW 29.91 80 24 80.9 86.8 1:13pm 71.5 5:46pm 0 15 0.36 7 33 5:05pm SSW 29.79 82 25 79.0 84.3 3:36pm 74.6 11:52pm 0 14 0.17 5 23 9:05am SW 29.85 77 26 79.9 90.5 3:23pm 69.8 6:33am 0 15 0.00 2 11 7:43am W 30.01 72 27 80.6 90.0 12:46pm 70.1 6:36am 0 15 0.00 3 14 3:51pm NW 30.04 72 28 81.3 88.1 1:21pm 72.6 6:43am 0 16 0.00 3 17 4:20pm WNW 30.01 76 29 83.5 94.4 2:09pm 74.4 6:29am 0 19 0.00 2 15 6:10pm WNW 30.03 74 30 84.5 92.9 3:01pm 76.0 7:03am 0 19 0.00 2 15 1:09pm SW 30.06 72 31 83.8 92.4 4:52pm 75.9 6:59am 0 19 0.01 2 13 1:32pm SSW 30.05 74 --------------------------------------------------------------------------------------- TOT 79.7 97.8 5/16/17 59.3 5/7/17 1 453 3.52 3 33 5/24/17 WNW 29.96 74 HEAT BASE: 65.0 COOL BASE: 65.0
 
  
Hurricane Tracker

Hurricane Tracker
Hurricane Tracker
2017 Storm Tracker Forum


Atlantic Storms
No Storms


Sponsored Links

Recent Forum Posts

New Post
Fishing Report Feb 17 2018
Posted by
captruss on Feb 17, 2018 at 09:41:35 AM


New Post
Water Temperature is Everything
Posted by
captruss on Feb 09, 2018 at 06:39:09 AM


***FORUM RULES***

Member Login
Username

Password


Join For Free!!
Click here to Register!

Total Hits
We received
81461094
page views since June 2005

Sponsored Links

Social Networks

Southwest Florida Weather | Central Florida Weather | Florida Weather

Cape Coral | Fort Myers | Bonita Springs | Naples | Punta Gorda | Port Charlotte | Estero | Sanibel | Lehigh Acres | Captiva | Pine Island | Bokeelia | St. James City | Alva | Arcadia | Labelle | Clewiston | Venice

Lee County | Charlotte County | Collier County | Hendry County | Desoto County
Glades County | Monroe County | Sarasota County | Manatee County
Hillsborough County | Pinellas County | Pasco County

Recommend us




Copyright Capeweather.com 2005-2017

DO NOT make decisions that affect life or property based on this data!
PHP-Nuke Copyright © 2004 by Francisco Burzi. This is free software, and you may redistribute it under the GPL. PHP-Nuke comes with absolutely no warranty, for details, see the license.
Page Generation: 0.37 Seconds