Southwest Florida Weather History, Yearly, Monthly, Daily, Records
 Click here to register!Home | Advertise | Forum | Live Webcams | Contact Us | Tell a Friend | Your Account  

Lee County Forecast & Temp
Tonight

Tonight: Partly cloudy, with a low around 65. Light and variable wind becoming east 5 to 7 mph after midnight.
Partly Cloudy
Washington's
Birthday
Washington's Birthday: Mostly sunny, with a high near 84. East wind 8 to 13 mph.
Mostly Sunny
Lo 65 °FHi 84 °F
Extended Forecast
Florida Weather Forecast

Southwest Florida Webcams

Main Navigation
Weather
· Home
· Current Conditions
· Storm Warnings
· Station Graphs
· Storm Fronts
· Station History
· Drought Index
· Storm Reports
· Rainfall Estimates
· Fire Graphs

Doppler Radar
· Lee County
· Charlotte County
· Collier County
· Hendry County
· Desoto County
· Glades County
· Sarasota County
· Manatee County
· Hillsborough County
· Pinellas County
· Pasco County
· Southwest Florida
· Florida
· State Radars
· National

Satellite
· South Florida
· North Florida
· Regional
· National

Forecast
· Extended
· Marine
· Discussion
· Florida Forecast
· Hazardous Outlook
· Wave Heights
· Fire

Lightning
· Live
· Tracker
· Loop
· Network
· WASP
· WASP Loop

Tropical Weather
· Hurricane Tracker
· Tropical Satellite
· Sea Temperature
· Discussion
· Buoy Data
· Tracking Tools
· Monthly Summary

Moon and Tides
· Tides
· Moon Phase

Live Products

Fishing Reports

Local News

Other Info

  
 

Southwest Florida Monthly and Yearly Weather Reports

2018: Jan | Feb | Mar | Apr | May | Jun | Jul | Aug | Sep | Oct | Nov | Dec 
2017: Jan | Feb | Mar | Apr | May | Jun | Jul | Aug | Sep | Oct | Nov | Dec 
2016: Jan | Feb | Mar | Apr | May | Jun | Jul | Aug | Sep | Oct | Nov | Dec 
2015: Jan | Feb | Mar | Apr | May | Jun | Jul | Aug | Sep | Oct | Nov | Dec 
2014: Jan | Feb | Mar | Apr | May | Jun | Jul | Aug | Sep | Oct | Nov | Dec 
2013: Jan | Feb | Mar | Apr | May | Jun | Jul | Aug | Sep | Oct | Nov | Dec 
2012: Jan | Feb | Mar | Apr | May | Jun | Jul | Aug | Sep | Oct | Nov | Dec 
2011: Jan | Feb | Mar | Apr | May | Jun | Jul | Aug | Sep | Oct | Nov | Dec 
2010: Jan | Feb | Mar | Apr | May | Jun | Jul | Aug | Sep | Oct | Nov | Dec 
2009: Jan | Feb | Mar | Apr | May | Jun | Jul | Aug | Sep | Oct | Nov | Dec 
2008: Jan | Feb | Mar | Apr | May | Jun | Jul | Aug | Sep | Oct | Nov | Dec 
2007: Jan | Feb | Mar | Apr | May | Jun | Jul | Aug | Sep | Oct | Nov | Dec 
2006: Jan | Feb | Mar | Apr | May | Jun | Jul | Aug | Sep | Oct | Nov | Dec 
2005: Jan | Feb | Mar | Apr | May | Jun | Jul | Aug | Sep | Oct | Nov | Dec 

Report for 2017 08
MONTHLY CLIMATOLOGICAL SUMMARY FOR 8/2017 HEAT COOL MEAN DEG DEG WIND SPEED DOM MEAN MEAN DAY TEMP HIGH TIME LOW TIME DAYS DAYS RAIN AVG HI TIME DIR BAROM HUM --------------------------------------------------------------------------------------- 1 81.3 89.3 3:26pm 75.2 8:41pm 0 16 0.09 4 24 7:52pm SW 29.99 84 2 83.7 90.9 2:36pm 76.5 12:17am 0 19 0.00 1 13 3:33pm SSE 30.05 83 3 85.4 93.2 3:02pm 77.2 6:55am 0 20 0.00 2 13 3:28pm SW 30.09 80 4 86.4 94.6 12:42pm 77.8 7:07am 0 21 0.00 2 14 1:34pm SW 30.07 74 5 85.7 94.9 2:42pm 78.6 4:31am 0 21 0.00 2 17 6:00pm SSW 30.04 76 6 82.5 95.0 2:41pm 76.9 4:25pm 0 17 0.39 1 30 3:38pm ESE 30.03 82 7 84.4 95.5 4:00pm 78.2 12:00am 0 19 0.38 1 15 7:07pm ESE 30.00 81 8 85.1 94.2 3:35pm 77.6 5:14am 0 20 0.01 1 11 3:40pm SSW 29.98 79 9 86.7 98.0 3:31pm 78.0 7:28am 0 22 0.00 1 11 11:32pm ESE 30.01 73 10 84.3 92.4 1:46pm 76.9 9:28pm 0 19 0.17 2 15 7:40pm W 30.05 75 11 82.8 90.0 2:48pm 77.7 7:14am 0 18 0.03 2 12 1:43pm W 30.03 82 12 83.9 92.7 3:33pm 76.7 6:22am 0 19 0.00 1 15 4:24pm W 29.98 80 13 85.6 92.6 3:50pm 77.3 6:21am 0 20 0.00 2 13 5:30pm W 29.97 76 14 85.5 94.3 3:33pm 78.9 7:11am 0 20 0.01 1 22 10:32am SW 29.96 78 15 86.8 93.5 11:44am 79.6 6:15am 0 22 0.00 2 14 3:19pm W 29.98 75 16 84.4 95.2 10:26am 79.8 11:54pm 0 19 0.05 1 13 2:45pm ENE 30.04 80 17 83.1 94.5 3:12pm 76.9 10:05pm 0 18 0.51 1 19 5:50pm WSW 30.03 82 18 82.6 93.1 1:16pm 76.2 6:15am 0 18 0.00 2 16 5:53pm WNW 29.99 83 19 83.2 93.1 12:42pm 74.3 7:08am 0 18 0.04 2 17 7:17pm W 29.95 78 20 82.9 96.1 4:45pm 78.0 6:38am 0 18 0.27 1 22 4:59pm E 29.99 84 21 86.3 95.8 5:31pm 78.4 12:55am 0 21 0.01 2 16 5:35pm E 30.04 74 22 87.4 101.0 4:15pm 79.3 6:55am 0 22 0.09 3 22 7:55pm ENE 29.98 74 23 81.3 93.8 11:45am 76.7 7:55pm 0 16 0.39 1 23 3:02pm ENE 29.89 87 24 80.6 89.7 12:54pm 77.1 3:36am 0 16 1.03 1 16 1:13pm SSW 29.84 90 25 79.4 84.4 5:48pm 75.0 9:17am 0 14 3.07 5 26 10:55am SW 29.91 90 26 78.5 81.5 4:53pm 75.3 10:11am 0 14 4.61 4 24 12:32am SW 29.94 92 27 76.8 79.9 8:15pm 73.9 12:30pm 0 12 5.56 4 25 12:13pm SW 29.87 95 28 81.5 88.8 3:45pm 75.8 11:59pm 0 16 0.22 4 21 9:14pm SW 29.86 86 29 82.7 91.1 4:01pm 75.0 1:39am 0 18 0.01 1 12 4:12pm SW 29.93 85 30 84.1 92.5 11:30am 75.8 6:30am 0 19 0.00 2 15 3:47pm WNW 29.98 80 31 85.2 93.1 3:18pm 78.2 6:56am 0 19 0.00 1 12 2:11pm SW 29.99 80 --------------------------------------------------------------------------------------- TOT 83.5 101.0 8/22/17 73.9 8/27/17 0 566 16.94 2 30 8/6/17 SW 29.98 81 HEAT BASE: 65.0 COOL BASE: 65.0
 
  
Hurricane Tracker

Hurricane Tracker
Hurricane Tracker
2017 Storm Tracker Forum


Atlantic Storms
No Storms


Sponsored Links

Recent Forum Posts

New Post
Fishing Report Feb 17 2018
Posted by
captruss on Feb 17, 2018 at 09:41:35 AM


New Post
Water Temperature is Everything
Posted by
captruss on Feb 09, 2018 at 06:39:09 AM


***FORUM RULES***

Member Login
Username

Password


Join For Free!!
Click here to Register!

Total Hits
We received
81481748
page views since June 2005

Sponsored Links

Social Networks

Southwest Florida Weather | Central Florida Weather | Florida Weather

Cape Coral | Fort Myers | Bonita Springs | Naples | Punta Gorda | Port Charlotte | Estero | Sanibel | Lehigh Acres | Captiva | Pine Island | Bokeelia | St. James City | Alva | Arcadia | Labelle | Clewiston | Venice

Lee County | Charlotte County | Collier County | Hendry County | Desoto County
Glades County | Monroe County | Sarasota County | Manatee County
Hillsborough County | Pinellas County | Pasco County

Recommend us




Copyright Capeweather.com 2005-2017

DO NOT make decisions that affect life or property based on this data!
PHP-Nuke Copyright © 2004 by Francisco Burzi. This is free software, and you may redistribute it under the GPL. PHP-Nuke comes with absolutely no warranty, for details, see the license.
Page Generation: 0.25 Seconds