Southwest Florida Weather History, Yearly, Monthly, Daily, Records
 Click here to register!Home | Advertise | Forum | Live Webcams | Contact Us | Tell a Friend | Your Account  

Lee County Forecast
Today

Today: Sunny, with a high near 67. North wind around 9 mph.
Sunny

Tonight

Tonight: Clear, with a low around 48. North wind around 5 mph becoming calm  after midnight.
Clear

Hi 67 °FLo 48 °F
Extended Forecast
Florida Weather Forecast

Southwest Florida Webcams

Main Navigation
Weather
· Home
· Current Conditions
· Storm Warnings
· Station Graphs
· Storm Fronts
· Station History
· Drought Index
· Storm Reports
· Rainfall Estimates
· Fire Graphs

Doppler Radar
· Lee County
· Charlotte County
· Collier County
· Hendry County
· Desoto County
· Glades County
· Sarasota County
· Manatee County
· Hillsborough County
· Pinellas County
· Pasco County
· Southwest Florida
· Florida
· State Radars
· National

Satellite
· South Florida
· North Florida
· Regional
· National

Forecast
· Extended
· Marine
· Discussion
· Florida Forecast
· Hazardous Outlook
· Wave Heights
· Fire

Lightning
· Live
· Tracker
· Loop
· Network
· WASP
· WASP Loop

Tropical Weather
· Hurricane Tracker
· Tropical Satellite
· Sea Temperature
· Discussion
· Buoy Data
· Tracking Tools
· Monthly Summary

Moon and Tides
· Tides
· Moon Phase

Live Products

Fishing Reports

Local News

Other Info

Support Us

Support Capeweather.com
donations

If you find this website useful, consider making
a donation.

Click here to learn more


  
 

Southwest Florida Monthly and Yearly Weather Reports

2017: Jan | Feb | Mar | Apr | May | Jun | Jul | Aug | Sep | Oct | Nov | Dec 
2016: Jan | Feb | Mar | Apr | May | Jun | Jul | Aug | Sep | Oct | Nov | Dec 
2015: Jan | Feb | Mar | Apr | May | Jun | Jul | Aug | Sep | Oct | Nov | Dec 
2014: Jan | Feb | Mar | Apr | May | Jun | Jul | Aug | Sep | Oct | Nov | Dec 
2013: Jan | Feb | Mar | Apr | May | Jun | Jul | Aug | Sep | Oct | Nov | Dec 
2012: Jan | Feb | Mar | Apr | May | Jun | Jul | Aug | Sep | Oct | Nov | Dec 
2011: Jan | Feb | Mar | Apr | May | Jun | Jul | Aug | Sep | Oct | Nov | Dec 
2010: Jan | Feb | Mar | Apr | May | Jun | Jul | Aug | Sep | Oct | Nov | Dec 
2009: Jan | Feb | Mar | Apr | May | Jun | Jul | Aug | Sep | Oct | Nov | Dec 
2008: Jan | Feb | Mar | Apr | May | Jun | Jul | Aug | Sep | Oct | Nov | Dec 
2007: Jan | Feb | Mar | Apr | May | Jun | Jul | Aug | Sep | Oct | Nov | Dec 
2006: Jan | Feb | Mar | Apr | May | Jun | Jul | Aug | Sep | Oct | Nov | Dec 
2005: Jan | Feb | Mar | Apr | May | Jun | Jul | Aug | Sep | Oct | Nov | Dec 

Report for 2017 11
MONTHLY CLIMATOLOGICAL SUMMARY FOR 11/2017 HEAT COOL MEAN DEG DEG WIND SPEED DOM MEAN MEAN DAY TEMP HIGH TIME LOW TIME DAYS DAYS RAIN AVG HI TIME DIR BAROM HUM --------------------------------------------------------------------------------------- 1 69.9 83.5 2:17pm 58.9 7:18am 2 7 0.00 1 13 11:52am NE 30.08 74 2 73.2 86.8 3:17pm 60.6 7:40am 1 9 0.00 2 17 7:11pm ENE 30.09 75 3 73.5 83.7 12:32pm 64.9 7:20am 0 9 0.00 2 16 12:51pm NE 30.05 81 4 75.2 86.5 4:39pm 66.2 7:22am 0 10 0.00 2 14 12:59pm NE 30.00 78 5 74.4 85.5 12:20pm 65.7 6:48am 0 9 0.00 2 13 3:37pm NW 30.00 81 6 75.5 87.9 3:04pm 68.5 5:55am 0 11 0.00 1 12 11:34am NE 30.02 85 7 76.1 88.1 3:24pm 68.4 6:26am 0 11 0.00 1 13 11:17am NNW 30.01 81 8 75.8 87.5 2:09pm 67.6 5:56am 0 11 0.00 1 14 11:59am ENE 29.97 81 9 75.6 87.0 12:23pm 67.7 6:32am 0 11 0.00 2 12 2:32pm NW 29.96 84 10 75.5 86.4 2:20pm 67.3 11:59pm 0 11 0.00 4 21 8:04pm NE 30.00 81 11 74.4 85.2 2:26pm 65.0 5:39am 0 9 0.00 5 20 11:10am ENE 30.06 76 12 75.5 84.9 12:26pm 68.6 5:12am 0 10 0.00 5 21 11:40pm NE 30.06 85 13 75.5 84.3 1:01pm 69.7 5:43am 0 10 0.00 6 23 10:44am NE 30.03 82 14 74.2 84.6 2:49pm 66.2 11:57pm 0 9 0.00 7 25 8:30pm NE 29.96 79 15 71.6 83.7 12:59pm 61.5 5:59am 1 7 0.00 5 18 10:41am NE 29.93 75 16 68.6 79.4 12:43pm 63.5 11:57pm 0 4 0.00 4 16 1:46am NE 29.99 85 17 70.2 83.3 12:58pm 61.4 6:02am 1 6 0.00 3 15 8:09am NE 30.02 76 18 69.2 80.7 1:36pm 60.2 5:58am 1 5 0.00 1 9 9:12am SW 29.97 78 19 70.2 79.1 12:24pm 61.2 4:05am 1 6 0.00 3 15 1:02pm W 29.93 86 20 69.7 83.4 1:34pm 56.4 6:21am 1 6 0.00 5 23 2:23am ENE 30.02 72 21 71.5 80.7 12:00pm 64.9 5:28am 0 7 0.00 1 13 6:03am E 29.94 85 22 72.9 83.1 12:29pm 64.4 4:25am 0 8 0.00 1 9 1:00pm W 29.91 84 23 72.5 79.7 10:45am 69.7 5:41am 0 7 0.14 2 16 12:31pm SSE 29.83 90 24 69.4 76.7 1:54pm 62.6 11:43pm 0 5 0.01 3 16 12:57pm NW 29.88 86 25 68.0 80.7 2:05pm 61.5 3:23am 1 4 0.00 1 11 7:06am W 30.00 83 26 69.5 80.9 12:57pm 63.1 5:52am 0 5 0.01 1 11 11:28am NE 30.03 76 27 68.3 78.7 2:25pm 59.8 6:30am 1 5 0.00 2 15 9:10am ENE 30.04 81 28 73.5 87.2 1:14pm 63.8 4:23am 0 9 0.00 3 18 2:16pm ENE 30.08 79 29 75.0 87.2 1:29pm 67.1 5:59am 0 10 0.00 3 18 12:59pm NE 30.08 81 30 73.9 85.9 1:37pm 65.2 6:16am 0 9 0.00 2 19 10:42am ENE 30.05 78 --------------------------------------------------------------------------------------- TOT 72.6 88.1 11/7/17 56.4 11/20/17 10 236 0.16 3 25 11/14/17 NE 30.00 81 HEAT BASE: 65.0 COOL BASE: 65.0
 
  
Hurricane Tracker

Hurricane Tracker
Hurricane Tracker
2017 Storm Tracker Forum


Atlantic Storms
No Storms


Sponsored Links

Recent Forum Posts

New Post
SW FL-Bonita Beach: Sharks, Grouper, Snapper; Sheeps, Drum
Posted by
fishbuster on Nov 30, 2017 at 02:32:09 PM


New Post
SW FL-Bonita Beach:Nice trout Inshore;Keeper Mutton Offshore
Posted by
fishbuster on Nov 09, 2017 at 02:17:33 PM


New Post
Philippe- Final Advisory
Posted by
ccstorms on Oct 29, 2017 at 05:36:13 PM


New Post
Invest 92L- Deactivated
Posted by
ccstorms on Oct 17, 2017 at 06:12:31 AM


New Post
Ophelia- Final Advisory
Posted by
ccstorms on Oct 16, 2017 at 06:32:58 AM


New Post
Nate- Final Advisory
Posted by
ccstorms on Oct 08, 2017 at 02:04:43 PM


***FORUM RULES***

Member Login
Username

Password


Join For Free!!
Click here to Register!

Total Hits
We received
79745203
page views since June 2005

Sponsored Links

Social Networks

Southwest Florida Weather | Central Florida Weather | Florida Weather

Cape Coral | Fort Myers | Bonita Springs | Naples | Punta Gorda | Port Charlotte | Estero | Sanibel | Lehigh Acres | Captiva | Pine Island | Bokeelia | St. James City | Alva | Arcadia | Labelle | Clewiston | Venice

Lee County | Charlotte County | Collier County | Hendry County | Desoto County
Glades County | Monroe County | Sarasota County | Manatee County
Hillsborough County | Pinellas County | Pasco County

Recommend us




Copyright Capeweather.com 2005-2017

DO NOT make decisions that affect life or property based on this data!
PHP-Nuke Copyright © 2004 by Francisco Burzi. This is free software, and you may redistribute it under the GPL. PHP-Nuke comes with absolutely no warranty, for details, see the license.
Page Generation: 0.25 Seconds